{"id":10290,"date":"2023-12-04T07:52:00","date_gmt":"2023-12-04T06:52:00","guid":{"rendered":"https:\/\/feuerwehr-kufstein.at\/?post_type=einsatz&#038;p=10290"},"modified":"2023-12-04T12:50:58","modified_gmt":"2023-12-04T11:50:58","slug":"verkehrsunfall-a12-inntalautobahn","status":"publish","type":"einsatz","link":"https:\/\/feuerwehr-kufstein.at\/?einsatz=verkehrsunfall-a12-inntalautobahn","title":{"rendered":"VERKEHRSUNFALL &#8211; A12 INNTALAUTOBAHN"},"content":{"rendered":"<div class=\"x11i5rnm xat24cr x1mh8g0r x1vvkbs xtlvy1s x126k92a\">\n<div dir=\"auto\">\n<p>Am Montagmorgen, den 04.12.2023 wurde die STADTFEUERWEHR Kufstein zu einem Verkehrsunfall auf der A12 Inntalautobahn gerufen.<\/p>\n<\/div>\n<\/div>\n<div class=\"x11i5rnm xat24cr x1mh8g0r x1vvkbs xtlvy1s x126k92a\">\n<div dir=\"auto\">\n<p>Ein Auffahrunfall zwischen mehreren Lastkraftwagen ereignete sich vor der Grenze. Zum Gl\u00fcck gab es keine schwer verletzten Personen.<\/p>\n<\/div>\n<\/div>\n<div class=\"x11i5rnm xat24cr x1mh8g0r x1vvkbs xtlvy1s x126k92a\">\n<div dir=\"auto\">Die Feuerwehr r\u00fcckte aus, um ausgelaufenes \u00d6l und Treibstoff zu binden und umzupumpen.<\/div>\n<\/div>\n<div dir=\"auto\"><\/div>\n<div dir=\"auto\">\n<div id='gallery-1' class='czr-gallery row flex-row czr-gallery-style gallery galleryid-10290 gallery-columns-3 gallery-size-medium'><figure class='gallery-item col col-auto'>\r\n                        <div class='gallery-icon landscape czr-gallery-icon'>\r\n                              <a data-lb-type=\"grouped-gallery\" href=https:\/\/feuerwehr-kufstein.at\/wp-content\/uploads\/2023\/12\/IMG-20231204-WA0022.jpg class=\"bg-link\"><\/a><img decoding=\"async\" width=\"300\" height=\"169\" data-src=\"https:\/\/feuerwehr-kufstein.at\/wp-content\/uploads\/2023\/12\/IMG-20231204-WA0022-300x169.jpg\" class=\"attachment-medium size-medium no-lazy lazyload\" alt=\"\" data-sizes=\"(min-width: 1200px) 350px, (min-width: 992px) 290px, (min-width: 768px) 210px, (min-width: 576px) 150px, calc( 50vw - 30px )\" data-srcset=\"https:\/\/feuerwehr-kufstein.at\/wp-content\/uploads\/2023\/12\/IMG-20231204-WA0022-300x169.jpg 300w, https:\/\/feuerwehr-kufstein.at\/wp-content\/uploads\/2023\/12\/IMG-20231204-WA0022-1024x576.jpg 1024w, https:\/\/feuerwehr-kufstein.at\/wp-content\/uploads\/2023\/12\/IMG-20231204-WA0022-768x432.jpg 768w, https:\/\/feuerwehr-kufstein.at\/wp-content\/uploads\/2023\/12\/IMG-20231204-WA0022-1536x864.jpg 1536w, https:\/\/feuerwehr-kufstein.at\/wp-content\/uploads\/2023\/12\/IMG-20231204-WA0022-1110x624.jpg 1110w, https:\/\/feuerwehr-kufstein.at\/wp-content\/uploads\/2023\/12\/IMG-20231204-WA0022-528x297.jpg 528w, https:\/\/feuerwehr-kufstein.at\/wp-content\/uploads\/2023\/12\/IMG-20231204-WA0022.jpg 2048w\" src=\"data:image\/svg+xml;base64,PHN2ZyB3aWR0aD0iMSIgaGVpZ2h0PSIxIiB4bWxucz0iaHR0cDovL3d3dy53My5vcmcvMjAwMC9zdmciPjwvc3ZnPg==\" style=\"--smush-placeholder-width: 300px; --smush-placeholder-aspect-ratio: 300\/169;\" \/>\r\n                        <\/div><\/figure><figure class='gallery-item col col-auto'>\r\n                        <div class='gallery-icon portrait czr-gallery-icon'>\r\n                              <a data-lb-type=\"grouped-gallery\" href=https:\/\/feuerwehr-kufstein.at\/wp-content\/uploads\/2023\/12\/IMG-20231204-WA0008.jpg class=\"bg-link\"><\/a><img decoding=\"async\" width=\"225\" height=\"300\" data-src=\"https:\/\/feuerwehr-kufstein.at\/wp-content\/uploads\/2023\/12\/IMG-20231204-WA0008-225x300.jpg\" class=\"attachment-medium size-medium no-lazy lazyload\" alt=\"\" data-sizes=\"(min-width: 1200px) 350px, (min-width: 992px) 290px, (min-width: 768px) 210px, (min-width: 576px) 150px, calc( 50vw - 30px )\" data-srcset=\"https:\/\/feuerwehr-kufstein.at\/wp-content\/uploads\/2023\/12\/IMG-20231204-WA0008-225x300.jpg 225w, https:\/\/feuerwehr-kufstein.at\/wp-content\/uploads\/2023\/12\/IMG-20231204-WA0008-768x1024.jpg 768w, https:\/\/feuerwehr-kufstein.at\/wp-content\/uploads\/2023\/12\/IMG-20231204-WA0008-1152x1536.jpg 1152w, https:\/\/feuerwehr-kufstein.at\/wp-content\/uploads\/2023\/12\/IMG-20231204-WA0008.jpg 1536w\" src=\"data:image\/svg+xml;base64,PHN2ZyB3aWR0aD0iMSIgaGVpZ2h0PSIxIiB4bWxucz0iaHR0cDovL3d3dy53My5vcmcvMjAwMC9zdmciPjwvc3ZnPg==\" style=\"--smush-placeholder-width: 225px; --smush-placeholder-aspect-ratio: 225\/300;\" \/>\r\n                        <\/div><\/figure><figure class='gallery-item col col-auto'>\r\n                        <div class='gallery-icon portrait czr-gallery-icon'>\r\n                              <a data-lb-type=\"grouped-gallery\" href=https:\/\/feuerwehr-kufstein.at\/wp-content\/uploads\/2023\/12\/IMG-20231204-WA0005.jpg class=\"bg-link\"><\/a><img decoding=\"async\" width=\"225\" height=\"300\" data-src=\"https:\/\/feuerwehr-kufstein.at\/wp-content\/uploads\/2023\/12\/IMG-20231204-WA0005-225x300.jpg\" class=\"attachment-medium size-medium no-lazy lazyload\" alt=\"\" data-sizes=\"(min-width: 1200px) 350px, (min-width: 992px) 290px, (min-width: 768px) 210px, (min-width: 576px) 150px, calc( 50vw - 30px )\" data-srcset=\"https:\/\/feuerwehr-kufstein.at\/wp-content\/uploads\/2023\/12\/IMG-20231204-WA0005-225x300.jpg 225w, https:\/\/feuerwehr-kufstein.at\/wp-content\/uploads\/2023\/12\/IMG-20231204-WA0005-768x1024.jpg 768w, https:\/\/feuerwehr-kufstein.at\/wp-content\/uploads\/2023\/12\/IMG-20231204-WA0005-1152x1536.jpg 1152w, https:\/\/feuerwehr-kufstein.at\/wp-content\/uploads\/2023\/12\/IMG-20231204-WA0005.jpg 1536w\" src=\"data:image\/svg+xml;base64,PHN2ZyB3aWR0aD0iMSIgaGVpZ2h0PSIxIiB4bWxucz0iaHR0cDovL3d3dy53My5vcmcvMjAwMC9zdmciPjwvc3ZnPg==\" style=\"--smush-placeholder-width: 225px; --smush-placeholder-aspect-ratio: 225\/300;\" \/>\r\n                        <\/div><\/figure><figure class='gallery-item col col-auto'>\r\n                        <div class='gallery-icon portrait czr-gallery-icon'>\r\n                              <a data-lb-type=\"grouped-gallery\" href=https:\/\/feuerwehr-kufstein.at\/wp-content\/uploads\/2023\/12\/IMG-20231204-WA0017.jpg class=\"bg-link\"><\/a><img decoding=\"async\" width=\"225\" height=\"300\" data-src=\"https:\/\/feuerwehr-kufstein.at\/wp-content\/uploads\/2023\/12\/IMG-20231204-WA0017-225x300.jpg\" class=\"attachment-medium size-medium no-lazy lazyload\" alt=\"\" data-sizes=\"(min-width: 1200px) 350px, (min-width: 992px) 290px, (min-width: 768px) 210px, (min-width: 576px) 150px, calc( 50vw - 30px )\" data-srcset=\"https:\/\/feuerwehr-kufstein.at\/wp-content\/uploads\/2023\/12\/IMG-20231204-WA0017-225x300.jpg 225w, https:\/\/feuerwehr-kufstein.at\/wp-content\/uploads\/2023\/12\/IMG-20231204-WA0017-768x1024.jpg 768w, https:\/\/feuerwehr-kufstein.at\/wp-content\/uploads\/2023\/12\/IMG-20231204-WA0017-1152x1536.jpg 1152w, https:\/\/feuerwehr-kufstein.at\/wp-content\/uploads\/2023\/12\/IMG-20231204-WA0017.jpg 1536w\" src=\"data:image\/svg+xml;base64,PHN2ZyB3aWR0aD0iMSIgaGVpZ2h0PSIxIiB4bWxucz0iaHR0cDovL3d3dy53My5vcmcvMjAwMC9zdmciPjwvc3ZnPg==\" style=\"--smush-placeholder-width: 225px; --smush-placeholder-aspect-ratio: 225\/300;\" \/>\r\n                        <\/div><\/figure><figure class='gallery-item col col-auto'>\r\n                        <div class='gallery-icon portrait czr-gallery-icon'>\r\n                              <a data-lb-type=\"grouped-gallery\" href=https:\/\/feuerwehr-kufstein.at\/wp-content\/uploads\/2023\/12\/IMG-20231204-WA0020.jpg class=\"bg-link\"><\/a><img decoding=\"async\" width=\"225\" height=\"300\" data-src=\"https:\/\/feuerwehr-kufstein.at\/wp-content\/uploads\/2023\/12\/IMG-20231204-WA0020-225x300.jpg\" class=\"attachment-medium size-medium no-lazy lazyload\" alt=\"\" data-sizes=\"(min-width: 1200px) 350px, (min-width: 992px) 290px, (min-width: 768px) 210px, (min-width: 576px) 150px, calc( 50vw - 30px )\" data-srcset=\"https:\/\/feuerwehr-kufstein.at\/wp-content\/uploads\/2023\/12\/IMG-20231204-WA0020-225x300.jpg 225w, https:\/\/feuerwehr-kufstein.at\/wp-content\/uploads\/2023\/12\/IMG-20231204-WA0020-768x1024.jpg 768w, https:\/\/feuerwehr-kufstein.at\/wp-content\/uploads\/2023\/12\/IMG-20231204-WA0020-1152x1536.jpg 1152w, https:\/\/feuerwehr-kufstein.at\/wp-content\/uploads\/2023\/12\/IMG-20231204-WA0020.jpg 1536w\" src=\"data:image\/svg+xml;base64,PHN2ZyB3aWR0aD0iMSIgaGVpZ2h0PSIxIiB4bWxucz0iaHR0cDovL3d3dy53My5vcmcvMjAwMC9zdmciPjwvc3ZnPg==\" style=\"--smush-placeholder-width: 225px; --smush-placeholder-aspect-ratio: 225\/300;\" \/>\r\n                        <\/div><\/figure><figure class='gallery-item col col-auto'>\r\n                        <div class='gallery-icon landscape czr-gallery-icon'>\r\n                              <a data-lb-type=\"grouped-gallery\" href=https:\/\/feuerwehr-kufstein.at\/wp-content\/uploads\/2023\/12\/IMG-20231204-WA0011.jpg class=\"bg-link\"><\/a><img decoding=\"async\" width=\"300\" height=\"169\" data-src=\"https:\/\/feuerwehr-kufstein.at\/wp-content\/uploads\/2023\/12\/IMG-20231204-WA0011-300x169.jpg\" class=\"attachment-medium size-medium no-lazy lazyload\" alt=\"\" data-sizes=\"(min-width: 1200px) 350px, (min-width: 992px) 290px, (min-width: 768px) 210px, (min-width: 576px) 150px, calc( 50vw - 30px )\" data-srcset=\"https:\/\/feuerwehr-kufstein.at\/wp-content\/uploads\/2023\/12\/IMG-20231204-WA0011-300x169.jpg 300w, https:\/\/feuerwehr-kufstein.at\/wp-content\/uploads\/2023\/12\/IMG-20231204-WA0011-1024x576.jpg 1024w, https:\/\/feuerwehr-kufstein.at\/wp-content\/uploads\/2023\/12\/IMG-20231204-WA0011-768x432.jpg 768w, https:\/\/feuerwehr-kufstein.at\/wp-content\/uploads\/2023\/12\/IMG-20231204-WA0011-1536x864.jpg 1536w, https:\/\/feuerwehr-kufstein.at\/wp-content\/uploads\/2023\/12\/IMG-20231204-WA0011-1110x624.jpg 1110w, https:\/\/feuerwehr-kufstein.at\/wp-content\/uploads\/2023\/12\/IMG-20231204-WA0011-528x297.jpg 528w, https:\/\/feuerwehr-kufstein.at\/wp-content\/uploads\/2023\/12\/IMG-20231204-WA0011.jpg 2048w\" src=\"data:image\/svg+xml;base64,PHN2ZyB3aWR0aD0iMSIgaGVpZ2h0PSIxIiB4bWxucz0iaHR0cDovL3d3dy53My5vcmcvMjAwMC9zdmciPjwvc3ZnPg==\" style=\"--smush-placeholder-width: 300px; --smush-placeholder-aspect-ratio: 300\/169;\" \/>\r\n                        <\/div><\/figure>\r\n                  <\/div>\n\n<\/div>\n","protected":false},"excerpt":{"rendered":"<p>Am Montagmorgen, den 04.12.2023 wurde die STADTFEUERWEHR Kufstein zu einem Verkehrsunfall auf der A12 Inntalautobahn gerufen. Ein Auffahrunfall zwischen mehreren Lastkraftwagen ereignete sich vor der Grenze. Zum Gl\u00fcck gab es keine schwer verletzten Personen. Die Feuerwehr r\u00fcckte aus, um ausgelaufenes \u00d6l und Treibstoff zu binden und umzupumpen.<\/p>\n","protected":false},"author":2,"featured_media":10288,"template":"","meta":{"einsatz_weight":1,"footnotes":""},"categories":[1],"tags":[],"einsatzart":[27],"fahrzeug":[59,47,44],"exteinsatzmittel":[],"alarmierungsart":[25],"evw_unit":[],"class_list":{"0":"post-10290","1":"einsatz","2":"type-einsatz","3":"status-publish","4":"has-post-thumbnail","6":"category-einsaetze","7":"einsatzart-technischer-einsatz","8":"fahrzeug-last-1","9":"fahrzeug-last-3-viercraft","10":"fahrzeug-schweres-ruestfahrzeug","11":"alarmierungsart-kleineinsatz","12":"czr-hentry"},"_links":{"self":[{"href":"https:\/\/feuerwehr-kufstein.at\/index.php?rest_route=\/wp\/v2\/einsatz\/10290","targetHints":{"allow":["GET"]}}],"collection":[{"href":"https:\/\/feuerwehr-kufstein.at\/index.php?rest_route=\/wp\/v2\/einsatz"}],"about":[{"href":"https:\/\/feuerwehr-kufstein.at\/index.php?rest_route=\/wp\/v2\/types\/einsatz"}],"author":[{"embeddable":true,"href":"https:\/\/feuerwehr-kufstein.at\/index.php?rest_route=\/wp\/v2\/users\/2"}],"version-history":[{"count":0,"href":"https:\/\/feuerwehr-kufstein.at\/index.php?rest_route=\/wp\/v2\/einsatz\/10290\/revisions"}],"wp:featuredmedia":[{"embeddable":true,"href":"https:\/\/feuerwehr-kufstein.at\/index.php?rest_route=\/wp\/v2\/media\/10288"}],"wp:attachment":[{"href":"https:\/\/feuerwehr-kufstein.at\/index.php?rest_route=%2Fwp%2Fv2%2Fmedia&parent=10290"}],"wp:term":[{"taxonomy":"category","embeddable":true,"href":"https:\/\/feuerwehr-kufstein.at\/index.php?rest_route=%2Fwp%2Fv2%2Fcategories&post=10290"},{"taxonomy":"post_tag","embeddable":true,"href":"https:\/\/feuerwehr-kufstein.at\/index.php?rest_route=%2Fwp%2Fv2%2Ftags&post=10290"},{"taxonomy":"einsatzart","embeddable":true,"href":"https:\/\/feuerwehr-kufstein.at\/index.php?rest_route=%2Fwp%2Fv2%2Feinsatzart&post=10290"},{"taxonomy":"fahrzeug","embeddable":true,"href":"https:\/\/feuerwehr-kufstein.at\/index.php?rest_route=%2Fwp%2Fv2%2Ffahrzeug&post=10290"},{"taxonomy":"exteinsatzmittel","embeddable":true,"href":"https:\/\/feuerwehr-kufstein.at\/index.php?rest_route=%2Fwp%2Fv2%2Fexteinsatzmittel&post=10290"},{"taxonomy":"alarmierungsart","embeddable":true,"href":"https:\/\/feuerwehr-kufstein.at\/index.php?rest_route=%2Fwp%2Fv2%2Falarmierungsart&post=10290"},{"taxonomy":"evw_unit","embeddable":true,"href":"https:\/\/feuerwehr-kufstein.at\/index.php?rest_route=%2Fwp%2Fv2%2Fevw_unit&post=10290"}],"curies":[{"name":"wp","href":"https:\/\/api.w.org\/{rel}","templated":true}]}}

<div class="x11i5rnm xat24cr x1mh8g0r x1vvkbs xtlvy1s x126k92a">
<div dir="auto">
<p>Am Montagmorgen, den 04.12.2023 wurde die STADTFEUERWEHR Kufstein zu einem Verkehrsunfall auf der A12 Inntalautobahn gerufen.</p>
</div>
</div>
<div class="x11i5rnm xat24cr x1mh8g0r x1vvkbs xtlvy1s x126k92a">
<div dir="auto">
<p>Ein Auffahrunfall zwischen mehreren Lastkraftwagen ereignete sich vor der Grenze. Zum Glück gab es keine schwer verletzten Personen.</p>
</div>
</div>
<div class="x11i5rnm xat24cr x1mh8g0r x1vvkbs xtlvy1s x126k92a">
<div dir="auto">Die Feuerwehr rückte aus, um ausgelaufenes Öl und Treibstoff zu binden und umzupumpen.</div>
</div>
<div dir="auto"></div>
<div dir="auto">
<div id='gallery-1' class='czr-gallery row flex-row czr-gallery-style gallery galleryid-10290 gallery-columns-3 gallery-size-medium'><figure class='gallery-item col col-auto'>
                        <div class='gallery-icon landscape czr-gallery-icon'>
                              <a data-lb-type="grouped-gallery" href=https://feuerwehr-kufstein.at/wp-content/uploads/2023/12/IMG-20231204-WA0022.jpg class="bg-link"></a><img decoding="async" width="300" height="169" data-src="https://feuerwehr-kufstein.at/wp-content/uploads/2023/12/IMG-20231204-WA0022-300x169.jpg" class="attachment-medium size-medium no-lazy lazyload" alt="" data-sizes="(min-width: 1200px) 350px, (min-width: 992px) 290px, (min-width: 768px) 210px, (min-width: 576px) 150px, calc( 50vw - 30px )" data-srcset="https://feuerwehr-kufstein.at/wp-content/uploads/2023/12/IMG-20231204-WA0022-300x169.jpg 300w, https://feuerwehr-kufstein.at/wp-content/uploads/2023/12/IMG-20231204-WA0022-1024x576.jpg 1024w, https://feuerwehr-kufstein.at/wp-content/uploads/2023/12/IMG-20231204-WA0022-768x432.jpg 768w, https://feuerwehr-kufstein.at/wp-content/uploads/2023/12/IMG-20231204-WA0022-1536x864.jpg 1536w, https://feuerwehr-kufstein.at/wp-content/uploads/2023/12/IMG-20231204-WA0022-1110x624.jpg 1110w, https://feuerwehr-kufstein.at/wp-content/uploads/2023/12/IMG-20231204-WA0022-528x297.jpg 528w, https://feuerwehr-kufstein.at/wp-content/uploads/2023/12/IMG-20231204-WA0022.jpg 2048w" src="data:image/svg+xml;base64,PHN2ZyB3aWR0aD0iMSIgaGVpZ2h0PSIxIiB4bWxucz0iaHR0cDovL3d3dy53My5vcmcvMjAwMC9zdmciPjwvc3ZnPg==" style="--smush-placeholder-width: 300px; --smush-placeholder-aspect-ratio: 300/169;" />
                        </div></figure><figure class='gallery-item col col-auto'>
                        <div class='gallery-icon portrait czr-gallery-icon'>
                              <a data-lb-type="grouped-gallery" href=https://feuerwehr-kufstein.at/wp-content/uploads/2023/12/IMG-20231204-WA0008.jpg class="bg-link"></a><img decoding="async" width="225" height="300" data-src="https://feuerwehr-kufstein.at/wp-content/uploads/2023/12/IMG-20231204-WA0008-225x300.jpg" class="attachment-medium size-medium no-lazy lazyload" alt="" data-sizes="(min-width: 1200px) 350px, (min-width: 992px) 290px, (min-width: 768px) 210px, (min-width: 576px) 150px, calc( 50vw - 30px )" data-srcset="https://feuerwehr-kufstein.at/wp-content/uploads/2023/12/IMG-20231204-WA0008-225x300.jpg 225w, https://feuerwehr-kufstein.at/wp-content/uploads/2023/12/IMG-20231204-WA0008-768x1024.jpg 768w, https://feuerwehr-kufstein.at/wp-content/uploads/2023/12/IMG-20231204-WA0008-1152x1536.jpg 1152w, https://feuerwehr-kufstein.at/wp-content/uploads/2023/12/IMG-20231204-WA0008.jpg 1536w" src="data:image/svg+xml;base64,PHN2ZyB3aWR0aD0iMSIgaGVpZ2h0PSIxIiB4bWxucz0iaHR0cDovL3d3dy53My5vcmcvMjAwMC9zdmciPjwvc3ZnPg==" style="--smush-placeholder-width: 225px; --smush-placeholder-aspect-ratio: 225/300;" />
                        </div></figure><figure class='gallery-item col col-auto'>
                        <div class='gallery-icon portrait czr-gallery-icon'>
                              <a data-lb-type="grouped-gallery" href=https://feuerwehr-kufstein.at/wp-content/uploads/2023/12/IMG-20231204-WA0005.jpg class="bg-link"></a><img decoding="async" width="225" height="300" data-src="https://feuerwehr-kufstein.at/wp-content/uploads/2023/12/IMG-20231204-WA0005-225x300.jpg" class="attachment-medium size-medium no-lazy lazyload" alt="" data-sizes="(min-width: 1200px) 350px, (min-width: 992px) 290px, (min-width: 768px) 210px, (min-width: 576px) 150px, calc( 50vw - 30px )" data-srcset="https://feuerwehr-kufstein.at/wp-content/uploads/2023/12/IMG-20231204-WA0005-225x300.jpg 225w, https://feuerwehr-kufstein.at/wp-content/uploads/2023/12/IMG-20231204-WA0005-768x1024.jpg 768w, https://feuerwehr-kufstein.at/wp-content/uploads/2023/12/IMG-20231204-WA0005-1152x1536.jpg 1152w, https://feuerwehr-kufstein.at/wp-content/uploads/2023/12/IMG-20231204-WA0005.jpg 1536w" src="data:image/svg+xml;base64,PHN2ZyB3aWR0aD0iMSIgaGVpZ2h0PSIxIiB4bWxucz0iaHR0cDovL3d3dy53My5vcmcvMjAwMC9zdmciPjwvc3ZnPg==" style="--smush-placeholder-width: 225px; --smush-placeholder-aspect-ratio: 225/300;" />
                        </div></figure><figure class='gallery-item col col-auto'>
                        <div class='gallery-icon portrait czr-gallery-icon'>
                              <a data-lb-type="grouped-gallery" href=https://feuerwehr-kufstein.at/wp-content/uploads/2023/12/IMG-20231204-WA0017.jpg class="bg-link"></a><img decoding="async" width="225" height="300" data-src="https://feuerwehr-kufstein.at/wp-content/uploads/2023/12/IMG-20231204-WA0017-225x300.jpg" class="attachment-medium size-medium no-lazy lazyload" alt="" data-sizes="(min-width: 1200px) 350px, (min-width: 992px) 290px, (min-width: 768px) 210px, (min-width: 576px) 150px, calc( 50vw - 30px )" data-srcset="https://feuerwehr-kufstein.at/wp-content/uploads/2023/12/IMG-20231204-WA0017-225x300.jpg 225w, https://feuerwehr-kufstein.at/wp-content/uploads/2023/12/IMG-20231204-WA0017-768x1024.jpg 768w, https://feuerwehr-kufstein.at/wp-content/uploads/2023/12/IMG-20231204-WA0017-1152x1536.jpg 1152w, https://feuerwehr-kufstein.at/wp-content/uploads/2023/12/IMG-20231204-WA0017.jpg 1536w" src="data:image/svg+xml;base64,PHN2ZyB3aWR0aD0iMSIgaGVpZ2h0PSIxIiB4bWxucz0iaHR0cDovL3d3dy53My5vcmcvMjAwMC9zdmciPjwvc3ZnPg==" style="--smush-placeholder-width: 225px; --smush-placeholder-aspect-ratio: 225/300;" />
                        </div></figure><figure class='gallery-item col col-auto'>
                        <div class='gallery-icon portrait czr-gallery-icon'>
                              <a data-lb-type="grouped-gallery" href=https://feuerwehr-kufstein.at/wp-content/uploads/2023/12/IMG-20231204-WA0020.jpg class="bg-link"></a><img decoding="async" width="225" height="300" data-src="https://feuerwehr-kufstein.at/wp-content/uploads/2023/12/IMG-20231204-WA0020-225x300.jpg" class="attachment-medium size-medium no-lazy lazyload" alt="" data-sizes="(min-width: 1200px) 350px, (min-width: 992px) 290px, (min-width: 768px) 210px, (min-width: 576px) 150px, calc( 50vw - 30px )" data-srcset="https://feuerwehr-kufstein.at/wp-content/uploads/2023/12/IMG-20231204-WA0020-225x300.jpg 225w, https://feuerwehr-kufstein.at/wp-content/uploads/2023/12/IMG-20231204-WA0020-768x1024.jpg 768w, https://feuerwehr-kufstein.at/wp-content/uploads/2023/12/IMG-20231204-WA0020-1152x1536.jpg 1152w, https://feuerwehr-kufstein.at/wp-content/uploads/2023/12/IMG-20231204-WA0020.jpg 1536w" src="data:image/svg+xml;base64,PHN2ZyB3aWR0aD0iMSIgaGVpZ2h0PSIxIiB4bWxucz0iaHR0cDovL3d3dy53My5vcmcvMjAwMC9zdmciPjwvc3ZnPg==" style="--smush-placeholder-width: 225px; --smush-placeholder-aspect-ratio: 225/300;" />
                        </div></figure><figure class='gallery-item col col-auto'>
                        <div class='gallery-icon landscape czr-gallery-icon'>
                              <a data-lb-type="grouped-gallery" href=https://feuerwehr-kufstein.at/wp-content/uploads/2023/12/IMG-20231204-WA0011.jpg class="bg-link"></a><img decoding="async" width="300" height="169" data-src="https://feuerwehr-kufstein.at/wp-content/uploads/2023/12/IMG-20231204-WA0011-300x169.jpg" class="attachment-medium size-medium no-lazy lazyload" alt="" data-sizes="(min-width: 1200px) 350px, (min-width: 992px) 290px, (min-width: 768px) 210px, (min-width: 576px) 150px, calc( 50vw - 30px )" data-srcset="https://feuerwehr-kufstein.at/wp-content/uploads/2023/12/IMG-20231204-WA0011-300x169.jpg 300w, https://feuerwehr-kufstein.at/wp-content/uploads/2023/12/IMG-20231204-WA0011-1024x576.jpg 1024w, https://feuerwehr-kufstein.at/wp-content/uploads/2023/12/IMG-20231204-WA0011-768x432.jpg 768w, https://feuerwehr-kufstein.at/wp-content/uploads/2023/12/IMG-20231204-WA0011-1536x864.jpg 1536w, https://feuerwehr-kufstein.at/wp-content/uploads/2023/12/IMG-20231204-WA0011-1110x624.jpg 1110w, https://feuerwehr-kufstein.at/wp-content/uploads/2023/12/IMG-20231204-WA0011-528x297.jpg 528w, https://feuerwehr-kufstein.at/wp-content/uploads/2023/12/IMG-20231204-WA0011.jpg 2048w" src="data:image/svg+xml;base64,PHN2ZyB3aWR0aD0iMSIgaGVpZ2h0PSIxIiB4bWxucz0iaHR0cDovL3d3dy53My5vcmcvMjAwMC9zdmciPjwvc3ZnPg==" style="--smush-placeholder-width: 300px; --smush-placeholder-aspect-ratio: 300/169;" />
                        </div></figure>
                  </div>

</div>

<p>Am Montagmorgen, den 04.12.2023 wurde die STADTFEUERWEHR Kufstein zu einem Verkehrsunfall auf der A12 Inntalautobahn gerufen. Ein Auffahrunfall zwischen mehreren Lastkraftwagen ereignete sich vor der Grenze. Zum Glück gab es keine schwer verletzten Personen. Die Feuerwehr rückte aus, um ausgelaufenes Öl und Treibstoff zu binden und umzupumpen.</p>
