{"id":11402,"date":"2025-04-09T22:45:00","date_gmt":"2025-04-09T21:45:00","guid":{"rendered":"https:\/\/feuerwehr-kufstein.at\/?post_type=einsatz&#038;p=11402"},"modified":"2025-04-10T06:38:19","modified_gmt":"2025-04-10T05:38:19","slug":"%f0%9f%9a%a8%f0%9f%94%a5-klemmdose-faengt-feuer-rasches-handeln-verhindert-schlimmeres-%f0%9f%94%a5%f0%9f%9a%a8","status":"publish","type":"einsatz","link":"https:\/\/feuerwehr-kufstein.at\/?einsatz=%f0%9f%9a%a8%f0%9f%94%a5-klemmdose-faengt-feuer-rasches-handeln-verhindert-schlimmeres-%f0%9f%94%a5%f0%9f%9a%a8","title":{"rendered":"\ud83d\udea8\ud83d\udd25 Klemmdose f\u00e4ngt Feuer \u2013 rasches Handeln verhindert Schlimmeres \ud83d\udd25\ud83d\udea8"},"content":{"rendered":"<div class=\"xdj266r x11i5rnm xat24cr x1mh8g0r x1vvkbs x126k92a\">\n<div dir=\"auto\">\n<p>Am Mittwoch, den 09. April 2025 um 22:45 Uhr wurde die STADTFEUERWEHR Kufstein mit dem Einsatzstichwort &#8222;Brand MFH \u2013 Zimmer&#8220; alarmiert.<\/p>\n<\/div>\n<\/div>\n<div class=\"x11i5rnm xat24cr x1mh8g0r x1vvkbs xtlvy1s x126k92a\">\n<div dir=\"auto\">\n<p>Zur sp\u00e4teren Abendstunde kam es in einer Wohnung eines Mehrfamilienhauses zu einem Brand, ausgel\u00f6st durch eine defekte Klemmdose. Die Bewohner reagierten rasch und konnten das Feuer noch vor dem Eintreffen der Feuerwehr mittels Feuerl\u00f6scher eind\u00e4mmen bzw. l\u00f6schen.<\/p>\n<\/div>\n<\/div>\n<div class=\"x11i5rnm xat24cr x1mh8g0r x1vvkbs xtlvy1s x126k92a\">\n<div dir=\"auto\">\n<p>Unsere Feuerwehr \u00fcbernahm die Nachkontrolle mit der W\u00e4rmebildkamera, kontrollierte den betroffenen Bereich, f\u00fchrte eine Bel\u00fcftung der betroffenen R\u00e4umlichkeiten durch und stellte sicher, dass keine versteckten Glutnester oder weitere Gefahr mehr bestand.<\/p>\n<\/div>\n<\/div>\n<div class=\"x11i5rnm xat24cr x1mh8g0r x1vvkbs xtlvy1s x126k92a\">\n<div dir=\"auto\">\n<p>Dank des schnellen und richtigen Handelns der Bewohner blieb der Schaden gering \u2013 der Einsatz konnte z\u00fcgig abgeschlossen werden.<\/p>\n<\/div>\n<\/div>\n<div class=\"x11i5rnm xat24cr x1mh8g0r x1vvkbs xtlvy1s x126k92a\">\n<div dir=\"auto\"><span class=\"html-span xexx8yu x4uap5 x18d9i69 xkhd6sd x1hl2dhg x16tdsg8 x1vvkbs x3nfvp2 x1j61x8r x1fcty0u xdj266r xat24cr xgzva0m xhhsvwb xxymvpz xlup9mm x1kky2od\"><img decoding=\"async\" class=\"xz74otr x168nmei x13lgxp2 x5pf9jr xo71vjh lazyload\" data-src=\"https:\/\/static.xx.fbcdn.net\/images\/emoji.php\/v9\/t67\/1\/16\/1f692.png\" alt=\"\ud83d\ude92\" width=\"16\" height=\"16\" src=\"data:image\/svg+xml;base64,PHN2ZyB3aWR0aD0iMSIgaGVpZ2h0PSIxIiB4bWxucz0iaHR0cDovL3d3dy53My5vcmcvMjAwMC9zdmciPjwvc3ZnPg==\" style=\"--smush-placeholder-width: 16px; --smush-placeholder-aspect-ratio: 16\/16;\" \/><\/span> F\u00fcr eure Sicherheit \u2013 Stadtfeuerwehr Kufstein \u2013 seit 1866 <span class=\"html-span xexx8yu x4uap5 x18d9i69 xkhd6sd x1hl2dhg x16tdsg8 x1vvkbs x3nfvp2 x1j61x8r x1fcty0u xdj266r xat24cr xgzva0m xhhsvwb xxymvpz xlup9mm x1kky2od\"><span class=\"html-span xexx8yu x4uap5 x18d9i69 xkhd6sd x1hl2dhg x16tdsg8 x1vvkbs x3nfvp2 x1j61x8r x1fcty0u xdj266r xat24cr xgzva0m xhhsvwb xxymvpz xlup9mm x1kky2od\"><img decoding=\"async\" class=\"xz74otr x168nmei x13lgxp2 x5pf9jr xo71vjh lazyload\" data-src=\"https:\/\/static.xx.fbcdn.net\/images\/emoji.php\/v9\/t67\/1\/16\/1f692.png\" alt=\"\ud83d\ude92\" width=\"16\" height=\"16\" src=\"data:image\/svg+xml;base64,PHN2ZyB3aWR0aD0iMSIgaGVpZ2h0PSIxIiB4bWxucz0iaHR0cDovL3d3dy53My5vcmcvMjAwMC9zdmciPjwvc3ZnPg==\" style=\"--smush-placeholder-width: 16px; --smush-placeholder-aspect-ratio: 16\/16;\" \/><br \/>\n<\/span><\/span><div id='gallery-1' class='czr-gallery row flex-row czr-gallery-style gallery galleryid-11402 gallery-columns-2 gallery-size-large'><figure class='gallery-item col col-auto'>\r\n                        <div class='gallery-icon landscape czr-gallery-icon'>\r\n                              <a data-lb-type=\"grouped-gallery\" href=https:\/\/feuerwehr-kufstein.at\/wp-content\/uploads\/2025\/04\/IMG-20250410-WA0026.jpg class=\"bg-link\"><\/a><img decoding=\"async\" width=\"1024\" height=\"768\" data-src=\"https:\/\/feuerwehr-kufstein.at\/wp-content\/uploads\/2025\/04\/IMG-20250410-WA0026-1024x768.jpg\" class=\"attachment-large size-large no-lazy lazyload\" alt=\"\" data-sizes=\"(min-width: 1200px) 540px, (min-width: 992px) 450px, (min-width: 768px) 330px, (min-width: 576px) 240px, calc( 50vw - 30px )\" data-srcset=\"https:\/\/feuerwehr-kufstein.at\/wp-content\/uploads\/2025\/04\/IMG-20250410-WA0026-1024x768.jpg 1024w, https:\/\/feuerwehr-kufstein.at\/wp-content\/uploads\/2025\/04\/IMG-20250410-WA0026-300x225.jpg 300w, https:\/\/feuerwehr-kufstein.at\/wp-content\/uploads\/2025\/04\/IMG-20250410-WA0026-768x576.jpg 768w, https:\/\/feuerwehr-kufstein.at\/wp-content\/uploads\/2025\/04\/IMG-20250410-WA0026-1536x1152.jpg 1536w, https:\/\/feuerwehr-kufstein.at\/wp-content\/uploads\/2025\/04\/IMG-20250410-WA0026.jpg 1824w\" src=\"data:image\/svg+xml;base64,PHN2ZyB3aWR0aD0iMSIgaGVpZ2h0PSIxIiB4bWxucz0iaHR0cDovL3d3dy53My5vcmcvMjAwMC9zdmciPjwvc3ZnPg==\" style=\"--smush-placeholder-width: 1024px; --smush-placeholder-aspect-ratio: 1024\/768;\" \/>\r\n                        <\/div><\/figure><figure class='gallery-item col col-auto'>\r\n                        <div class='gallery-icon landscape czr-gallery-icon'>\r\n                              <a data-lb-type=\"grouped-gallery\" href=https:\/\/feuerwehr-kufstein.at\/wp-content\/uploads\/2025\/04\/IMG-20250410-WA0017.jpg class=\"bg-link\"><\/a><img decoding=\"async\" width=\"1024\" height=\"768\" data-src=\"https:\/\/feuerwehr-kufstein.at\/wp-content\/uploads\/2025\/04\/IMG-20250410-WA0017-1024x768.jpg\" class=\"attachment-large size-large no-lazy lazyload\" alt=\"\" data-sizes=\"(min-width: 1200px) 540px, (min-width: 992px) 450px, (min-width: 768px) 330px, (min-width: 576px) 240px, calc( 50vw - 30px )\" data-srcset=\"https:\/\/feuerwehr-kufstein.at\/wp-content\/uploads\/2025\/04\/IMG-20250410-WA0017-1024x768.jpg 1024w, https:\/\/feuerwehr-kufstein.at\/wp-content\/uploads\/2025\/04\/IMG-20250410-WA0017-300x225.jpg 300w, https:\/\/feuerwehr-kufstein.at\/wp-content\/uploads\/2025\/04\/IMG-20250410-WA0017-768x576.jpg 768w, https:\/\/feuerwehr-kufstein.at\/wp-content\/uploads\/2025\/04\/IMG-20250410-WA0017-1536x1152.jpg 1536w, https:\/\/feuerwehr-kufstein.at\/wp-content\/uploads\/2025\/04\/IMG-20250410-WA0017.jpg 1824w\" src=\"data:image\/svg+xml;base64,PHN2ZyB3aWR0aD0iMSIgaGVpZ2h0PSIxIiB4bWxucz0iaHR0cDovL3d3dy53My5vcmcvMjAwMC9zdmciPjwvc3ZnPg==\" style=\"--smush-placeholder-width: 1024px; --smush-placeholder-aspect-ratio: 1024\/768;\" \/>\r\n                        <\/div><\/figure><figure class='gallery-item col col-auto'>\r\n                        <div class='gallery-icon landscape czr-gallery-icon'>\r\n                              <a data-lb-type=\"grouped-gallery\" href=https:\/\/feuerwehr-kufstein.at\/wp-content\/uploads\/2025\/04\/IMG-20250410-WA0016.jpg class=\"bg-link\"><\/a><img decoding=\"async\" width=\"1024\" height=\"768\" data-src=\"https:\/\/feuerwehr-kufstein.at\/wp-content\/uploads\/2025\/04\/IMG-20250410-WA0016-1024x768.jpg\" class=\"attachment-large size-large no-lazy lazyload\" alt=\"\" data-sizes=\"(min-width: 1200px) 540px, (min-width: 992px) 450px, (min-width: 768px) 330px, (min-width: 576px) 240px, calc( 50vw - 30px )\" data-srcset=\"https:\/\/feuerwehr-kufstein.at\/wp-content\/uploads\/2025\/04\/IMG-20250410-WA0016-1024x768.jpg 1024w, https:\/\/feuerwehr-kufstein.at\/wp-content\/uploads\/2025\/04\/IMG-20250410-WA0016-300x225.jpg 300w, https:\/\/feuerwehr-kufstein.at\/wp-content\/uploads\/2025\/04\/IMG-20250410-WA0016-768x576.jpg 768w, https:\/\/feuerwehr-kufstein.at\/wp-content\/uploads\/2025\/04\/IMG-20250410-WA0016-1536x1152.jpg 1536w, https:\/\/feuerwehr-kufstein.at\/wp-content\/uploads\/2025\/04\/IMG-20250410-WA0016.jpg 1824w\" src=\"data:image\/svg+xml;base64,PHN2ZyB3aWR0aD0iMSIgaGVpZ2h0PSIxIiB4bWxucz0iaHR0cDovL3d3dy53My5vcmcvMjAwMC9zdmciPjwvc3ZnPg==\" style=\"--smush-placeholder-width: 1024px; --smush-placeholder-aspect-ratio: 1024\/768;\" \/>\r\n                        <\/div><\/figure><figure class='gallery-item col col-auto'>\r\n                        <div class='gallery-icon portrait czr-gallery-icon'>\r\n                              <a data-lb-type=\"grouped-gallery\" href=https:\/\/feuerwehr-kufstein.at\/wp-content\/uploads\/2025\/04\/IMG-20250410-WA0004-scaled.jpg class=\"bg-link\"><\/a><img decoding=\"async\" width=\"768\" height=\"1024\" data-src=\"https:\/\/feuerwehr-kufstein.at\/wp-content\/uploads\/2025\/04\/IMG-20250410-WA0004-768x1024.jpg\" class=\"attachment-large size-large no-lazy lazyload\" alt=\"\" data-sizes=\"(min-width: 1200px) 540px, (min-width: 992px) 450px, (min-width: 768px) 330px, (min-width: 576px) 240px, calc( 50vw - 30px )\" data-srcset=\"https:\/\/feuerwehr-kufstein.at\/wp-content\/uploads\/2025\/04\/IMG-20250410-WA0004-768x1024.jpg 768w, https:\/\/feuerwehr-kufstein.at\/wp-content\/uploads\/2025\/04\/IMG-20250410-WA0004-225x300.jpg 225w, https:\/\/feuerwehr-kufstein.at\/wp-content\/uploads\/2025\/04\/IMG-20250410-WA0004-1152x1536.jpg 1152w, https:\/\/feuerwehr-kufstein.at\/wp-content\/uploads\/2025\/04\/IMG-20250410-WA0004-1536x2048.jpg 1536w, https:\/\/feuerwehr-kufstein.at\/wp-content\/uploads\/2025\/04\/IMG-20250410-WA0004-scaled.jpg 1920w\" src=\"data:image\/svg+xml;base64,PHN2ZyB3aWR0aD0iMSIgaGVpZ2h0PSIxIiB4bWxucz0iaHR0cDovL3d3dy53My5vcmcvMjAwMC9zdmciPjwvc3ZnPg==\" style=\"--smush-placeholder-width: 768px; --smush-placeholder-aspect-ratio: 768\/1024;\" \/>\r\n                        <\/div><\/figure>\r\n                  <\/div>\n<\/p>\n<\/div>\n<\/div>\n","protected":false},"excerpt":{"rendered":"<p>Am Mittwoch, den 09. April 2025 um 22:45 Uhr wurde die STADTFEUERWEHR Kufstein mit dem Einsatzstichwort &#8222;Brand MFH \u2013 Zimmer&#8220; alarmiert. Zur sp\u00e4teren Abendstunde kam es in einer Wohnung eines Mehrfamilienhauses zu einem Brand, ausgel\u00f6st durch eine defekte Klemmdose. Die Bewohner reagierten rasch und konnten das Feuer noch vor dem Eintreffen der Feuerwehr mittels Feuerl\u00f6scher [&hellip;]<\/p>\n","protected":false},"author":9,"featured_media":11405,"template":"","meta":{"einsatz_weight":1,"footnotes":""},"categories":[1],"tags":[],"einsatzart":[26],"fahrzeug":[32,23,43,31,42],"exteinsatzmittel":[51,82],"alarmierungsart":[24],"evw_unit":[],"class_list":{"0":"post-11402","1":"einsatz","2":"type-einsatz","3":"status-publish","4":"has-post-thumbnail","6":"category-einsaetze","7":"einsatzart-brandeinsatz","8":"fahrzeug-drehleiter","9":"fahrzeug-kommandofahrzeug","10":"fahrzeug-schweres-loeschfahrzeug","11":"fahrzeug-tankloeschfahrzeug","12":"fahrzeug-tankloeschfahrzeug-2","13":"exteinsatzmittel-bundespolizei","14":"exteinsatzmittel-rettungsdienst","15":"alarmierungsart-sammelruf","16":"czr-hentry"},"_links":{"self":[{"href":"https:\/\/feuerwehr-kufstein.at\/index.php?rest_route=\/wp\/v2\/einsatz\/11402","targetHints":{"allow":["GET"]}}],"collection":[{"href":"https:\/\/feuerwehr-kufstein.at\/index.php?rest_route=\/wp\/v2\/einsatz"}],"about":[{"href":"https:\/\/feuerwehr-kufstein.at\/index.php?rest_route=\/wp\/v2\/types\/einsatz"}],"author":[{"embeddable":true,"href":"https:\/\/feuerwehr-kufstein.at\/index.php?rest_route=\/wp\/v2\/users\/9"}],"version-history":[{"count":0,"href":"https:\/\/feuerwehr-kufstein.at\/index.php?rest_route=\/wp\/v2\/einsatz\/11402\/revisions"}],"wp:featuredmedia":[{"embeddable":true,"href":"https:\/\/feuerwehr-kufstein.at\/index.php?rest_route=\/wp\/v2\/media\/11405"}],"wp:attachment":[{"href":"https:\/\/feuerwehr-kufstein.at\/index.php?rest_route=%2Fwp%2Fv2%2Fmedia&parent=11402"}],"wp:term":[{"taxonomy":"category","embeddable":true,"href":"https:\/\/feuerwehr-kufstein.at\/index.php?rest_route=%2Fwp%2Fv2%2Fcategories&post=11402"},{"taxonomy":"post_tag","embeddable":true,"href":"https:\/\/feuerwehr-kufstein.at\/index.php?rest_route=%2Fwp%2Fv2%2Ftags&post=11402"},{"taxonomy":"einsatzart","embeddable":true,"href":"https:\/\/feuerwehr-kufstein.at\/index.php?rest_route=%2Fwp%2Fv2%2Feinsatzart&post=11402"},{"taxonomy":"fahrzeug","embeddable":true,"href":"https:\/\/feuerwehr-kufstein.at\/index.php?rest_route=%2Fwp%2Fv2%2Ffahrzeug&post=11402"},{"taxonomy":"exteinsatzmittel","embeddable":true,"href":"https:\/\/feuerwehr-kufstein.at\/index.php?rest_route=%2Fwp%2Fv2%2Fexteinsatzmittel&post=11402"},{"taxonomy":"alarmierungsart","embeddable":true,"href":"https:\/\/feuerwehr-kufstein.at\/index.php?rest_route=%2Fwp%2Fv2%2Falarmierungsart&post=11402"},{"taxonomy":"evw_unit","embeddable":true,"href":"https:\/\/feuerwehr-kufstein.at\/index.php?rest_route=%2Fwp%2Fv2%2Fevw_unit&post=11402"}],"curies":[{"name":"wp","href":"https:\/\/api.w.org\/{rel}","templated":true}]}}

🚨🔥 Klemmdose fängt Feuer – rasches Handeln verhindert Schlimmeres 🔥🚨

<div class="xdj266r x11i5rnm xat24cr x1mh8g0r x1vvkbs x126k92a">
<div dir="auto">
<p>Am Mittwoch, den 09. April 2025 um 22:45 Uhr wurde die STADTFEUERWEHR Kufstein mit dem Einsatzstichwort &#8222;Brand MFH – Zimmer&#8220; alarmiert.</p>
</div>
</div>
<div class="x11i5rnm xat24cr x1mh8g0r x1vvkbs xtlvy1s x126k92a">
<div dir="auto">
<p>Zur späteren Abendstunde kam es in einer Wohnung eines Mehrfamilienhauses zu einem Brand, ausgelöst durch eine defekte Klemmdose. Die Bewohner reagierten rasch und konnten das Feuer noch vor dem Eintreffen der Feuerwehr mittels Feuerlöscher eindämmen bzw. löschen.</p>
</div>
</div>
<div class="x11i5rnm xat24cr x1mh8g0r x1vvkbs xtlvy1s x126k92a">
<div dir="auto">
<p>Unsere Feuerwehr übernahm die Nachkontrolle mit der Wärmebildkamera, kontrollierte den betroffenen Bereich, führte eine Belüftung der betroffenen Räumlichkeiten durch und stellte sicher, dass keine versteckten Glutnester oder weitere Gefahr mehr bestand.</p>
</div>
</div>
<div class="x11i5rnm xat24cr x1mh8g0r x1vvkbs xtlvy1s x126k92a">
<div dir="auto">
<p>Dank des schnellen und richtigen Handelns der Bewohner blieb der Schaden gering – der Einsatz konnte zügig abgeschlossen werden.</p>
</div>
</div>
<div class="x11i5rnm xat24cr x1mh8g0r x1vvkbs xtlvy1s x126k92a">
<div dir="auto"><span class="html-span xexx8yu x4uap5 x18d9i69 xkhd6sd x1hl2dhg x16tdsg8 x1vvkbs x3nfvp2 x1j61x8r x1fcty0u xdj266r xat24cr xgzva0m xhhsvwb xxymvpz xlup9mm x1kky2od"><img decoding="async" class="xz74otr x168nmei x13lgxp2 x5pf9jr xo71vjh lazyload" data-src="https://static.xx.fbcdn.net/images/emoji.php/v9/t67/1/16/1f692.png" alt="🚒" width="16" height="16" src="data:image/svg+xml;base64,PHN2ZyB3aWR0aD0iMSIgaGVpZ2h0PSIxIiB4bWxucz0iaHR0cDovL3d3dy53My5vcmcvMjAwMC9zdmciPjwvc3ZnPg==" style="--smush-placeholder-width: 16px; --smush-placeholder-aspect-ratio: 16/16;" /></span> Für eure Sicherheit – Stadtfeuerwehr Kufstein – seit 1866 <span class="html-span xexx8yu x4uap5 x18d9i69 xkhd6sd x1hl2dhg x16tdsg8 x1vvkbs x3nfvp2 x1j61x8r x1fcty0u xdj266r xat24cr xgzva0m xhhsvwb xxymvpz xlup9mm x1kky2od"><span class="html-span xexx8yu x4uap5 x18d9i69 xkhd6sd x1hl2dhg x16tdsg8 x1vvkbs x3nfvp2 x1j61x8r x1fcty0u xdj266r xat24cr xgzva0m xhhsvwb xxymvpz xlup9mm x1kky2od"><img decoding="async" class="xz74otr x168nmei x13lgxp2 x5pf9jr xo71vjh lazyload" data-src="https://static.xx.fbcdn.net/images/emoji.php/v9/t67/1/16/1f692.png" alt="🚒" width="16" height="16" src="data:image/svg+xml;base64,PHN2ZyB3aWR0aD0iMSIgaGVpZ2h0PSIxIiB4bWxucz0iaHR0cDovL3d3dy53My5vcmcvMjAwMC9zdmciPjwvc3ZnPg==" style="--smush-placeholder-width: 16px; --smush-placeholder-aspect-ratio: 16/16;" /><br />
</span></span><div id='gallery-1' class='czr-gallery row flex-row czr-gallery-style gallery galleryid-11402 gallery-columns-2 gallery-size-large'><figure class='gallery-item col col-auto'>
                        <div class='gallery-icon landscape czr-gallery-icon'>
                              <a data-lb-type="grouped-gallery" href=https://feuerwehr-kufstein.at/wp-content/uploads/2025/04/IMG-20250410-WA0026.jpg class="bg-link"></a><img decoding="async" width="1024" height="768" data-src="https://feuerwehr-kufstein.at/wp-content/uploads/2025/04/IMG-20250410-WA0026-1024x768.jpg" class="attachment-large size-large no-lazy lazyload" alt="" data-sizes="(min-width: 1200px) 540px, (min-width: 992px) 450px, (min-width: 768px) 330px, (min-width: 576px) 240px, calc( 50vw - 30px )" data-srcset="https://feuerwehr-kufstein.at/wp-content/uploads/2025/04/IMG-20250410-WA0026-1024x768.jpg 1024w, https://feuerwehr-kufstein.at/wp-content/uploads/2025/04/IMG-20250410-WA0026-300x225.jpg 300w, https://feuerwehr-kufstein.at/wp-content/uploads/2025/04/IMG-20250410-WA0026-768x576.jpg 768w, https://feuerwehr-kufstein.at/wp-content/uploads/2025/04/IMG-20250410-WA0026-1536x1152.jpg 1536w, https://feuerwehr-kufstein.at/wp-content/uploads/2025/04/IMG-20250410-WA0026.jpg 1824w" src="data:image/svg+xml;base64,PHN2ZyB3aWR0aD0iMSIgaGVpZ2h0PSIxIiB4bWxucz0iaHR0cDovL3d3dy53My5vcmcvMjAwMC9zdmciPjwvc3ZnPg==" style="--smush-placeholder-width: 1024px; --smush-placeholder-aspect-ratio: 1024/768;" />
                        </div></figure><figure class='gallery-item col col-auto'>
                        <div class='gallery-icon landscape czr-gallery-icon'>
                              <a data-lb-type="grouped-gallery" href=https://feuerwehr-kufstein.at/wp-content/uploads/2025/04/IMG-20250410-WA0017.jpg class="bg-link"></a><img decoding="async" width="1024" height="768" data-src="https://feuerwehr-kufstein.at/wp-content/uploads/2025/04/IMG-20250410-WA0017-1024x768.jpg" class="attachment-large size-large no-lazy lazyload" alt="" data-sizes="(min-width: 1200px) 540px, (min-width: 992px) 450px, (min-width: 768px) 330px, (min-width: 576px) 240px, calc( 50vw - 30px )" data-srcset="https://feuerwehr-kufstein.at/wp-content/uploads/2025/04/IMG-20250410-WA0017-1024x768.jpg 1024w, https://feuerwehr-kufstein.at/wp-content/uploads/2025/04/IMG-20250410-WA0017-300x225.jpg 300w, https://feuerwehr-kufstein.at/wp-content/uploads/2025/04/IMG-20250410-WA0017-768x576.jpg 768w, https://feuerwehr-kufstein.at/wp-content/uploads/2025/04/IMG-20250410-WA0017-1536x1152.jpg 1536w, https://feuerwehr-kufstein.at/wp-content/uploads/2025/04/IMG-20250410-WA0017.jpg 1824w" src="data:image/svg+xml;base64,PHN2ZyB3aWR0aD0iMSIgaGVpZ2h0PSIxIiB4bWxucz0iaHR0cDovL3d3dy53My5vcmcvMjAwMC9zdmciPjwvc3ZnPg==" style="--smush-placeholder-width: 1024px; --smush-placeholder-aspect-ratio: 1024/768;" />
                        </div></figure><figure class='gallery-item col col-auto'>
                        <div class='gallery-icon landscape czr-gallery-icon'>
                              <a data-lb-type="grouped-gallery" href=https://feuerwehr-kufstein.at/wp-content/uploads/2025/04/IMG-20250410-WA0016.jpg class="bg-link"></a><img decoding="async" width="1024" height="768" data-src="https://feuerwehr-kufstein.at/wp-content/uploads/2025/04/IMG-20250410-WA0016-1024x768.jpg" class="attachment-large size-large no-lazy lazyload" alt="" data-sizes="(min-width: 1200px) 540px, (min-width: 992px) 450px, (min-width: 768px) 330px, (min-width: 576px) 240px, calc( 50vw - 30px )" data-srcset="https://feuerwehr-kufstein.at/wp-content/uploads/2025/04/IMG-20250410-WA0016-1024x768.jpg 1024w, https://feuerwehr-kufstein.at/wp-content/uploads/2025/04/IMG-20250410-WA0016-300x225.jpg 300w, https://feuerwehr-kufstein.at/wp-content/uploads/2025/04/IMG-20250410-WA0016-768x576.jpg 768w, https://feuerwehr-kufstein.at/wp-content/uploads/2025/04/IMG-20250410-WA0016-1536x1152.jpg 1536w, https://feuerwehr-kufstein.at/wp-content/uploads/2025/04/IMG-20250410-WA0016.jpg 1824w" src="data:image/svg+xml;base64,PHN2ZyB3aWR0aD0iMSIgaGVpZ2h0PSIxIiB4bWxucz0iaHR0cDovL3d3dy53My5vcmcvMjAwMC9zdmciPjwvc3ZnPg==" style="--smush-placeholder-width: 1024px; --smush-placeholder-aspect-ratio: 1024/768;" />
                        </div></figure><figure class='gallery-item col col-auto'>
                        <div class='gallery-icon portrait czr-gallery-icon'>
                              <a data-lb-type="grouped-gallery" href=https://feuerwehr-kufstein.at/wp-content/uploads/2025/04/IMG-20250410-WA0004-scaled.jpg class="bg-link"></a><img decoding="async" width="768" height="1024" data-src="https://feuerwehr-kufstein.at/wp-content/uploads/2025/04/IMG-20250410-WA0004-768x1024.jpg" class="attachment-large size-large no-lazy lazyload" alt="" data-sizes="(min-width: 1200px) 540px, (min-width: 992px) 450px, (min-width: 768px) 330px, (min-width: 576px) 240px, calc( 50vw - 30px )" data-srcset="https://feuerwehr-kufstein.at/wp-content/uploads/2025/04/IMG-20250410-WA0004-768x1024.jpg 768w, https://feuerwehr-kufstein.at/wp-content/uploads/2025/04/IMG-20250410-WA0004-225x300.jpg 225w, https://feuerwehr-kufstein.at/wp-content/uploads/2025/04/IMG-20250410-WA0004-1152x1536.jpg 1152w, https://feuerwehr-kufstein.at/wp-content/uploads/2025/04/IMG-20250410-WA0004-1536x2048.jpg 1536w, https://feuerwehr-kufstein.at/wp-content/uploads/2025/04/IMG-20250410-WA0004-scaled.jpg 1920w" src="data:image/svg+xml;base64,PHN2ZyB3aWR0aD0iMSIgaGVpZ2h0PSIxIiB4bWxucz0iaHR0cDovL3d3dy53My5vcmcvMjAwMC9zdmciPjwvc3ZnPg==" style="--smush-placeholder-width: 768px; --smush-placeholder-aspect-ratio: 768/1024;" />
                        </div></figure>
                  </div>
</p>
</div>
</div>

<p>Am Mittwoch, den 09. April 2025 um 22:45 Uhr wurde die STADTFEUERWEHR Kufstein mit dem Einsatzstichwort &#8222;Brand MFH – Zimmer&#8220; alarmiert. Zur späteren Abendstunde kam es in einer Wohnung eines Mehrfamilienhauses zu einem Brand, ausgelöst durch eine defekte Klemmdose. Die Bewohner reagierten rasch und konnten das Feuer noch vor dem Eintreffen der Feuerwehr mittels Feuerlöscher [&hellip;]</p>
