{"id":6397,"date":"2020-10-08T07:47:00","date_gmt":"2020-10-08T06:47:00","guid":{"rendered":"http:\/\/www.feuerwehr-kufstein.at\/?post_type=einsatz&#038;p=6397"},"modified":"2020-10-08T12:45:31","modified_gmt":"2020-10-08T11:45:31","slug":"wohnungsbrand-2","status":"publish","type":"einsatz","link":"https:\/\/feuerwehr-kufstein.at\/?einsatz=wohnungsbrand-2","title":{"rendered":"Wohnungsbrand im Stadtteil Zell"},"content":{"rendered":"<p>Am<strong> Donnerstag, den 8. Oktober 2020<\/strong>, wurde die <strong>STADTFEUERWEHR Kufstein<\/strong> um 07:47 Uhr mittels stiller Alarmierung von der Leitstelle Tirolmit dem Einsatzstichwort <strong>&#8222;Brand MFH Wohnung&#8220;<\/strong> alarmiert.<\/p>\n<p>In einem Mehrfamilienhaus kam es in einer Wohnung zu einem Brand eines Elektroger\u00e4tes, welches dort aufgrund von Renovierungsarbeiten aufgestellt wurde.<\/p>\n<p>Erste L\u00f6schversuche mit einem Feuerl\u00f6scher &#8211; vor eintreffen der Feuerwehr &#8211; f\u00fchrten nicht zum gew\u00fcnschten Erfolg.<\/p>\n<p>Aufgrund des morgendlichen Berufsverkehrs und des damit verbundenen Staus im Stadtgebiet, kam es bei der Anfahrt zum Einsatzort leider zu massiven Verz\u00f6gerungen.<\/p>\n<p>Der Brand wurde unter Einsatz von schwerem Atemschutz gel\u00f6scht und das Brandobjekt bel\u00fcftet.<\/p>\n<p>Der Einsatz konnte nach ca. 50 min beendet werden.<\/p>\n<div id='gallery-1' class='czr-gallery row flex-row czr-gallery-style gallery galleryid-6397 gallery-columns-9 gallery-size-thumbnail'><figure class='gallery-item col col-auto'>\r\n                        <div class='gallery-icon portrait czr-gallery-icon'>\r\n                              <a data-lb-type=\"grouped-gallery\" href=https:\/\/feuerwehr-kufstein.at\/wp-content\/uploads\/2020\/10\/IMG-20201008-WA0008.jpg class=\"bg-link\"><\/a><img decoding=\"async\" width=\"150\" height=\"150\" data-src=\"https:\/\/feuerwehr-kufstein.at\/wp-content\/uploads\/2020\/10\/IMG-20201008-WA0008-150x150.jpg\" class=\"attachment-thumbnail size-thumbnail no-lazy lazyload\" alt=\"\" data-sizes=\"(min-width: 1200px) 96.666666666667px, (min-width: 992px) 76.666666666667px, (min-width: 768px) 50px, (min-width: 576px) 105px, calc( 50vw - 30px )\" data-srcset=\"https:\/\/feuerwehr-kufstein.at\/wp-content\/uploads\/2020\/10\/IMG-20201008-WA0008-150x150.jpg 150w, https:\/\/feuerwehr-kufstein.at\/wp-content\/uploads\/2020\/10\/IMG-20201008-WA0008-510x510.jpg 510w\" src=\"data:image\/svg+xml;base64,PHN2ZyB3aWR0aD0iMSIgaGVpZ2h0PSIxIiB4bWxucz0iaHR0cDovL3d3dy53My5vcmcvMjAwMC9zdmciPjwvc3ZnPg==\" style=\"--smush-placeholder-width: 150px; --smush-placeholder-aspect-ratio: 150\/150;\" \/>\r\n                        <\/div><\/figure><figure class='gallery-item col col-auto'>\r\n                        <div class='gallery-icon portrait czr-gallery-icon'>\r\n                              <a data-lb-type=\"grouped-gallery\" href=https:\/\/feuerwehr-kufstein.at\/wp-content\/uploads\/2020\/10\/IMG-20201008-WA0013.jpg class=\"bg-link\"><\/a><img decoding=\"async\" width=\"150\" height=\"150\" data-src=\"https:\/\/feuerwehr-kufstein.at\/wp-content\/uploads\/2020\/10\/IMG-20201008-WA0013-150x150.jpg\" class=\"attachment-thumbnail size-thumbnail no-lazy lazyload\" alt=\"\" data-sizes=\"(min-width: 1200px) 96.666666666667px, (min-width: 992px) 76.666666666667px, (min-width: 768px) 50px, (min-width: 576px) 105px, calc( 50vw - 30px )\" data-srcset=\"https:\/\/feuerwehr-kufstein.at\/wp-content\/uploads\/2020\/10\/IMG-20201008-WA0013-150x150.jpg 150w, https:\/\/feuerwehr-kufstein.at\/wp-content\/uploads\/2020\/10\/IMG-20201008-WA0013-510x510.jpg 510w\" src=\"data:image\/svg+xml;base64,PHN2ZyB3aWR0aD0iMSIgaGVpZ2h0PSIxIiB4bWxucz0iaHR0cDovL3d3dy53My5vcmcvMjAwMC9zdmciPjwvc3ZnPg==\" style=\"--smush-placeholder-width: 150px; --smush-placeholder-aspect-ratio: 150\/150;\" \/>\r\n                        <\/div><\/figure><figure class='gallery-item col col-auto'>\r\n                        <div class='gallery-icon landscape czr-gallery-icon'>\r\n                              <a data-lb-type=\"grouped-gallery\" href=https:\/\/feuerwehr-kufstein.at\/wp-content\/uploads\/2020\/10\/IMG-20201008-WA0005.jpg class=\"bg-link\"><\/a><img decoding=\"async\" width=\"150\" height=\"150\" data-src=\"https:\/\/feuerwehr-kufstein.at\/wp-content\/uploads\/2020\/10\/IMG-20201008-WA0005-150x150.jpg\" class=\"attachment-thumbnail size-thumbnail no-lazy lazyload\" alt=\"\" data-sizes=\"(min-width: 1200px) 96.666666666667px, (min-width: 992px) 76.666666666667px, (min-width: 768px) 50px, (min-width: 576px) 105px, calc( 50vw - 30px )\" data-srcset=\"https:\/\/feuerwehr-kufstein.at\/wp-content\/uploads\/2020\/10\/IMG-20201008-WA0005-150x150.jpg 150w, https:\/\/feuerwehr-kufstein.at\/wp-content\/uploads\/2020\/10\/IMG-20201008-WA0005-510x510.jpg 510w\" src=\"data:image\/svg+xml;base64,PHN2ZyB3aWR0aD0iMSIgaGVpZ2h0PSIxIiB4bWxucz0iaHR0cDovL3d3dy53My5vcmcvMjAwMC9zdmciPjwvc3ZnPg==\" style=\"--smush-placeholder-width: 150px; --smush-placeholder-aspect-ratio: 150\/150;\" \/>\r\n                        <\/div><\/figure><figure class='gallery-item col col-auto'>\r\n                        <div class='gallery-icon portrait czr-gallery-icon'>\r\n                              <a data-lb-type=\"grouped-gallery\" href=https:\/\/feuerwehr-kufstein.at\/wp-content\/uploads\/2020\/10\/IMG_20201008_093346.jpg class=\"bg-link\"><\/a><img decoding=\"async\" width=\"150\" height=\"150\" data-src=\"https:\/\/feuerwehr-kufstein.at\/wp-content\/uploads\/2020\/10\/IMG_20201008_093346-150x150.jpg\" class=\"attachment-thumbnail size-thumbnail no-lazy lazyload\" alt=\"\" data-sizes=\"(min-width: 1200px) 96.666666666667px, (min-width: 992px) 76.666666666667px, (min-width: 768px) 50px, (min-width: 576px) 105px, calc( 50vw - 30px )\" data-srcset=\"https:\/\/feuerwehr-kufstein.at\/wp-content\/uploads\/2020\/10\/IMG_20201008_093346-150x150.jpg 150w, https:\/\/feuerwehr-kufstein.at\/wp-content\/uploads\/2020\/10\/IMG_20201008_093346-510x510.jpg 510w\" src=\"data:image\/svg+xml;base64,PHN2ZyB3aWR0aD0iMSIgaGVpZ2h0PSIxIiB4bWxucz0iaHR0cDovL3d3dy53My5vcmcvMjAwMC9zdmciPjwvc3ZnPg==\" style=\"--smush-placeholder-width: 150px; --smush-placeholder-aspect-ratio: 150\/150;\" \/>\r\n                        <\/div><\/figure><figure class='gallery-item col col-auto'>\r\n                        <div class='gallery-icon portrait czr-gallery-icon'>\r\n                              <a data-lb-type=\"grouped-gallery\" href=https:\/\/feuerwehr-kufstein.at\/wp-content\/uploads\/2020\/10\/IMG-20201008-WA0006.jpg class=\"bg-link\"><\/a><img decoding=\"async\" width=\"150\" height=\"150\" data-src=\"https:\/\/feuerwehr-kufstein.at\/wp-content\/uploads\/2020\/10\/IMG-20201008-WA0006-150x150.jpg\" class=\"attachment-thumbnail size-thumbnail no-lazy lazyload\" alt=\"\" data-sizes=\"(min-width: 1200px) 96.666666666667px, (min-width: 992px) 76.666666666667px, (min-width: 768px) 50px, (min-width: 576px) 105px, calc( 50vw - 30px )\" data-srcset=\"https:\/\/feuerwehr-kufstein.at\/wp-content\/uploads\/2020\/10\/IMG-20201008-WA0006-150x150.jpg 150w, https:\/\/feuerwehr-kufstein.at\/wp-content\/uploads\/2020\/10\/IMG-20201008-WA0006-510x510.jpg 510w\" src=\"data:image\/svg+xml;base64,PHN2ZyB3aWR0aD0iMSIgaGVpZ2h0PSIxIiB4bWxucz0iaHR0cDovL3d3dy53My5vcmcvMjAwMC9zdmciPjwvc3ZnPg==\" style=\"--smush-placeholder-width: 150px; --smush-placeholder-aspect-ratio: 150\/150;\" \/>\r\n                        <\/div><\/figure>\r\n                  <\/div>\n\n<p>Bildnachweis: STADTFEUERWEHR Kufstein<\/p>\n","protected":false},"excerpt":{"rendered":"<p>Am Donnerstag, den 8. Oktober 2020, wurde die STADTFEUERWEHR Kufstein um 07:47 Uhr mittels stiller Alarmierung von der Leitstelle Tirolmit dem Einsatzstichwort &#8222;Brand MFH Wohnung&#8220; alarmiert. In einem Mehrfamilienhaus kam es in einer Wohnung zu einem Brand eines Elektroger\u00e4tes, welches dort aufgrund von Renovierungsarbeiten aufgestellt wurde. Erste L\u00f6schversuche mit einem Feuerl\u00f6scher &#8211; vor eintreffen der [&hellip;]<\/p>\n","protected":false},"author":4,"featured_media":6394,"template":"","meta":{"einsatz_weight":1,"footnotes":""},"categories":[1],"tags":[],"einsatzart":[26],"fahrzeug":[32,23,31,42],"exteinsatzmittel":[51,35],"alarmierungsart":[],"evw_unit":[],"class_list":{"0":"post-6397","1":"einsatz","2":"type-einsatz","3":"status-publish","4":"has-post-thumbnail","6":"category-einsaetze","7":"einsatzart-brandeinsatz","8":"fahrzeug-drehleiter","9":"fahrzeug-kommandofahrzeug","10":"fahrzeug-tankloeschfahrzeug","11":"fahrzeug-tankloeschfahrzeug-2","12":"exteinsatzmittel-bundespolizei","13":"exteinsatzmittel-oerk","14":"czr-hentry"},"_links":{"self":[{"href":"https:\/\/feuerwehr-kufstein.at\/index.php?rest_route=\/wp\/v2\/einsatz\/6397","targetHints":{"allow":["GET"]}}],"collection":[{"href":"https:\/\/feuerwehr-kufstein.at\/index.php?rest_route=\/wp\/v2\/einsatz"}],"about":[{"href":"https:\/\/feuerwehr-kufstein.at\/index.php?rest_route=\/wp\/v2\/types\/einsatz"}],"author":[{"embeddable":true,"href":"https:\/\/feuerwehr-kufstein.at\/index.php?rest_route=\/wp\/v2\/users\/4"}],"version-history":[{"count":0,"href":"https:\/\/feuerwehr-kufstein.at\/index.php?rest_route=\/wp\/v2\/einsatz\/6397\/revisions"}],"wp:featuredmedia":[{"embeddable":true,"href":"https:\/\/feuerwehr-kufstein.at\/index.php?rest_route=\/wp\/v2\/media\/6394"}],"wp:attachment":[{"href":"https:\/\/feuerwehr-kufstein.at\/index.php?rest_route=%2Fwp%2Fv2%2Fmedia&parent=6397"}],"wp:term":[{"taxonomy":"category","embeddable":true,"href":"https:\/\/feuerwehr-kufstein.at\/index.php?rest_route=%2Fwp%2Fv2%2Fcategories&post=6397"},{"taxonomy":"post_tag","embeddable":true,"href":"https:\/\/feuerwehr-kufstein.at\/index.php?rest_route=%2Fwp%2Fv2%2Ftags&post=6397"},{"taxonomy":"einsatzart","embeddable":true,"href":"https:\/\/feuerwehr-kufstein.at\/index.php?rest_route=%2Fwp%2Fv2%2Feinsatzart&post=6397"},{"taxonomy":"fahrzeug","embeddable":true,"href":"https:\/\/feuerwehr-kufstein.at\/index.php?rest_route=%2Fwp%2Fv2%2Ffahrzeug&post=6397"},{"taxonomy":"exteinsatzmittel","embeddable":true,"href":"https:\/\/feuerwehr-kufstein.at\/index.php?rest_route=%2Fwp%2Fv2%2Fexteinsatzmittel&post=6397"},{"taxonomy":"alarmierungsart","embeddable":true,"href":"https:\/\/feuerwehr-kufstein.at\/index.php?rest_route=%2Fwp%2Fv2%2Falarmierungsart&post=6397"},{"taxonomy":"evw_unit","embeddable":true,"href":"https:\/\/feuerwehr-kufstein.at\/index.php?rest_route=%2Fwp%2Fv2%2Fevw_unit&post=6397"}],"curies":[{"name":"wp","href":"https:\/\/api.w.org\/{rel}","templated":true}]}}

<p>Am<strong> Donnerstag, den 8. Oktober 2020</strong>, wurde die <strong>STADTFEUERWEHR Kufstein</strong> um 07:47 Uhr mittels stiller Alarmierung von der Leitstelle Tirolmit dem Einsatzstichwort <strong>&#8222;Brand MFH Wohnung&#8220;</strong> alarmiert.</p>
<p>In einem Mehrfamilienhaus kam es in einer Wohnung zu einem Brand eines Elektrogerätes, welches dort aufgrund von Renovierungsarbeiten aufgestellt wurde.</p>
<p>Erste Löschversuche mit einem Feuerlöscher &#8211; vor eintreffen der Feuerwehr &#8211; führten nicht zum gewünschten Erfolg.</p>
<p>Aufgrund des morgendlichen Berufsverkehrs und des damit verbundenen Staus im Stadtgebiet, kam es bei der Anfahrt zum Einsatzort leider zu massiven Verzögerungen.</p>
<p>Der Brand wurde unter Einsatz von schwerem Atemschutz gelöscht und das Brandobjekt belüftet.</p>
<p>Der Einsatz konnte nach ca. 50 min beendet werden.</p>
<div id='gallery-1' class='czr-gallery row flex-row czr-gallery-style gallery galleryid-6397 gallery-columns-9 gallery-size-thumbnail'><figure class='gallery-item col col-auto'>
                        <div class='gallery-icon portrait czr-gallery-icon'>
                              <a data-lb-type="grouped-gallery" href=https://feuerwehr-kufstein.at/wp-content/uploads/2020/10/IMG-20201008-WA0008.jpg class="bg-link"></a><img decoding="async" width="150" height="150" data-src="https://feuerwehr-kufstein.at/wp-content/uploads/2020/10/IMG-20201008-WA0008-150x150.jpg" class="attachment-thumbnail size-thumbnail no-lazy lazyload" alt="" data-sizes="(min-width: 1200px) 96.666666666667px, (min-width: 992px) 76.666666666667px, (min-width: 768px) 50px, (min-width: 576px) 105px, calc( 50vw - 30px )" data-srcset="https://feuerwehr-kufstein.at/wp-content/uploads/2020/10/IMG-20201008-WA0008-150x150.jpg 150w, https://feuerwehr-kufstein.at/wp-content/uploads/2020/10/IMG-20201008-WA0008-510x510.jpg 510w" src="data:image/svg+xml;base64,PHN2ZyB3aWR0aD0iMSIgaGVpZ2h0PSIxIiB4bWxucz0iaHR0cDovL3d3dy53My5vcmcvMjAwMC9zdmciPjwvc3ZnPg==" style="--smush-placeholder-width: 150px; --smush-placeholder-aspect-ratio: 150/150;" />
                        </div></figure><figure class='gallery-item col col-auto'>
                        <div class='gallery-icon portrait czr-gallery-icon'>
                              <a data-lb-type="grouped-gallery" href=https://feuerwehr-kufstein.at/wp-content/uploads/2020/10/IMG-20201008-WA0013.jpg class="bg-link"></a><img decoding="async" width="150" height="150" data-src="https://feuerwehr-kufstein.at/wp-content/uploads/2020/10/IMG-20201008-WA0013-150x150.jpg" class="attachment-thumbnail size-thumbnail no-lazy lazyload" alt="" data-sizes="(min-width: 1200px) 96.666666666667px, (min-width: 992px) 76.666666666667px, (min-width: 768px) 50px, (min-width: 576px) 105px, calc( 50vw - 30px )" data-srcset="https://feuerwehr-kufstein.at/wp-content/uploads/2020/10/IMG-20201008-WA0013-150x150.jpg 150w, https://feuerwehr-kufstein.at/wp-content/uploads/2020/10/IMG-20201008-WA0013-510x510.jpg 510w" src="data:image/svg+xml;base64,PHN2ZyB3aWR0aD0iMSIgaGVpZ2h0PSIxIiB4bWxucz0iaHR0cDovL3d3dy53My5vcmcvMjAwMC9zdmciPjwvc3ZnPg==" style="--smush-placeholder-width: 150px; --smush-placeholder-aspect-ratio: 150/150;" />
                        </div></figure><figure class='gallery-item col col-auto'>
                        <div class='gallery-icon landscape czr-gallery-icon'>
                              <a data-lb-type="grouped-gallery" href=https://feuerwehr-kufstein.at/wp-content/uploads/2020/10/IMG-20201008-WA0005.jpg class="bg-link"></a><img decoding="async" width="150" height="150" data-src="https://feuerwehr-kufstein.at/wp-content/uploads/2020/10/IMG-20201008-WA0005-150x150.jpg" class="attachment-thumbnail size-thumbnail no-lazy lazyload" alt="" data-sizes="(min-width: 1200px) 96.666666666667px, (min-width: 992px) 76.666666666667px, (min-width: 768px) 50px, (min-width: 576px) 105px, calc( 50vw - 30px )" data-srcset="https://feuerwehr-kufstein.at/wp-content/uploads/2020/10/IMG-20201008-WA0005-150x150.jpg 150w, https://feuerwehr-kufstein.at/wp-content/uploads/2020/10/IMG-20201008-WA0005-510x510.jpg 510w" src="data:image/svg+xml;base64,PHN2ZyB3aWR0aD0iMSIgaGVpZ2h0PSIxIiB4bWxucz0iaHR0cDovL3d3dy53My5vcmcvMjAwMC9zdmciPjwvc3ZnPg==" style="--smush-placeholder-width: 150px; --smush-placeholder-aspect-ratio: 150/150;" />
                        </div></figure><figure class='gallery-item col col-auto'>
                        <div class='gallery-icon portrait czr-gallery-icon'>
                              <a data-lb-type="grouped-gallery" href=https://feuerwehr-kufstein.at/wp-content/uploads/2020/10/IMG_20201008_093346.jpg class="bg-link"></a><img decoding="async" width="150" height="150" data-src="https://feuerwehr-kufstein.at/wp-content/uploads/2020/10/IMG_20201008_093346-150x150.jpg" class="attachment-thumbnail size-thumbnail no-lazy lazyload" alt="" data-sizes="(min-width: 1200px) 96.666666666667px, (min-width: 992px) 76.666666666667px, (min-width: 768px) 50px, (min-width: 576px) 105px, calc( 50vw - 30px )" data-srcset="https://feuerwehr-kufstein.at/wp-content/uploads/2020/10/IMG_20201008_093346-150x150.jpg 150w, https://feuerwehr-kufstein.at/wp-content/uploads/2020/10/IMG_20201008_093346-510x510.jpg 510w" src="data:image/svg+xml;base64,PHN2ZyB3aWR0aD0iMSIgaGVpZ2h0PSIxIiB4bWxucz0iaHR0cDovL3d3dy53My5vcmcvMjAwMC9zdmciPjwvc3ZnPg==" style="--smush-placeholder-width: 150px; --smush-placeholder-aspect-ratio: 150/150;" />
                        </div></figure><figure class='gallery-item col col-auto'>
                        <div class='gallery-icon portrait czr-gallery-icon'>
                              <a data-lb-type="grouped-gallery" href=https://feuerwehr-kufstein.at/wp-content/uploads/2020/10/IMG-20201008-WA0006.jpg class="bg-link"></a><img decoding="async" width="150" height="150" data-src="https://feuerwehr-kufstein.at/wp-content/uploads/2020/10/IMG-20201008-WA0006-150x150.jpg" class="attachment-thumbnail size-thumbnail no-lazy lazyload" alt="" data-sizes="(min-width: 1200px) 96.666666666667px, (min-width: 992px) 76.666666666667px, (min-width: 768px) 50px, (min-width: 576px) 105px, calc( 50vw - 30px )" data-srcset="https://feuerwehr-kufstein.at/wp-content/uploads/2020/10/IMG-20201008-WA0006-150x150.jpg 150w, https://feuerwehr-kufstein.at/wp-content/uploads/2020/10/IMG-20201008-WA0006-510x510.jpg 510w" src="data:image/svg+xml;base64,PHN2ZyB3aWR0aD0iMSIgaGVpZ2h0PSIxIiB4bWxucz0iaHR0cDovL3d3dy53My5vcmcvMjAwMC9zdmciPjwvc3ZnPg==" style="--smush-placeholder-width: 150px; --smush-placeholder-aspect-ratio: 150/150;" />
                        </div></figure>
                  </div>

<p>Bildnachweis: STADTFEUERWEHR Kufstein</p>

<p>Am Donnerstag, den 8. Oktober 2020, wurde die STADTFEUERWEHR Kufstein um 07:47 Uhr mittels stiller Alarmierung von der Leitstelle Tirolmit dem Einsatzstichwort &#8222;Brand MFH Wohnung&#8220; alarmiert. In einem Mehrfamilienhaus kam es in einer Wohnung zu einem Brand eines Elektrogerätes, welches dort aufgrund von Renovierungsarbeiten aufgestellt wurde. Erste Löschversuche mit einem Feuerlöscher &#8211; vor eintreffen der [&hellip;]</p>
