{"id":6920,"date":"2021-02-19T18:57:00","date_gmt":"2021-02-19T17:57:00","guid":{"rendered":"http:\/\/www.feuerwehr-kufstein.at\/?post_type=einsatz&#038;p=6920"},"modified":"2021-02-21T09:17:32","modified_gmt":"2021-02-21T08:17:32","slug":"kleinbrand-tiefgarage","status":"publish","type":"einsatz","link":"https:\/\/feuerwehr-kufstein.at\/?einsatz=kleinbrand-tiefgarage","title":{"rendered":"Brandstiftung in Tiefgarage"},"content":{"rendered":"<p><span style=\"color: #ff0000;\"><strong>UPDATE: Die Polizei geht von einer Brandstiftung aus und sucht in diesem Zusammenhang Zeugen, welche am Freitag, den 9.2.21 gegen 19:00 Uhr in der Kaiserbergstra\u00dfe bzw. in der n\u00e4heren\u00a0 Umgebung eine Person mit schwarzem Kapuzenpullover, Jeans und gr\u00fcnen Schuhen gesehen haben.<\/strong><\/span><\/p>\n<p><span style=\"color: #ff0000;\"><strong>Zweckdienliche Hinweise an die Polizei Kufstein 059133 7210<\/strong><\/span><\/p>\n<p>&nbsp;<\/p>\n<p>Am Freitag, den <strong>19. Februar 2021<\/strong>, wurde die <strong>STADTFEUERWEHR Kufstein<\/strong> um 18:57 Uhr von der Leitstelle Tirol mittels stiller Alarmierung zu einem Brandeinsatz gerufen.<\/p>\n<p>Einsatzstichwort war dabei <strong>&#8222;Brand Kleinobjekt im Geb\u00e4ude&#8220;<\/strong><\/p>\n<p>In der Tiefgarage eines Mehrfamilienhauses in Kufstein geriet eine Matratze aus noch ungekl\u00e4rter Ursache in Brand.<\/p>\n<p>Den Bewohner gelang es vor Eintreffen der Feuerwehr den Brand mittels Feuerl\u00f6scher unter Kontrolle zu bringen.<\/p>\n<p>Bereits auf der Anfahrt r\u00fcsteten sich die Einsatzkr\u00e4fte mit schwerem Atemschutz aus, jedoch konnte beim Eintreffen am Einsatzort gl\u00fccklicherweise sofort \u201cBrand aus\u201d gegeben werden.<\/p>\n<p>Es wurde die Matratze aus dem Objekt ins Freie gebracht und die Garage mittels Hochdruckl\u00fcfter bel\u00fcftet.<\/p>\n<p>Der Einsatz konnte somit nach kurzer Zeit beendet werden.<\/p>\n<div id='gallery-1' class='czr-gallery row flex-row czr-gallery-style gallery galleryid-6920 gallery-columns-7 gallery-size-thumbnail'><figure class='gallery-item col col-auto'>\r\n                        <div class='gallery-icon portrait czr-gallery-icon'>\r\n                              <a data-lb-type=\"grouped-gallery\" href=https:\/\/feuerwehr-kufstein.at\/wp-content\/uploads\/2021\/02\/IMG-20210219-WA0015.jpg class=\"bg-link\"><\/a><img decoding=\"async\" width=\"150\" height=\"150\" data-src=\"https:\/\/feuerwehr-kufstein.at\/wp-content\/uploads\/2021\/02\/IMG-20210219-WA0015-150x150.jpg\" class=\"attachment-thumbnail size-thumbnail no-lazy lazyload\" alt=\"\" data-sizes=\"(min-width: 1200px) 132.85714285714px, (min-width: 992px) 107.14285714286px, (min-width: 768px) 72.857142857143px, (min-width: 576px) 105px, calc( 50vw - 30px )\" data-srcset=\"https:\/\/feuerwehr-kufstein.at\/wp-content\/uploads\/2021\/02\/IMG-20210219-WA0015-150x150.jpg 150w, https:\/\/feuerwehr-kufstein.at\/wp-content\/uploads\/2021\/02\/IMG-20210219-WA0015-510x510.jpg 510w\" src=\"data:image\/svg+xml;base64,PHN2ZyB3aWR0aD0iMSIgaGVpZ2h0PSIxIiB4bWxucz0iaHR0cDovL3d3dy53My5vcmcvMjAwMC9zdmciPjwvc3ZnPg==\" style=\"--smush-placeholder-width: 150px; --smush-placeholder-aspect-ratio: 150\/150;\" \/>\r\n                        <\/div><\/figure><figure class='gallery-item col col-auto'>\r\n                        <div class='gallery-icon portrait czr-gallery-icon'>\r\n                              <a data-lb-type=\"grouped-gallery\" href=https:\/\/feuerwehr-kufstein.at\/wp-content\/uploads\/2021\/02\/IMG-20210219-WA0014.jpg class=\"bg-link\"><\/a><img decoding=\"async\" width=\"150\" height=\"150\" data-src=\"https:\/\/feuerwehr-kufstein.at\/wp-content\/uploads\/2021\/02\/IMG-20210219-WA0014-150x150.jpg\" class=\"attachment-thumbnail size-thumbnail no-lazy lazyload\" alt=\"\" data-sizes=\"(min-width: 1200px) 132.85714285714px, (min-width: 992px) 107.14285714286px, (min-width: 768px) 72.857142857143px, (min-width: 576px) 105px, calc( 50vw - 30px )\" data-srcset=\"https:\/\/feuerwehr-kufstein.at\/wp-content\/uploads\/2021\/02\/IMG-20210219-WA0014-150x150.jpg 150w, https:\/\/feuerwehr-kufstein.at\/wp-content\/uploads\/2021\/02\/IMG-20210219-WA0014-510x510.jpg 510w\" src=\"data:image\/svg+xml;base64,PHN2ZyB3aWR0aD0iMSIgaGVpZ2h0PSIxIiB4bWxucz0iaHR0cDovL3d3dy53My5vcmcvMjAwMC9zdmciPjwvc3ZnPg==\" style=\"--smush-placeholder-width: 150px; --smush-placeholder-aspect-ratio: 150\/150;\" \/>\r\n                        <\/div><\/figure><figure class='gallery-item col col-auto'>\r\n                        <div class='gallery-icon portrait czr-gallery-icon'>\r\n                              <a data-lb-type=\"grouped-gallery\" href=https:\/\/feuerwehr-kufstein.at\/wp-content\/uploads\/2021\/02\/IMG-20210219-WA0022.jpg class=\"bg-link\"><\/a><img decoding=\"async\" width=\"150\" height=\"150\" data-src=\"https:\/\/feuerwehr-kufstein.at\/wp-content\/uploads\/2021\/02\/IMG-20210219-WA0022-150x150.jpg\" class=\"attachment-thumbnail size-thumbnail no-lazy lazyload\" alt=\"\" data-sizes=\"(min-width: 1200px) 132.85714285714px, (min-width: 992px) 107.14285714286px, (min-width: 768px) 72.857142857143px, (min-width: 576px) 105px, calc( 50vw - 30px )\" data-srcset=\"https:\/\/feuerwehr-kufstein.at\/wp-content\/uploads\/2021\/02\/IMG-20210219-WA0022-150x150.jpg 150w, https:\/\/feuerwehr-kufstein.at\/wp-content\/uploads\/2021\/02\/IMG-20210219-WA0022-510x510.jpg 510w\" src=\"data:image\/svg+xml;base64,PHN2ZyB3aWR0aD0iMSIgaGVpZ2h0PSIxIiB4bWxucz0iaHR0cDovL3d3dy53My5vcmcvMjAwMC9zdmciPjwvc3ZnPg==\" style=\"--smush-placeholder-width: 150px; --smush-placeholder-aspect-ratio: 150\/150;\" \/>\r\n                        <\/div><\/figure><figure class='gallery-item col col-auto'>\r\n                        <div class='gallery-icon portrait czr-gallery-icon'>\r\n                              <a data-lb-type=\"grouped-gallery\" href=https:\/\/feuerwehr-kufstein.at\/wp-content\/uploads\/2021\/02\/IMG-20210219-WA0020.jpg class=\"bg-link\"><\/a><img decoding=\"async\" width=\"150\" height=\"150\" data-src=\"https:\/\/feuerwehr-kufstein.at\/wp-content\/uploads\/2021\/02\/IMG-20210219-WA0020-150x150.jpg\" class=\"attachment-thumbnail size-thumbnail no-lazy lazyload\" alt=\"\" data-sizes=\"(min-width: 1200px) 132.85714285714px, (min-width: 992px) 107.14285714286px, (min-width: 768px) 72.857142857143px, (min-width: 576px) 105px, calc( 50vw - 30px )\" data-srcset=\"https:\/\/feuerwehr-kufstein.at\/wp-content\/uploads\/2021\/02\/IMG-20210219-WA0020-150x150.jpg 150w, https:\/\/feuerwehr-kufstein.at\/wp-content\/uploads\/2021\/02\/IMG-20210219-WA0020-510x510.jpg 510w\" src=\"data:image\/svg+xml;base64,PHN2ZyB3aWR0aD0iMSIgaGVpZ2h0PSIxIiB4bWxucz0iaHR0cDovL3d3dy53My5vcmcvMjAwMC9zdmciPjwvc3ZnPg==\" style=\"--smush-placeholder-width: 150px; --smush-placeholder-aspect-ratio: 150\/150;\" \/>\r\n                        <\/div><\/figure><figure class='gallery-item col col-auto'>\r\n                        <div class='gallery-icon portrait czr-gallery-icon'>\r\n                              <a data-lb-type=\"grouped-gallery\" href=https:\/\/feuerwehr-kufstein.at\/wp-content\/uploads\/2021\/02\/IMG-20210219-WA0021.jpg class=\"bg-link\"><\/a><img decoding=\"async\" width=\"150\" height=\"150\" data-src=\"https:\/\/feuerwehr-kufstein.at\/wp-content\/uploads\/2021\/02\/IMG-20210219-WA0021-150x150.jpg\" class=\"attachment-thumbnail size-thumbnail no-lazy lazyload\" alt=\"\" data-sizes=\"(min-width: 1200px) 132.85714285714px, (min-width: 992px) 107.14285714286px, (min-width: 768px) 72.857142857143px, (min-width: 576px) 105px, calc( 50vw - 30px )\" data-srcset=\"https:\/\/feuerwehr-kufstein.at\/wp-content\/uploads\/2021\/02\/IMG-20210219-WA0021-150x150.jpg 150w, https:\/\/feuerwehr-kufstein.at\/wp-content\/uploads\/2021\/02\/IMG-20210219-WA0021-510x510.jpg 510w\" src=\"data:image\/svg+xml;base64,PHN2ZyB3aWR0aD0iMSIgaGVpZ2h0PSIxIiB4bWxucz0iaHR0cDovL3d3dy53My5vcmcvMjAwMC9zdmciPjwvc3ZnPg==\" style=\"--smush-placeholder-width: 150px; --smush-placeholder-aspect-ratio: 150\/150;\" \/>\r\n                        <\/div><\/figure><figure class='gallery-item col col-auto'>\r\n                        <div class='gallery-icon portrait czr-gallery-icon'>\r\n                              <a data-lb-type=\"grouped-gallery\" href=https:\/\/feuerwehr-kufstein.at\/wp-content\/uploads\/2021\/02\/IMG-20210219-WA0019.jpg class=\"bg-link\"><\/a><img decoding=\"async\" width=\"150\" height=\"150\" data-src=\"https:\/\/feuerwehr-kufstein.at\/wp-content\/uploads\/2021\/02\/IMG-20210219-WA0019-150x150.jpg\" class=\"attachment-thumbnail size-thumbnail no-lazy lazyload\" alt=\"\" data-sizes=\"(min-width: 1200px) 132.85714285714px, (min-width: 992px) 107.14285714286px, (min-width: 768px) 72.857142857143px, (min-width: 576px) 105px, calc( 50vw - 30px )\" data-srcset=\"https:\/\/feuerwehr-kufstein.at\/wp-content\/uploads\/2021\/02\/IMG-20210219-WA0019-150x150.jpg 150w, https:\/\/feuerwehr-kufstein.at\/wp-content\/uploads\/2021\/02\/IMG-20210219-WA0019-510x510.jpg 510w\" src=\"data:image\/svg+xml;base64,PHN2ZyB3aWR0aD0iMSIgaGVpZ2h0PSIxIiB4bWxucz0iaHR0cDovL3d3dy53My5vcmcvMjAwMC9zdmciPjwvc3ZnPg==\" style=\"--smush-placeholder-width: 150px; --smush-placeholder-aspect-ratio: 150\/150;\" \/>\r\n                        <\/div><\/figure><figure class='gallery-item col col-auto'>\r\n                        <div class='gallery-icon portrait czr-gallery-icon'>\r\n                              <a data-lb-type=\"grouped-gallery\" href=https:\/\/feuerwehr-kufstein.at\/wp-content\/uploads\/2021\/02\/IMG-20210219-WA0018.jpg class=\"bg-link\"><\/a><img decoding=\"async\" width=\"150\" height=\"150\" data-src=\"https:\/\/feuerwehr-kufstein.at\/wp-content\/uploads\/2021\/02\/IMG-20210219-WA0018-150x150.jpg\" class=\"attachment-thumbnail size-thumbnail no-lazy lazyload\" alt=\"\" data-sizes=\"(min-width: 1200px) 132.85714285714px, (min-width: 992px) 107.14285714286px, (min-width: 768px) 72.857142857143px, (min-width: 576px) 105px, calc( 50vw - 30px )\" data-srcset=\"https:\/\/feuerwehr-kufstein.at\/wp-content\/uploads\/2021\/02\/IMG-20210219-WA0018-150x150.jpg 150w, https:\/\/feuerwehr-kufstein.at\/wp-content\/uploads\/2021\/02\/IMG-20210219-WA0018-510x510.jpg 510w\" src=\"data:image\/svg+xml;base64,PHN2ZyB3aWR0aD0iMSIgaGVpZ2h0PSIxIiB4bWxucz0iaHR0cDovL3d3dy53My5vcmcvMjAwMC9zdmciPjwvc3ZnPg==\" style=\"--smush-placeholder-width: 150px; --smush-placeholder-aspect-ratio: 150\/150;\" \/>\r\n                        <\/div><\/figure>\r\n                  <\/div>\n\n<p>Bildnachweis: STADTFEUERWEHR Kufstein<\/p>\n","protected":false},"excerpt":{"rendered":"<p>UPDATE: Die Polizei geht von einer Brandstiftung aus und sucht in diesem Zusammenhang Zeugen, welche am Freitag, den 9.2.21 gegen 19:00 Uhr in der Kaiserbergstra\u00dfe bzw. in der n\u00e4heren\u00a0 Umgebung eine Person mit schwarzem Kapuzenpullover, Jeans und gr\u00fcnen Schuhen gesehen haben. Zweckdienliche Hinweise an die Polizei Kufstein 059133 7210 &nbsp; Am Freitag, den 19. Februar [&hellip;]<\/p>\n","protected":false},"author":4,"featured_media":6917,"template":"","meta":{"einsatz_weight":1,"footnotes":""},"categories":[1],"tags":[],"einsatzart":[26],"fahrzeug":[32,23,31],"exteinsatzmittel":[51,35],"alarmierungsart":[69],"evw_unit":[],"class_list":{"0":"post-6920","1":"einsatz","2":"type-einsatz","3":"status-publish","4":"has-post-thumbnail","6":"category-einsaetze","7":"einsatzart-brandeinsatz","8":"fahrzeug-drehleiter","9":"fahrzeug-kommandofahrzeug","10":"fahrzeug-tankloeschfahrzeug","11":"exteinsatzmittel-bundespolizei","12":"exteinsatzmittel-oerk","13":"alarmierungsart-pager","14":"czr-hentry"},"_links":{"self":[{"href":"https:\/\/feuerwehr-kufstein.at\/index.php?rest_route=\/wp\/v2\/einsatz\/6920","targetHints":{"allow":["GET"]}}],"collection":[{"href":"https:\/\/feuerwehr-kufstein.at\/index.php?rest_route=\/wp\/v2\/einsatz"}],"about":[{"href":"https:\/\/feuerwehr-kufstein.at\/index.php?rest_route=\/wp\/v2\/types\/einsatz"}],"author":[{"embeddable":true,"href":"https:\/\/feuerwehr-kufstein.at\/index.php?rest_route=\/wp\/v2\/users\/4"}],"version-history":[{"count":0,"href":"https:\/\/feuerwehr-kufstein.at\/index.php?rest_route=\/wp\/v2\/einsatz\/6920\/revisions"}],"wp:featuredmedia":[{"embeddable":true,"href":"https:\/\/feuerwehr-kufstein.at\/index.php?rest_route=\/wp\/v2\/media\/6917"}],"wp:attachment":[{"href":"https:\/\/feuerwehr-kufstein.at\/index.php?rest_route=%2Fwp%2Fv2%2Fmedia&parent=6920"}],"wp:term":[{"taxonomy":"category","embeddable":true,"href":"https:\/\/feuerwehr-kufstein.at\/index.php?rest_route=%2Fwp%2Fv2%2Fcategories&post=6920"},{"taxonomy":"post_tag","embeddable":true,"href":"https:\/\/feuerwehr-kufstein.at\/index.php?rest_route=%2Fwp%2Fv2%2Ftags&post=6920"},{"taxonomy":"einsatzart","embeddable":true,"href":"https:\/\/feuerwehr-kufstein.at\/index.php?rest_route=%2Fwp%2Fv2%2Feinsatzart&post=6920"},{"taxonomy":"fahrzeug","embeddable":true,"href":"https:\/\/feuerwehr-kufstein.at\/index.php?rest_route=%2Fwp%2Fv2%2Ffahrzeug&post=6920"},{"taxonomy":"exteinsatzmittel","embeddable":true,"href":"https:\/\/feuerwehr-kufstein.at\/index.php?rest_route=%2Fwp%2Fv2%2Fexteinsatzmittel&post=6920"},{"taxonomy":"alarmierungsart","embeddable":true,"href":"https:\/\/feuerwehr-kufstein.at\/index.php?rest_route=%2Fwp%2Fv2%2Falarmierungsart&post=6920"},{"taxonomy":"evw_unit","embeddable":true,"href":"https:\/\/feuerwehr-kufstein.at\/index.php?rest_route=%2Fwp%2Fv2%2Fevw_unit&post=6920"}],"curies":[{"name":"wp","href":"https:\/\/api.w.org\/{rel}","templated":true}]}}

<p><span style="color: #ff0000;"><strong>UPDATE: Die Polizei geht von einer Brandstiftung aus und sucht in diesem Zusammenhang Zeugen, welche am Freitag, den 9.2.21 gegen 19:00 Uhr in der Kaiserbergstraße bzw. in der näheren  Umgebung eine Person mit schwarzem Kapuzenpullover, Jeans und grünen Schuhen gesehen haben.</strong></span></p>
<p><span style="color: #ff0000;"><strong>Zweckdienliche Hinweise an die Polizei Kufstein 059133 7210</strong></span></p>
<p>&nbsp;</p>
<p>Am Freitag, den <strong>19. Februar 2021</strong>, wurde die <strong>STADTFEUERWEHR Kufstein</strong> um 18:57 Uhr von der Leitstelle Tirol mittels stiller Alarmierung zu einem Brandeinsatz gerufen.</p>
<p>Einsatzstichwort war dabei <strong>&#8222;Brand Kleinobjekt im Gebäude&#8220;</strong></p>
<p>In der Tiefgarage eines Mehrfamilienhauses in Kufstein geriet eine Matratze aus noch ungeklärter Ursache in Brand.</p>
<p>Den Bewohner gelang es vor Eintreffen der Feuerwehr den Brand mittels Feuerlöscher unter Kontrolle zu bringen.</p>
<p>Bereits auf der Anfahrt rüsteten sich die Einsatzkräfte mit schwerem Atemschutz aus, jedoch konnte beim Eintreffen am Einsatzort glücklicherweise sofort “Brand aus” gegeben werden.</p>
<p>Es wurde die Matratze aus dem Objekt ins Freie gebracht und die Garage mittels Hochdrucklüfter belüftet.</p>
<p>Der Einsatz konnte somit nach kurzer Zeit beendet werden.</p>
<div id='gallery-1' class='czr-gallery row flex-row czr-gallery-style gallery galleryid-6920 gallery-columns-7 gallery-size-thumbnail'><figure class='gallery-item col col-auto'>
                        <div class='gallery-icon portrait czr-gallery-icon'>
                              <a data-lb-type="grouped-gallery" href=https://feuerwehr-kufstein.at/wp-content/uploads/2021/02/IMG-20210219-WA0015.jpg class="bg-link"></a><img decoding="async" width="150" height="150" data-src="https://feuerwehr-kufstein.at/wp-content/uploads/2021/02/IMG-20210219-WA0015-150x150.jpg" class="attachment-thumbnail size-thumbnail no-lazy lazyload" alt="" data-sizes="(min-width: 1200px) 132.85714285714px, (min-width: 992px) 107.14285714286px, (min-width: 768px) 72.857142857143px, (min-width: 576px) 105px, calc( 50vw - 30px )" data-srcset="https://feuerwehr-kufstein.at/wp-content/uploads/2021/02/IMG-20210219-WA0015-150x150.jpg 150w, https://feuerwehr-kufstein.at/wp-content/uploads/2021/02/IMG-20210219-WA0015-510x510.jpg 510w" src="data:image/svg+xml;base64,PHN2ZyB3aWR0aD0iMSIgaGVpZ2h0PSIxIiB4bWxucz0iaHR0cDovL3d3dy53My5vcmcvMjAwMC9zdmciPjwvc3ZnPg==" style="--smush-placeholder-width: 150px; --smush-placeholder-aspect-ratio: 150/150;" />
                        </div></figure><figure class='gallery-item col col-auto'>
                        <div class='gallery-icon portrait czr-gallery-icon'>
                              <a data-lb-type="grouped-gallery" href=https://feuerwehr-kufstein.at/wp-content/uploads/2021/02/IMG-20210219-WA0014.jpg class="bg-link"></a><img decoding="async" width="150" height="150" data-src="https://feuerwehr-kufstein.at/wp-content/uploads/2021/02/IMG-20210219-WA0014-150x150.jpg" class="attachment-thumbnail size-thumbnail no-lazy lazyload" alt="" data-sizes="(min-width: 1200px) 132.85714285714px, (min-width: 992px) 107.14285714286px, (min-width: 768px) 72.857142857143px, (min-width: 576px) 105px, calc( 50vw - 30px )" data-srcset="https://feuerwehr-kufstein.at/wp-content/uploads/2021/02/IMG-20210219-WA0014-150x150.jpg 150w, https://feuerwehr-kufstein.at/wp-content/uploads/2021/02/IMG-20210219-WA0014-510x510.jpg 510w" src="data:image/svg+xml;base64,PHN2ZyB3aWR0aD0iMSIgaGVpZ2h0PSIxIiB4bWxucz0iaHR0cDovL3d3dy53My5vcmcvMjAwMC9zdmciPjwvc3ZnPg==" style="--smush-placeholder-width: 150px; --smush-placeholder-aspect-ratio: 150/150;" />
                        </div></figure><figure class='gallery-item col col-auto'>
                        <div class='gallery-icon portrait czr-gallery-icon'>
                              <a data-lb-type="grouped-gallery" href=https://feuerwehr-kufstein.at/wp-content/uploads/2021/02/IMG-20210219-WA0022.jpg class="bg-link"></a><img decoding="async" width="150" height="150" data-src="https://feuerwehr-kufstein.at/wp-content/uploads/2021/02/IMG-20210219-WA0022-150x150.jpg" class="attachment-thumbnail size-thumbnail no-lazy lazyload" alt="" data-sizes="(min-width: 1200px) 132.85714285714px, (min-width: 992px) 107.14285714286px, (min-width: 768px) 72.857142857143px, (min-width: 576px) 105px, calc( 50vw - 30px )" data-srcset="https://feuerwehr-kufstein.at/wp-content/uploads/2021/02/IMG-20210219-WA0022-150x150.jpg 150w, https://feuerwehr-kufstein.at/wp-content/uploads/2021/02/IMG-20210219-WA0022-510x510.jpg 510w" src="data:image/svg+xml;base64,PHN2ZyB3aWR0aD0iMSIgaGVpZ2h0PSIxIiB4bWxucz0iaHR0cDovL3d3dy53My5vcmcvMjAwMC9zdmciPjwvc3ZnPg==" style="--smush-placeholder-width: 150px; --smush-placeholder-aspect-ratio: 150/150;" />
                        </div></figure><figure class='gallery-item col col-auto'>
                        <div class='gallery-icon portrait czr-gallery-icon'>
                              <a data-lb-type="grouped-gallery" href=https://feuerwehr-kufstein.at/wp-content/uploads/2021/02/IMG-20210219-WA0020.jpg class="bg-link"></a><img decoding="async" width="150" height="150" data-src="https://feuerwehr-kufstein.at/wp-content/uploads/2021/02/IMG-20210219-WA0020-150x150.jpg" class="attachment-thumbnail size-thumbnail no-lazy lazyload" alt="" data-sizes="(min-width: 1200px) 132.85714285714px, (min-width: 992px) 107.14285714286px, (min-width: 768px) 72.857142857143px, (min-width: 576px) 105px, calc( 50vw - 30px )" data-srcset="https://feuerwehr-kufstein.at/wp-content/uploads/2021/02/IMG-20210219-WA0020-150x150.jpg 150w, https://feuerwehr-kufstein.at/wp-content/uploads/2021/02/IMG-20210219-WA0020-510x510.jpg 510w" src="data:image/svg+xml;base64,PHN2ZyB3aWR0aD0iMSIgaGVpZ2h0PSIxIiB4bWxucz0iaHR0cDovL3d3dy53My5vcmcvMjAwMC9zdmciPjwvc3ZnPg==" style="--smush-placeholder-width: 150px; --smush-placeholder-aspect-ratio: 150/150;" />
                        </div></figure><figure class='gallery-item col col-auto'>
                        <div class='gallery-icon portrait czr-gallery-icon'>
                              <a data-lb-type="grouped-gallery" href=https://feuerwehr-kufstein.at/wp-content/uploads/2021/02/IMG-20210219-WA0021.jpg class="bg-link"></a><img decoding="async" width="150" height="150" data-src="https://feuerwehr-kufstein.at/wp-content/uploads/2021/02/IMG-20210219-WA0021-150x150.jpg" class="attachment-thumbnail size-thumbnail no-lazy lazyload" alt="" data-sizes="(min-width: 1200px) 132.85714285714px, (min-width: 992px) 107.14285714286px, (min-width: 768px) 72.857142857143px, (min-width: 576px) 105px, calc( 50vw - 30px )" data-srcset="https://feuerwehr-kufstein.at/wp-content/uploads/2021/02/IMG-20210219-WA0021-150x150.jpg 150w, https://feuerwehr-kufstein.at/wp-content/uploads/2021/02/IMG-20210219-WA0021-510x510.jpg 510w" src="data:image/svg+xml;base64,PHN2ZyB3aWR0aD0iMSIgaGVpZ2h0PSIxIiB4bWxucz0iaHR0cDovL3d3dy53My5vcmcvMjAwMC9zdmciPjwvc3ZnPg==" style="--smush-placeholder-width: 150px; --smush-placeholder-aspect-ratio: 150/150;" />
                        </div></figure><figure class='gallery-item col col-auto'>
                        <div class='gallery-icon portrait czr-gallery-icon'>
                              <a data-lb-type="grouped-gallery" href=https://feuerwehr-kufstein.at/wp-content/uploads/2021/02/IMG-20210219-WA0019.jpg class="bg-link"></a><img decoding="async" width="150" height="150" data-src="https://feuerwehr-kufstein.at/wp-content/uploads/2021/02/IMG-20210219-WA0019-150x150.jpg" class="attachment-thumbnail size-thumbnail no-lazy lazyload" alt="" data-sizes="(min-width: 1200px) 132.85714285714px, (min-width: 992px) 107.14285714286px, (min-width: 768px) 72.857142857143px, (min-width: 576px) 105px, calc( 50vw - 30px )" data-srcset="https://feuerwehr-kufstein.at/wp-content/uploads/2021/02/IMG-20210219-WA0019-150x150.jpg 150w, https://feuerwehr-kufstein.at/wp-content/uploads/2021/02/IMG-20210219-WA0019-510x510.jpg 510w" src="data:image/svg+xml;base64,PHN2ZyB3aWR0aD0iMSIgaGVpZ2h0PSIxIiB4bWxucz0iaHR0cDovL3d3dy53My5vcmcvMjAwMC9zdmciPjwvc3ZnPg==" style="--smush-placeholder-width: 150px; --smush-placeholder-aspect-ratio: 150/150;" />
                        </div></figure><figure class='gallery-item col col-auto'>
                        <div class='gallery-icon portrait czr-gallery-icon'>
                              <a data-lb-type="grouped-gallery" href=https://feuerwehr-kufstein.at/wp-content/uploads/2021/02/IMG-20210219-WA0018.jpg class="bg-link"></a><img decoding="async" width="150" height="150" data-src="https://feuerwehr-kufstein.at/wp-content/uploads/2021/02/IMG-20210219-WA0018-150x150.jpg" class="attachment-thumbnail size-thumbnail no-lazy lazyload" alt="" data-sizes="(min-width: 1200px) 132.85714285714px, (min-width: 992px) 107.14285714286px, (min-width: 768px) 72.857142857143px, (min-width: 576px) 105px, calc( 50vw - 30px )" data-srcset="https://feuerwehr-kufstein.at/wp-content/uploads/2021/02/IMG-20210219-WA0018-150x150.jpg 150w, https://feuerwehr-kufstein.at/wp-content/uploads/2021/02/IMG-20210219-WA0018-510x510.jpg 510w" src="data:image/svg+xml;base64,PHN2ZyB3aWR0aD0iMSIgaGVpZ2h0PSIxIiB4bWxucz0iaHR0cDovL3d3dy53My5vcmcvMjAwMC9zdmciPjwvc3ZnPg==" style="--smush-placeholder-width: 150px; --smush-placeholder-aspect-ratio: 150/150;" />
                        </div></figure>
                  </div>

<p>Bildnachweis: STADTFEUERWEHR Kufstein</p>

<p>UPDATE: Die Polizei geht von einer Brandstiftung aus und sucht in diesem Zusammenhang Zeugen, welche am Freitag, den 9.2.21 gegen 19:00 Uhr in der Kaiserbergstraße bzw. in der näheren  Umgebung eine Person mit schwarzem Kapuzenpullover, Jeans und grünen Schuhen gesehen haben. Zweckdienliche Hinweise an die Polizei Kufstein 059133 7210 &nbsp; Am Freitag, den 19. Februar [&hellip;]</p>
