{"id":1233,"date":"2018-12-11T15:50:10","date_gmt":"2018-12-11T15:50:10","guid":{"rendered":"https:\/\/k100413-1.kufnet.at\/?page_id=1233"},"modified":"2019-01-02T19:22:14","modified_gmt":"2019-01-02T18:22:14","slug":"last-3","status":"publish","type":"page","link":"https:\/\/feuerwehr-kufstein.at\/?page_id=1233","title":{"rendered":"LAST 3"},"content":{"rendered":"<p><span style=\"color: #000000;\"><img decoding=\"async\" class=\"aligncenter wp-image-199 size-large lazyload\" data-src=\"http:\/\/feuerwehr-kufstein.at\/wp-content\/uploads\/2018\/10\/LAST-3-Full-HD-e1544651149430-1024x530.jpg\" alt=\"\" width=\"1024\" height=\"530\" src=\"data:image\/svg+xml;base64,PHN2ZyB3aWR0aD0iMSIgaGVpZ2h0PSIxIiB4bWxucz0iaHR0cDovL3d3dy53My5vcmcvMjAwMC9zdmciPjwvc3ZnPg==\" style=\"--smush-placeholder-width: 1024px; --smush-placeholder-aspect-ratio: 1024\/530;\" \/><\/span><\/p>\n<p style=\"text-align: center;\"><span style=\"color: #000000;\"><strong>POLARIS<\/strong><\/span><br \/>\n<span style=\"color: #000000;\"><strong>Baujahr 2008<\/strong><\/span><br \/>\n<span style=\"color: #000000;\"><strong>Viercraft<\/strong><\/span><\/p>\n<p>&nbsp;<\/p>\n<p class=\"align_left\" style=\"text-align: center;\"><span style=\"color: #000000;\">Der LAST 3 wird immer dort eingesetzt, wo &#8222;normale Fahrzeuge&#8220; nicht mehr weiterkommen, n\u00e4mlich in schmalem unwegsamen Gel\u00e4nde.<\/span><br \/>\n<span style=\"color: #000000;\">Er hat sich bei Waldbr\u00e4nden zur Bef\u00f6rderung von Tragkraftspritzen sowie Schlauchmaterial bew\u00e4hrt.\u00a0<\/span><span style=\"color: #000000;\">Au\u00dferdem kommt er gelegentlich entlang des Hechtseeufers (schmaler Forstweg) zum Einsatz, um verunfallten Personen einen m\u00f6glichst schonenden Transport bis zum Rettungswagen zu erm\u00f6glichen. Der Patient kann dazu liegend mit einer &#8211; auf der Ladefl\u00e4che angebrachten &#8211; Schleifkorbtrage abtransportiert werden.<\/span><\/p>\n<p class=\"align_center\"><span style=\"color: #000000;\"><a href=\"http:\/\/feuerwehr-kufstein.at\/wp-content\/uploads\/2018\/10\/DSC03364.jpg\"><img decoding=\"async\" class=\"aligncenter wp-image-386 size-medium lazyload\" data-src=\"http:\/\/feuerwehr-kufstein.at\/wp-content\/uploads\/2018\/10\/DSC03364-300x200.jpg\" alt=\"\" width=\"300\" height=\"200\" data-srcset=\"https:\/\/feuerwehr-kufstein.at\/wp-content\/uploads\/2018\/10\/DSC03364-300x200.jpg 300w, https:\/\/feuerwehr-kufstein.at\/wp-content\/uploads\/2018\/10\/DSC03364-1536x1024.jpg 1536w, https:\/\/feuerwehr-kufstein.at\/wp-content\/uploads\/2018\/10\/DSC03364-2048x1365.jpg 2048w, https:\/\/feuerwehr-kufstein.at\/wp-content\/uploads\/2018\/10\/DSC03364-768x512.jpg 768w, https:\/\/feuerwehr-kufstein.at\/wp-content\/uploads\/2018\/10\/DSC03364-1024x683.jpg 1024w\" data-sizes=\"(max-width: 300px) 100vw, 300px\" src=\"data:image\/svg+xml;base64,PHN2ZyB3aWR0aD0iMSIgaGVpZ2h0PSIxIiB4bWxucz0iaHR0cDovL3d3dy53My5vcmcvMjAwMC9zdmciPjwvc3ZnPg==\" style=\"--smush-placeholder-width: 300px; --smush-placeholder-aspect-ratio: 300\/200;\" \/><\/a>\u00a0 \u00a0<\/span><img decoding=\"async\" class=\"alignnone size-medium wp-image-387 aligncenter lazyload\"Times New Roman', Times, serif;\" data-src=\"http:\/\/feuerwehr-kufstein.at\/wp-content\/uploads\/2018\/10\/DSC03348-300x200.jpg\" alt=\"\" width=\"300\" height=\"200\" data-srcset=\"https:\/\/feuerwehr-kufstein.at\/wp-content\/uploads\/2018\/10\/DSC03348-300x200.jpg 300w, https:\/\/feuerwehr-kufstein.at\/wp-content\/uploads\/2018\/10\/DSC03348-1536x1024.jpg 1536w, https:\/\/feuerwehr-kufstein.at\/wp-content\/uploads\/2018\/10\/DSC03348-2048x1365.jpg 2048w, https:\/\/feuerwehr-kufstein.at\/wp-content\/uploads\/2018\/10\/DSC03348-768x512.jpg 768w, https:\/\/feuerwehr-kufstein.at\/wp-content\/uploads\/2018\/10\/DSC03348-1024x683.jpg 1024w\" data-sizes=\"(max-width: 300px) 100vw, 300px\" src=\"data:image\/svg+xml;base64,PHN2ZyB3aWR0aD0iMSIgaGVpZ2h0PSIxIiB4bWxucz0iaHR0cDovL3d3dy53My5vcmcvMjAwMC9zdmciPjwvc3ZnPg==\" style=\"--smush-placeholder-width: 300px; --smush-placeholder-aspect-ratio: 300\/200;\" \/><\/p>\n","protected":false},"excerpt":{"rendered":"<p>POLARIS Baujahr 2008 Viercraft &nbsp; Der LAST 3 wird immer dort eingesetzt, wo &#8222;normale Fahrzeuge&#8220; nicht mehr weiterkommen, n\u00e4mlich in schmalem unwegsamen Gel\u00e4nde. Er hat sich bei Waldbr\u00e4nden zur Bef\u00f6rderung von Tragkraftspritzen sowie Schlauchmaterial bew\u00e4hrt.\u00a0Au\u00dferdem kommt er gelegentlich entlang des Hechtseeufers (schmaler Forstweg) zum Einsatz, um verunfallten Personen einen m\u00f6glichst schonenden Transport bis zum Rettungswagen [&hellip;]<\/p>\n","protected":false},"author":2,"featured_media":0,"parent":544,"menu_order":11,"comment_status":"closed","ping_status":"closed","template":"","meta":{"footnotes":""},"class_list":["post-1233","page","type-page","status-publish","czr-hentry"],"_links":{"self":[{"href":"https:\/\/feuerwehr-kufstein.at\/index.php?rest_route=\/wp\/v2\/pages\/1233","targetHints":{"allow":["GET"]}}],"collection":[{"href":"https:\/\/feuerwehr-kufstein.at\/index.php?rest_route=\/wp\/v2\/pages"}],"about":[{"href":"https:\/\/feuerwehr-kufstein.at\/index.php?rest_route=\/wp\/v2\/types\/page"}],"author":[{"embeddable":true,"href":"https:\/\/feuerwehr-kufstein.at\/index.php?rest_route=\/wp\/v2\/users\/2"}],"replies":[{"embeddable":true,"href":"https:\/\/feuerwehr-kufstein.at\/index.php?rest_route=%2Fwp%2Fv2%2Fcomments&post=1233"}],"version-history":[{"count":0,"href":"https:\/\/feuerwehr-kufstein.at\/index.php?rest_route=\/wp\/v2\/pages\/1233\/revisions"}],"up":[{"embeddable":true,"href":"https:\/\/feuerwehr-kufstein.at\/index.php?rest_route=\/wp\/v2\/pages\/544"}],"wp:attachment":[{"href":"https:\/\/feuerwehr-kufstein.at\/index.php?rest_route=%2Fwp%2Fv2%2Fmedia&parent=1233"}],"curies":[{"name":"wp","href":"https:\/\/api.w.org\/{rel}","templated":true}]}}

<p><span style="color: #000000;"><img decoding="async" class="aligncenter wp-image-199 size-large lazyload" data-src="http://feuerwehr-kufstein.at/wp-content/uploads/2018/10/LAST-3-Full-HD-e1544651149430-1024x530.jpg" alt="" width="1024" height="530" src="data:image/svg+xml;base64,PHN2ZyB3aWR0aD0iMSIgaGVpZ2h0PSIxIiB4bWxucz0iaHR0cDovL3d3dy53My5vcmcvMjAwMC9zdmciPjwvc3ZnPg==" style="--smush-placeholder-width: 1024px; --smush-placeholder-aspect-ratio: 1024/530;" /></span></p>
<p style="text-align: center;"><span style="color: #000000;"><strong>POLARIS</strong></span><br />
<span style="color: #000000;"><strong>Baujahr 2008</strong></span><br />
<span style="color: #000000;"><strong>Viercraft</strong></span></p>
<p>&nbsp;</p>
<p class="align_left" style="text-align: center;"><span style="color: #000000;">Der LAST 3 wird immer dort eingesetzt, wo &#8222;normale Fahrzeuge&#8220; nicht mehr weiterkommen, nämlich in schmalem unwegsamen Gelände.</span><br />
<span style="color: #000000;">Er hat sich bei Waldbränden zur Beförderung von Tragkraftspritzen sowie Schlauchmaterial bewährt. </span><span style="color: #000000;">Außerdem kommt er gelegentlich entlang des Hechtseeufers (schmaler Forstweg) zum Einsatz, um verunfallten Personen einen möglichst schonenden Transport bis zum Rettungswagen zu ermöglichen. Der Patient kann dazu liegend mit einer &#8211; auf der Ladefläche angebrachten &#8211; Schleifkorbtrage abtransportiert werden.</span></p>
<p class="align_center"><span style="color: #000000;"><a href="http://feuerwehr-kufstein.at/wp-content/uploads/2018/10/DSC03364.jpg"><img decoding="async" class="aligncenter wp-image-386 size-medium lazyload" data-src="http://feuerwehr-kufstein.at/wp-content/uploads/2018/10/DSC03364-300x200.jpg" alt="" width="300" height="200" data-srcset="https://feuerwehr-kufstein.at/wp-content/uploads/2018/10/DSC03364-300x200.jpg 300w, https://feuerwehr-kufstein.at/wp-content/uploads/2018/10/DSC03364-1536x1024.jpg 1536w, https://feuerwehr-kufstein.at/wp-content/uploads/2018/10/DSC03364-2048x1365.jpg 2048w, https://feuerwehr-kufstein.at/wp-content/uploads/2018/10/DSC03364-768x512.jpg 768w, https://feuerwehr-kufstein.at/wp-content/uploads/2018/10/DSC03364-1024x683.jpg 1024w" data-sizes="(max-width: 300px) 100vw, 300px" src="data:image/svg+xml;base64,PHN2ZyB3aWR0aD0iMSIgaGVpZ2h0PSIxIiB4bWxucz0iaHR0cDovL3d3dy53My5vcmcvMjAwMC9zdmciPjwvc3ZnPg==" style="--smush-placeholder-width: 300px; --smush-placeholder-aspect-ratio: 300/200;" /></a>   </span><img decoding="async" class="alignnone size-medium wp-image-387 aligncenter lazyload"Times New Roman', Times, serif;" data-src="http://feuerwehr-kufstein.at/wp-content/uploads/2018/10/DSC03348-300x200.jpg" alt="" width="300" height="200" data-srcset="https://feuerwehr-kufstein.at/wp-content/uploads/2018/10/DSC03348-300x200.jpg 300w, https://feuerwehr-kufstein.at/wp-content/uploads/2018/10/DSC03348-1536x1024.jpg 1536w, https://feuerwehr-kufstein.at/wp-content/uploads/2018/10/DSC03348-2048x1365.jpg 2048w, https://feuerwehr-kufstein.at/wp-content/uploads/2018/10/DSC03348-768x512.jpg 768w, https://feuerwehr-kufstein.at/wp-content/uploads/2018/10/DSC03348-1024x683.jpg 1024w" data-sizes="(max-width: 300px) 100vw, 300px" src="data:image/svg+xml;base64,PHN2ZyB3aWR0aD0iMSIgaGVpZ2h0PSIxIiB4bWxucz0iaHR0cDovL3d3dy53My5vcmcvMjAwMC9zdmciPjwvc3ZnPg==" style="--smush-placeholder-width: 300px; --smush-placeholder-aspect-ratio: 300/200;" /></p>

<p>POLARIS Baujahr 2008 Viercraft &nbsp; Der LAST 3 wird immer dort eingesetzt, wo &#8222;normale Fahrzeuge&#8220; nicht mehr weiterkommen, nämlich in schmalem unwegsamen Gelände. Er hat sich bei Waldbränden zur Beförderung von Tragkraftspritzen sowie Schlauchmaterial bewährt. Außerdem kommt er gelegentlich entlang des Hechtseeufers (schmaler Forstweg) zum Einsatz, um verunfallten Personen einen möglichst schonenden Transport bis zum Rettungswagen [&hellip;]</p>
