{"id":1259,"date":"2018-12-11T16:14:49","date_gmt":"2018-12-11T16:14:49","guid":{"rendered":"https:\/\/k100413-1.kufnet.at\/?page_id=1259"},"modified":"2020-01-27T19:34:06","modified_gmt":"2020-01-27T18:34:06","slug":"tank-2","status":"publish","type":"page","link":"https:\/\/feuerwehr-kufstein.at\/?page_id=1259","title":{"rendered":"TANK 2 a.D."},"content":{"rendered":"<p><span style=\"color: #000000;\"><img decoding=\"async\" class=\"aligncenter wp-image-209 size-large lazyload\" data-src=\"http:\/\/feuerwehr-kufstein.at\/wp-content\/uploads\/2018\/10\/TLFA-Full-HD-e1544650175983-1024x520.jpg\" alt=\"\" width=\"1024\" height=\"520\" src=\"data:image\/svg+xml;base64,PHN2ZyB3aWR0aD0iMSIgaGVpZ2h0PSIxIiB4bWxucz0iaHR0cDovL3d3dy53My5vcmcvMjAwMC9zdmciPjwvc3ZnPg==\" style=\"--smush-placeholder-width: 1024px; --smush-placeholder-aspect-ratio: 1024\/520;\" \/><\/span><\/p>\n<p style=\"text-align: center;\"><span style=\"color: #000000;\"><strong>Tankl\u00f6schfahrzeug mit Allrad 3000<\/strong><\/span><br \/>\n<span style=\"color: #000000;\"><strong>Baujahr 1990<\/strong><\/span><br \/>\n<span style=\"color: #000000;\"><strong>Mercedes 1225<\/strong><\/span><br \/>\n<span style=\"color: #000000;\"><strong>Rosenbauer<br \/>\nBesatzung 1:8<br \/>\nau\u00dfer Dienst gestellt am: 23. J\u00e4nner 2020<\/strong><\/span><\/p>\n<p>&nbsp;<\/p>\n<p style=\"text-align: center;\"><span style=\"color: #000000;\">Das TLFA dient haupts\u00e4chlich der Brandbek\u00e4mpfung. Zu diesem Zweck f\u00fchrt es 3000 l Wasser mit sich, die je nach Wasserverbrauch f\u00fcr einige Minuten bis zu einer halben Stunde f\u00fcr einen L\u00f6schangriff zur Verf\u00fcgung stehen. Danach muss eine externe Wasserversorgung aufgebaut werden.<\/span><\/p>\n<p>&nbsp;<\/p>\n<p>&nbsp;<\/p>\n<p><span style=\"color: #000000;\"><strong>Laderaum 1<br \/>\n<\/strong><a style=\"color: #000000;\" href=\"http:\/\/feuerwehr-kufstein.at\/wp-content\/uploads\/2018\/10\/DSC05141-Full-HD-e1539073933889.jpg\"><img decoding=\"async\" class=\"alignnone wp-image-113 size-medium lazyload\" data-src=\"http:\/\/feuerwehr-kufstein.at\/wp-content\/uploads\/2018\/10\/DSC05141-Full-HD-e1539073933889-200x300.jpg\" alt=\"\" width=\"200\" height=\"300\" data-srcset=\"https:\/\/feuerwehr-kufstein.at\/wp-content\/uploads\/2018\/10\/DSC05141-Full-HD-e1539073933889-200x300.jpg 200w, https:\/\/feuerwehr-kufstein.at\/wp-content\/uploads\/2018\/10\/DSC05141-Full-HD-e1539073933889-1024x1536.jpg 1024w, https:\/\/feuerwehr-kufstein.at\/wp-content\/uploads\/2018\/10\/DSC05141-Full-HD-e1539073933889-768x1152.jpg 768w, https:\/\/feuerwehr-kufstein.at\/wp-content\/uploads\/2018\/10\/DSC05141-Full-HD-e1539073933889-683x1024.jpg 683w, https:\/\/feuerwehr-kufstein.at\/wp-content\/uploads\/2018\/10\/DSC05141-Full-HD-e1539073933889.jpg 1080w\" data-sizes=\"(max-width: 200px) 100vw, 200px\" src=\"data:image\/svg+xml;base64,PHN2ZyB3aWR0aD0iMSIgaGVpZ2h0PSIxIiB4bWxucz0iaHR0cDovL3d3dy53My5vcmcvMjAwMC9zdmciPjwvc3ZnPg==\" style=\"--smush-placeholder-width: 200px; --smush-placeholder-aspect-ratio: 200\/300;\" \/><\/a><\/span><br \/>\n<span style=\"color: #000000;\">versch.Werkzeuge, einen 8 kVA Stromerzeuger, Stativ und Lichtfluter<\/span><\/p>\n<p>&nbsp;<\/p>\n<p><span style=\"color: #000000;\"><strong>Laderaum 2<br \/>\n<\/strong><a style=\"color: #000000;\" href=\"http:\/\/feuerwehr-kufstein.at\/wp-content\/uploads\/2018\/10\/DSC05150-Full-HD-e1539074089302.jpg\"><img decoding=\"async\" class=\"alignnone wp-image-122 size-medium lazyload\" data-src=\"http:\/\/feuerwehr-kufstein.at\/wp-content\/uploads\/2018\/10\/DSC05150-Full-HD-e1539074089302-200x300.jpg\" alt=\"\" width=\"200\" height=\"300\" data-srcset=\"https:\/\/feuerwehr-kufstein.at\/wp-content\/uploads\/2018\/10\/DSC05150-Full-HD-e1539074089302-200x300.jpg 200w, https:\/\/feuerwehr-kufstein.at\/wp-content\/uploads\/2018\/10\/DSC05150-Full-HD-e1539074089302-1024x1536.jpg 1024w, https:\/\/feuerwehr-kufstein.at\/wp-content\/uploads\/2018\/10\/DSC05150-Full-HD-e1539074089302-768x1152.jpg 768w, https:\/\/feuerwehr-kufstein.at\/wp-content\/uploads\/2018\/10\/DSC05150-Full-HD-e1539074089302-683x1024.jpg 683w, https:\/\/feuerwehr-kufstein.at\/wp-content\/uploads\/2018\/10\/DSC05150-Full-HD-e1539074089302.jpg 1080w\" data-sizes=\"(max-width: 200px) 100vw, 200px\" src=\"data:image\/svg+xml;base64,PHN2ZyB3aWR0aD0iMSIgaGVpZ2h0PSIxIiB4bWxucz0iaHR0cDovL3d3dy53My5vcmcvMjAwMC9zdmciPjwvc3ZnPg==\" style=\"--smush-placeholder-width: 200px; --smush-placeholder-aspect-ratio: 200\/300;\" \/><\/a>\u00a0 <a style=\"color: #000000;\" href=\"http:\/\/feuerwehr-kufstein.at\/wp-content\/uploads\/2018\/10\/DSC05151-Full-HD-e1539074098749.jpg\"><img decoding=\"async\" class=\"alignnone wp-image-123 size-medium lazyload\" data-src=\"http:\/\/feuerwehr-kufstein.at\/wp-content\/uploads\/2018\/10\/DSC05151-Full-HD-e1539074098749-200x300.jpg\" alt=\"\" width=\"200\" height=\"300\" data-srcset=\"https:\/\/feuerwehr-kufstein.at\/wp-content\/uploads\/2018\/10\/DSC05151-Full-HD-e1539074098749-200x300.jpg 200w, https:\/\/feuerwehr-kufstein.at\/wp-content\/uploads\/2018\/10\/DSC05151-Full-HD-e1539074098749-1024x1536.jpg 1024w, https:\/\/feuerwehr-kufstein.at\/wp-content\/uploads\/2018\/10\/DSC05151-Full-HD-e1539074098749-768x1152.jpg 768w, https:\/\/feuerwehr-kufstein.at\/wp-content\/uploads\/2018\/10\/DSC05151-Full-HD-e1539074098749-683x1024.jpg 683w, https:\/\/feuerwehr-kufstein.at\/wp-content\/uploads\/2018\/10\/DSC05151-Full-HD-e1539074098749.jpg 1080w\" data-sizes=\"(max-width: 200px) 100vw, 200px\" src=\"data:image\/svg+xml;base64,PHN2ZyB3aWR0aD0iMSIgaGVpZ2h0PSIxIiB4bWxucz0iaHR0cDovL3d3dy53My5vcmcvMjAwMC9zdmciPjwvc3ZnPg==\" style=\"--smush-placeholder-width: 200px; --smush-placeholder-aspect-ratio: 200\/300;\" \/><\/a><\/span><br \/>\n<span style=\"color: #000000;\">3 Atemschutzger\u00e4te mit Masken und einen \u00dcberdruckbel\u00fcfter<\/span><\/p>\n<p>&nbsp;<\/p>\n<p><span style=\"color: #000000;\"><strong>Laderaum 3<br \/>\n<\/strong><a style=\"color: #000000;\" href=\"http:\/\/feuerwehr-kufstein.at\/wp-content\/uploads\/2018\/10\/DSC05144-Full-HD-e1539073977348.jpg\"><img decoding=\"async\" class=\"alignnone wp-image-116 size-medium lazyload\" data-src=\"http:\/\/feuerwehr-kufstein.at\/wp-content\/uploads\/2018\/10\/DSC05144-Full-HD-e1539073977348-200x300.jpg\" alt=\"\" width=\"200\" height=\"300\" data-srcset=\"https:\/\/feuerwehr-kufstein.at\/wp-content\/uploads\/2018\/10\/DSC05144-Full-HD-e1539073977348-200x300.jpg 200w, https:\/\/feuerwehr-kufstein.at\/wp-content\/uploads\/2018\/10\/DSC05144-Full-HD-e1539073977348-1024x1536.jpg 1024w, https:\/\/feuerwehr-kufstein.at\/wp-content\/uploads\/2018\/10\/DSC05144-Full-HD-e1539073977348-768x1152.jpg 768w, https:\/\/feuerwehr-kufstein.at\/wp-content\/uploads\/2018\/10\/DSC05144-Full-HD-e1539073977348-683x1024.jpg 683w, https:\/\/feuerwehr-kufstein.at\/wp-content\/uploads\/2018\/10\/DSC05144-Full-HD-e1539073977348.jpg 1080w\" data-sizes=\"(max-width: 200px) 100vw, 200px\" src=\"data:image\/svg+xml;base64,PHN2ZyB3aWR0aD0iMSIgaGVpZ2h0PSIxIiB4bWxucz0iaHR0cDovL3d3dy53My5vcmcvMjAwMC9zdmciPjwvc3ZnPg==\" style=\"--smush-placeholder-width: 200px; --smush-placeholder-aspect-ratio: 200\/300;\" \/><\/a><\/span><br \/>\n<span style=\"color: #000000;\">3 Hitzeschutzanz\u00fcge, versch. Leinen, 5 B- u. 4 C-Druckschl\u00e4uche<\/span><\/p>\n<p>&nbsp;<\/p>\n<p><span style=\"color: #000000;\"><strong>Laderaum 4<br \/>\n<\/strong><a style=\"color: #000000;\" href=\"http:\/\/feuerwehr-kufstein.at\/wp-content\/uploads\/2018\/10\/DSC05149-Full-HD-e1539074080175.jpg\"><img decoding=\"async\" class=\"alignnone wp-image-121 size-medium lazyload\" data-src=\"http:\/\/feuerwehr-kufstein.at\/wp-content\/uploads\/2018\/10\/DSC05149-Full-HD-e1539074080175-200x300.jpg\" alt=\"\" width=\"200\" height=\"300\" data-srcset=\"https:\/\/feuerwehr-kufstein.at\/wp-content\/uploads\/2018\/10\/DSC05149-Full-HD-e1539074080175-200x300.jpg 200w, https:\/\/feuerwehr-kufstein.at\/wp-content\/uploads\/2018\/10\/DSC05149-Full-HD-e1539074080175-1024x1536.jpg 1024w, https:\/\/feuerwehr-kufstein.at\/wp-content\/uploads\/2018\/10\/DSC05149-Full-HD-e1539074080175-768x1152.jpg 768w, https:\/\/feuerwehr-kufstein.at\/wp-content\/uploads\/2018\/10\/DSC05149-Full-HD-e1539074080175-683x1024.jpg 683w, https:\/\/feuerwehr-kufstein.at\/wp-content\/uploads\/2018\/10\/DSC05149-Full-HD-e1539074080175.jpg 1080w\" data-sizes=\"(max-width: 200px) 100vw, 200px\" src=\"data:image\/svg+xml;base64,PHN2ZyB3aWR0aD0iMSIgaGVpZ2h0PSIxIiB4bWxucz0iaHR0cDovL3d3dy53My5vcmcvMjAwMC9zdmciPjwvc3ZnPg==\" style=\"--smush-placeholder-width: 200px; --smush-placeholder-aspect-ratio: 200\/300;\" \/><\/a><\/span><br \/>\n<span style=\"color: #000000;\">Motors\u00e4ge mit Schutzanzug, Motorflex,\u00a0 5 B- u.\u00a04 C-Druckschl\u00e4uche<\/span><\/p>\n<p>&nbsp;<\/p>\n<p><span style=\"color: #000000;\"><strong>Laderaum 5<br \/>\n<\/strong><a style=\"color: #000000;\" href=\"http:\/\/feuerwehr-kufstein.at\/wp-content\/uploads\/2018\/10\/DSC05145-Full-HD-e1539073985304.jpg\"><img decoding=\"async\" class=\"alignnone wp-image-117 size-medium lazyload\" data-src=\"http:\/\/feuerwehr-kufstein.at\/wp-content\/uploads\/2018\/10\/DSC05145-Full-HD-e1539073985304-200x300.jpg\" alt=\"\" width=\"200\" height=\"300\" data-srcset=\"https:\/\/feuerwehr-kufstein.at\/wp-content\/uploads\/2018\/10\/DSC05145-Full-HD-e1539073985304-200x300.jpg 200w, https:\/\/feuerwehr-kufstein.at\/wp-content\/uploads\/2018\/10\/DSC05145-Full-HD-e1539073985304-1024x1536.jpg 1024w, https:\/\/feuerwehr-kufstein.at\/wp-content\/uploads\/2018\/10\/DSC05145-Full-HD-e1539073985304-768x1152.jpg 768w, https:\/\/feuerwehr-kufstein.at\/wp-content\/uploads\/2018\/10\/DSC05145-Full-HD-e1539073985304-683x1024.jpg 683w, https:\/\/feuerwehr-kufstein.at\/wp-content\/uploads\/2018\/10\/DSC05145-Full-HD-e1539073985304.jpg 1080w\" data-sizes=\"(max-width: 200px) 100vw, 200px\" src=\"data:image\/svg+xml;base64,PHN2ZyB3aWR0aD0iMSIgaGVpZ2h0PSIxIiB4bWxucz0iaHR0cDovL3d3dy53My5vcmcvMjAwMC9zdmciPjwvc3ZnPg==\" style=\"--smush-placeholder-width: 200px; --smush-placeholder-aspect-ratio: 200\/300;\" \/><\/a><\/span><br \/>\n<span style=\"color: #000000;\">Wasserf\u00fchrende Armaturen, Schlauchbr\u00fccken, Schaummittel, Saugkopf, Schaumrohr&amp; Zumischer, \u00d6lbindemittel, Streusalz<\/span><\/p>\n<p>&nbsp;<\/p>\n<p><span style=\"color: #000000;\"><strong>Laderaum 6<br \/>\n<\/strong><a style=\"color: #000000;\" href=\"http:\/\/feuerwehr-kufstein.at\/wp-content\/uploads\/2018\/10\/DSC05148-Full-HD-e1539074072391.jpg\"><img decoding=\"async\" class=\"alignnone wp-image-120 size-medium lazyload\" data-src=\"http:\/\/feuerwehr-kufstein.at\/wp-content\/uploads\/2018\/10\/DSC05148-Full-HD-e1539074072391-200x300.jpg\" alt=\"\" width=\"200\" height=\"300\" data-srcset=\"https:\/\/feuerwehr-kufstein.at\/wp-content\/uploads\/2018\/10\/DSC05148-Full-HD-e1539074072391-200x300.jpg 200w, https:\/\/feuerwehr-kufstein.at\/wp-content\/uploads\/2018\/10\/DSC05148-Full-HD-e1539074072391-1024x1536.jpg 1024w, https:\/\/feuerwehr-kufstein.at\/wp-content\/uploads\/2018\/10\/DSC05148-Full-HD-e1539074072391-768x1152.jpg 768w, https:\/\/feuerwehr-kufstein.at\/wp-content\/uploads\/2018\/10\/DSC05148-Full-HD-e1539074072391-683x1024.jpg 683w, https:\/\/feuerwehr-kufstein.at\/wp-content\/uploads\/2018\/10\/DSC05148-Full-HD-e1539074072391.jpg 1080w\" data-sizes=\"(max-width: 200px) 100vw, 200px\" src=\"data:image\/svg+xml;base64,PHN2ZyB3aWR0aD0iMSIgaGVpZ2h0PSIxIiB4bWxucz0iaHR0cDovL3d3dy53My5vcmcvMjAwMC9zdmciPjwvc3ZnPg==\" style=\"--smush-placeholder-width: 200px; --smush-placeholder-aspect-ratio: 200\/300;\" \/><\/a><\/span><br \/>\n<span style=\"color: #000000;\">60 m HD-Schnellangriffseinrichtung, Schaummittel, Feuerl\u00f6scher P12 und CO2, 2 C-\u00a0u. 4 HD-Druckschl\u00e4uche<\/span><\/p>\n<p>&nbsp;<\/p>\n<p><span style=\"color: #000000;\"><strong>Laderaum 7<br \/>\n<\/strong><a style=\"color: #000000;\" href=\"http:\/\/feuerwehr-kufstein.at\/wp-content\/uploads\/2018\/10\/DSC05146-Full-HD-e1539074055980.jpg\"><img decoding=\"async\" class=\"alignnone wp-image-118 size-medium lazyload\" data-src=\"http:\/\/feuerwehr-kufstein.at\/wp-content\/uploads\/2018\/10\/DSC05146-Full-HD-e1539074055980-200x300.jpg\" alt=\"\" width=\"200\" height=\"300\" data-srcset=\"https:\/\/feuerwehr-kufstein.at\/wp-content\/uploads\/2018\/10\/DSC05146-Full-HD-e1539074055980-200x300.jpg 200w, https:\/\/feuerwehr-kufstein.at\/wp-content\/uploads\/2018\/10\/DSC05146-Full-HD-e1539074055980-1024x1536.jpg 1024w, https:\/\/feuerwehr-kufstein.at\/wp-content\/uploads\/2018\/10\/DSC05146-Full-HD-e1539074055980-768x1152.jpg 768w, https:\/\/feuerwehr-kufstein.at\/wp-content\/uploads\/2018\/10\/DSC05146-Full-HD-e1539074055980-683x1024.jpg 683w, https:\/\/feuerwehr-kufstein.at\/wp-content\/uploads\/2018\/10\/DSC05146-Full-HD-e1539074055980.jpg 1080w\" data-sizes=\"(max-width: 200px) 100vw, 200px\" src=\"data:image\/svg+xml;base64,PHN2ZyB3aWR0aD0iMSIgaGVpZ2h0PSIxIiB4bWxucz0iaHR0cDovL3d3dy53My5vcmcvMjAwMC9zdmciPjwvc3ZnPg==\" style=\"--smush-placeholder-width: 200px; --smush-placeholder-aspect-ratio: 200\/300;\" \/><\/a><\/span><br \/>\n<span style=\"color: #000000;\">60 m HD-Schnellangriffseinrichtung, Kupplungsschl\u00fcssel, HD-Schaumaufsatz und eine Einbaupumpe 2400 l\/min<\/span><\/p>\n<p>&nbsp;<\/p>\n<p><span style=\"color: #000000;\"><strong>Dachbeladung<br \/>\n<\/strong><a style=\"color: #000000;\" href=\"http:\/\/feuerwehr-kufstein.at\/wp-content\/uploads\/2018\/10\/DSC05152-Full-HD-e1539074108223.jpg\"><img decoding=\"async\" class=\"alignnone wp-image-124 size-medium lazyload\" data-src=\"http:\/\/feuerwehr-kufstein.at\/wp-content\/uploads\/2018\/10\/DSC05152-Full-HD-e1539074108223-200x300.jpg\" alt=\"\" width=\"200\" height=\"300\" data-srcset=\"https:\/\/feuerwehr-kufstein.at\/wp-content\/uploads\/2018\/10\/DSC05152-Full-HD-e1539074108223-200x300.jpg 200w, https:\/\/feuerwehr-kufstein.at\/wp-content\/uploads\/2018\/10\/DSC05152-Full-HD-e1539074108223-1024x1536.jpg 1024w, https:\/\/feuerwehr-kufstein.at\/wp-content\/uploads\/2018\/10\/DSC05152-Full-HD-e1539074108223-768x1152.jpg 768w, https:\/\/feuerwehr-kufstein.at\/wp-content\/uploads\/2018\/10\/DSC05152-Full-HD-e1539074108223-683x1024.jpg 683w, https:\/\/feuerwehr-kufstein.at\/wp-content\/uploads\/2018\/10\/DSC05152-Full-HD-e1539074108223.jpg 1080w\" data-sizes=\"(max-width: 200px) 100vw, 200px\" src=\"data:image\/svg+xml;base64,PHN2ZyB3aWR0aD0iMSIgaGVpZ2h0PSIxIiB4bWxucz0iaHR0cDovL3d3dy53My5vcmcvMjAwMC9zdmciPjwvc3ZnPg==\" style=\"--smush-placeholder-width: 200px; --smush-placeholder-aspect-ratio: 200\/300;\" \/><\/a><\/span><br \/>\n<span style=\"color: #000000;\">4 tlg. Steckleiter, Einrei\u00dfhaken, 2 Feuerpatschen, 4 A-Saugschl\u00e4uche, Lichtmast mit 4x 1000W Fluter, Monitor<\/span><\/p>\n","protected":false},"excerpt":{"rendered":"<p>Tankl\u00f6schfahrzeug mit Allrad 3000 Baujahr 1990 Mercedes 1225 Rosenbauer Besatzung 1:8 au\u00dfer Dienst gestellt am: 23. J\u00e4nner 2020 &nbsp; Das TLFA dient haupts\u00e4chlich der Brandbek\u00e4mpfung. Zu diesem Zweck f\u00fchrt es 3000 l Wasser mit sich, die je nach Wasserverbrauch f\u00fcr einige Minuten bis zu einer halben Stunde f\u00fcr einen L\u00f6schangriff zur Verf\u00fcgung stehen. Danach muss [&hellip;]<\/p>\n","protected":false},"author":2,"featured_media":0,"parent":544,"menu_order":4,"comment_status":"closed","ping_status":"closed","template":"","meta":{"footnotes":""},"class_list":["post-1259","page","type-page","status-publish","czr-hentry"],"_links":{"self":[{"href":"https:\/\/feuerwehr-kufstein.at\/index.php?rest_route=\/wp\/v2\/pages\/1259","targetHints":{"allow":["GET"]}}],"collection":[{"href":"https:\/\/feuerwehr-kufstein.at\/index.php?rest_route=\/wp\/v2\/pages"}],"about":[{"href":"https:\/\/feuerwehr-kufstein.at\/index.php?rest_route=\/wp\/v2\/types\/page"}],"author":[{"embeddable":true,"href":"https:\/\/feuerwehr-kufstein.at\/index.php?rest_route=\/wp\/v2\/users\/2"}],"replies":[{"embeddable":true,"href":"https:\/\/feuerwehr-kufstein.at\/index.php?rest_route=%2Fwp%2Fv2%2Fcomments&post=1259"}],"version-history":[{"count":0,"href":"https:\/\/feuerwehr-kufstein.at\/index.php?rest_route=\/wp\/v2\/pages\/1259\/revisions"}],"up":[{"embeddable":true,"href":"https:\/\/feuerwehr-kufstein.at\/index.php?rest_route=\/wp\/v2\/pages\/544"}],"wp:attachment":[{"href":"https:\/\/feuerwehr-kufstein.at\/index.php?rest_route=%2Fwp%2Fv2%2Fmedia&parent=1259"}],"curies":[{"name":"wp","href":"https:\/\/api.w.org\/{rel}","templated":true}]}}