{"id":1282,"date":"2018-12-11T16:36:57","date_gmt":"2018-12-11T16:36:57","guid":{"rendered":"https:\/\/k100413-1.kufnet.at\/?page_id=1282"},"modified":"2019-01-02T19:20:23","modified_gmt":"2019-01-02T18:20:23","slug":"last-1","status":"publish","type":"page","link":"https:\/\/feuerwehr-kufstein.at\/?page_id=1282","title":{"rendered":"LAST 1"},"content":{"rendered":"<p><span style=\"color: #000000;\"><img decoding=\"async\" class=\"aligncenter wp-image-197 size-large lazyload\" data-src=\"http:\/\/feuerwehr-kufstein.at\/wp-content\/uploads\/2018\/10\/LAST-Full-HD-e1544650948193-1024x515.jpg\" alt=\"\" width=\"1024\" height=\"515\" src=\"data:image\/svg+xml;base64,PHN2ZyB3aWR0aD0iMSIgaGVpZ2h0PSIxIiB4bWxucz0iaHR0cDovL3d3dy53My5vcmcvMjAwMC9zdmciPjwvc3ZnPg==\" style=\"--smush-placeholder-width: 1024px; --smush-placeholder-aspect-ratio: 1024\/515;\" \/><\/span><\/p>\n<p style=\"text-align: center;\"><span style=\"color: #000000;\"><strong>LKW mit Hebeb\u00fchne<br \/>\n<\/strong><strong>Baujahr 2004<br \/>\n<\/strong><strong>DAF LF 45.150<br \/>\n<\/strong><strong>Rammer<\/strong><\/span><\/p>\n<p>&nbsp;<\/p>\n<p style=\"text-align: center;\"><span style=\"color: #000000; font-family: 'Times New Roman', Times, serif;\">Der LAST 1 wurde haupts\u00e4chlich f\u00fcr den Flughelfereinsatz (Materialtransport) und als f\u00fcr den Atemschutzeinsatz (Bezirk) angekauft. Das Fahrzeug besitzt eine 1000 kg Hebeb\u00fchne und eine seitlich zu \u00f6ffnende T\u00fcr, welches es zu einem hervorragenden Nachschubfahrzeug macht.<\/span><\/p>\n<p style=\"text-align: center;\"><span style=\"color: #000000;\"><img decoding=\"async\" class=\"size-medium wp-image-443 aligncenter lazyload\"Times New Roman', Times, serif;\" data-src=\"http:\/\/feuerwehr-kufstein.at\/wp-content\/uploads\/2018\/10\/DSC05276-e1539267602785-200x300.jpg\" alt=\"\" width=\"200\" height=\"300\" data-srcset=\"https:\/\/feuerwehr-kufstein.at\/wp-content\/uploads\/2018\/10\/DSC05276-e1539267602785-200x300.jpg 200w, https:\/\/feuerwehr-kufstein.at\/wp-content\/uploads\/2018\/10\/DSC05276-e1539267602785-1024x1536.jpg 1024w, https:\/\/feuerwehr-kufstein.at\/wp-content\/uploads\/2018\/10\/DSC05276-e1539267602785-1365x2048.jpg 1365w, https:\/\/feuerwehr-kufstein.at\/wp-content\/uploads\/2018\/10\/DSC05276-e1539267602785-768x1152.jpg 768w, https:\/\/feuerwehr-kufstein.at\/wp-content\/uploads\/2018\/10\/DSC05276-e1539267602785-683x1024.jpg 683w, https:\/\/feuerwehr-kufstein.at\/wp-content\/uploads\/2018\/10\/DSC05276-e1539267602785-scaled.jpg 1707w\" data-sizes=\"(max-width: 200px) 100vw, 200px\" src=\"data:image\/svg+xml;base64,PHN2ZyB3aWR0aD0iMSIgaGVpZ2h0PSIxIiB4bWxucz0iaHR0cDovL3d3dy53My5vcmcvMjAwMC9zdmciPjwvc3ZnPg==\" style=\"--smush-placeholder-width: 200px; --smush-placeholder-aspect-ratio: 200\/300;\" \/><\/span><\/p>\n","protected":false},"excerpt":{"rendered":"<p>LKW mit Hebeb\u00fchne Baujahr 2004 DAF LF 45.150 Rammer &nbsp; Der LAST 1 wurde haupts\u00e4chlich f\u00fcr den Flughelfereinsatz (Materialtransport) und als f\u00fcr den Atemschutzeinsatz (Bezirk) angekauft. Das Fahrzeug besitzt eine 1000 kg Hebeb\u00fchne und eine seitlich zu \u00f6ffnende T\u00fcr, welches es zu einem hervorragenden Nachschubfahrzeug macht.<\/p>\n","protected":false},"author":2,"featured_media":0,"parent":544,"menu_order":9,"comment_status":"closed","ping_status":"closed","template":"","meta":{"footnotes":""},"class_list":["post-1282","page","type-page","status-publish","czr-hentry"],"_links":{"self":[{"href":"https:\/\/feuerwehr-kufstein.at\/index.php?rest_route=\/wp\/v2\/pages\/1282","targetHints":{"allow":["GET"]}}],"collection":[{"href":"https:\/\/feuerwehr-kufstein.at\/index.php?rest_route=\/wp\/v2\/pages"}],"about":[{"href":"https:\/\/feuerwehr-kufstein.at\/index.php?rest_route=\/wp\/v2\/types\/page"}],"author":[{"embeddable":true,"href":"https:\/\/feuerwehr-kufstein.at\/index.php?rest_route=\/wp\/v2\/users\/2"}],"replies":[{"embeddable":true,"href":"https:\/\/feuerwehr-kufstein.at\/index.php?rest_route=%2Fwp%2Fv2%2Fcomments&post=1282"}],"version-history":[{"count":0,"href":"https:\/\/feuerwehr-kufstein.at\/index.php?rest_route=\/wp\/v2\/pages\/1282\/revisions"}],"up":[{"embeddable":true,"href":"https:\/\/feuerwehr-kufstein.at\/index.php?rest_route=\/wp\/v2\/pages\/544"}],"wp:attachment":[{"href":"https:\/\/feuerwehr-kufstein.at\/index.php?rest_route=%2Fwp%2Fv2%2Fmedia&parent=1282"}],"curies":[{"name":"wp","href":"https:\/\/api.w.org\/{rel}","templated":true}]}}

<p><span style="color: #000000;"><img decoding="async" class="aligncenter wp-image-197 size-large lazyload" data-src="http://feuerwehr-kufstein.at/wp-content/uploads/2018/10/LAST-Full-HD-e1544650948193-1024x515.jpg" alt="" width="1024" height="515" src="data:image/svg+xml;base64,PHN2ZyB3aWR0aD0iMSIgaGVpZ2h0PSIxIiB4bWxucz0iaHR0cDovL3d3dy53My5vcmcvMjAwMC9zdmciPjwvc3ZnPg==" style="--smush-placeholder-width: 1024px; --smush-placeholder-aspect-ratio: 1024/515;" /></span></p>
<p style="text-align: center;"><span style="color: #000000;"><strong>LKW mit Hebebühne<br />
</strong><strong>Baujahr 2004<br />
</strong><strong>DAF LF 45.150<br />
</strong><strong>Rammer</strong></span></p>
<p>&nbsp;</p>
<p style="text-align: center;"><span style="color: #000000; font-family: 'Times New Roman', Times, serif;">Der LAST 1 wurde hauptsächlich für den Flughelfereinsatz (Materialtransport) und als für den Atemschutzeinsatz (Bezirk) angekauft. Das Fahrzeug besitzt eine 1000 kg Hebebühne und eine seitlich zu öffnende Tür, welches es zu einem hervorragenden Nachschubfahrzeug macht.</span></p>
<p style="text-align: center;"><span style="color: #000000;"><img decoding="async" class="size-medium wp-image-443 aligncenter lazyload"Times New Roman', Times, serif;" data-src="http://feuerwehr-kufstein.at/wp-content/uploads/2018/10/DSC05276-e1539267602785-200x300.jpg" alt="" width="200" height="300" data-srcset="https://feuerwehr-kufstein.at/wp-content/uploads/2018/10/DSC05276-e1539267602785-200x300.jpg 200w, https://feuerwehr-kufstein.at/wp-content/uploads/2018/10/DSC05276-e1539267602785-1024x1536.jpg 1024w, https://feuerwehr-kufstein.at/wp-content/uploads/2018/10/DSC05276-e1539267602785-1365x2048.jpg 1365w, https://feuerwehr-kufstein.at/wp-content/uploads/2018/10/DSC05276-e1539267602785-768x1152.jpg 768w, https://feuerwehr-kufstein.at/wp-content/uploads/2018/10/DSC05276-e1539267602785-683x1024.jpg 683w, https://feuerwehr-kufstein.at/wp-content/uploads/2018/10/DSC05276-e1539267602785-scaled.jpg 1707w" data-sizes="(max-width: 200px) 100vw, 200px" src="data:image/svg+xml;base64,PHN2ZyB3aWR0aD0iMSIgaGVpZ2h0PSIxIiB4bWxucz0iaHR0cDovL3d3dy53My5vcmcvMjAwMC9zdmciPjwvc3ZnPg==" style="--smush-placeholder-width: 200px; --smush-placeholder-aspect-ratio: 200/300;" /></span></p>

<p>LKW mit Hebebühne Baujahr 2004 DAF LF 45.150 Rammer &nbsp; Der LAST 1 wurde hauptsächlich für den Flughelfereinsatz (Materialtransport) und als für den Atemschutzeinsatz (Bezirk) angekauft. Das Fahrzeug besitzt eine 1000 kg Hebebühne und eine seitlich zu öffnende Tür, welches es zu einem hervorragenden Nachschubfahrzeug macht.</p>
