{"id":1295,"date":"2018-12-11T16:47:25","date_gmt":"2018-12-11T16:47:25","guid":{"rendered":"https:\/\/k100413-1.kufnet.at\/?page_id=1295"},"modified":"2019-01-02T19:22:48","modified_gmt":"2019-01-02T18:22:48","slug":"mtf-1","status":"publish","type":"page","link":"https:\/\/feuerwehr-kufstein.at\/?page_id=1295","title":{"rendered":"MTF 1"},"content":{"rendered":"<p><img decoding=\"async\" class=\"aligncenter wp-image-201 size-large lazyload\" data-src=\"http:\/\/feuerwehr-kufstein.at\/wp-content\/uploads\/2018\/10\/MTF-Full-HD-e1544651221790-1024x545.jpg\" alt=\"\" width=\"1024\" height=\"545\" src=\"data:image\/svg+xml;base64,PHN2ZyB3aWR0aD0iMSIgaGVpZ2h0PSIxIiB4bWxucz0iaHR0cDovL3d3dy53My5vcmcvMjAwMC9zdmciPjwvc3ZnPg==\" style=\"--smush-placeholder-width: 1024px; --smush-placeholder-aspect-ratio: 1024\/545;\" \/><\/p>\n<p style=\"text-align: center;\"><strong><span style=\"color: #000000;\">Mannschaftstransportfahrzeug<\/span><\/strong><br \/>\n<strong><span style=\"color: #000000;\">Baujahr 2010<\/span><\/strong><br \/>\n<strong><span style=\"color: #000000;\">Fiat Ducato 160 Multijet<\/span><\/strong><br \/>\n<strong><span style=\"color: #000000;\">Rammer111<br \/>\n9 Personen<\/span><\/strong><\/p>\n<p>&nbsp;<\/p>\n<div class=\"zusatzseitetext_container\">\n<p style=\"text-align: center;\"><span style=\"color: #000000;\">Das MTF 1 dient zur Bef\u00f6rderung von Mannschaft und kleiner Ger\u00e4tschaften zur Einsatzstelle. Ebenso wird es von der Wasserdienstgruppe als Taucherfahrzeug genutzt. Ausger\u00fcstet ist es mit einem Pulverl\u00f6scher, Erste Hilfe Tasche, 2 Taschenlampen, 2 Winkerkellen, Rettungsleine und Rettungsring.<\/span><\/p>\n<p><span style=\"color: #000000;\"><img decoding=\"async\" class=\"alignnone size-medium wp-image-440 aligncenter lazyload\" data-src=\"http:\/\/feuerwehr-kufstein.at\/wp-content\/uploads\/2018\/10\/DSC05269-300x200.jpg\" alt=\"\" width=\"300\" height=\"200\" data-srcset=\"https:\/\/feuerwehr-kufstein.at\/wp-content\/uploads\/2018\/10\/DSC05269-300x200.jpg 300w, https:\/\/feuerwehr-kufstein.at\/wp-content\/uploads\/2018\/10\/DSC05269-1536x1024.jpg 1536w, https:\/\/feuerwehr-kufstein.at\/wp-content\/uploads\/2018\/10\/DSC05269-2048x1365.jpg 2048w, https:\/\/feuerwehr-kufstein.at\/wp-content\/uploads\/2018\/10\/DSC05269-768x512.jpg 768w, https:\/\/feuerwehr-kufstein.at\/wp-content\/uploads\/2018\/10\/DSC05269-1024x683.jpg 1024w\" data-sizes=\"(max-width: 300px) 100vw, 300px\" src=\"data:image\/svg+xml;base64,PHN2ZyB3aWR0aD0iMSIgaGVpZ2h0PSIxIiB4bWxucz0iaHR0cDovL3d3dy53My5vcmcvMjAwMC9zdmciPjwvc3ZnPg==\" style=\"--smush-placeholder-width: 300px; --smush-placeholder-aspect-ratio: 300\/200;\" \/><\/span><\/p>\n<p><span style=\"color: #000000;\"><a href=\"http:\/\/feuerwehr-kufstein.at\/wp-content\/uploads\/2018\/10\/DSC05272.jpg\"><img decoding=\"async\" class=\"aligncenter wp-image-441 size-medium lazyload\" data-src=\"http:\/\/feuerwehr-kufstein.at\/wp-content\/uploads\/2018\/10\/DSC05272-300x200.jpg\" alt=\"\" width=\"300\" height=\"200\" data-srcset=\"https:\/\/feuerwehr-kufstein.at\/wp-content\/uploads\/2018\/10\/DSC05272-300x200.jpg 300w, https:\/\/feuerwehr-kufstein.at\/wp-content\/uploads\/2018\/10\/DSC05272-1536x1024.jpg 1536w, https:\/\/feuerwehr-kufstein.at\/wp-content\/uploads\/2018\/10\/DSC05272-2048x1365.jpg 2048w, https:\/\/feuerwehr-kufstein.at\/wp-content\/uploads\/2018\/10\/DSC05272-768x512.jpg 768w, https:\/\/feuerwehr-kufstein.at\/wp-content\/uploads\/2018\/10\/DSC05272-1024x683.jpg 1024w\" data-sizes=\"(max-width: 300px) 100vw, 300px\" src=\"data:image\/svg+xml;base64,PHN2ZyB3aWR0aD0iMSIgaGVpZ2h0PSIxIiB4bWxucz0iaHR0cDovL3d3dy53My5vcmcvMjAwMC9zdmciPjwvc3ZnPg==\" style=\"--smush-placeholder-width: 300px; --smush-placeholder-aspect-ratio: 300\/200;\" \/><\/a><\/span><\/p>\n<p class=\"align_center\">\n<\/div>\n","protected":false},"excerpt":{"rendered":"<p>Mannschaftstransportfahrzeug Baujahr 2010 Fiat Ducato 160 Multijet Rammer111 9 Personen &nbsp; Das MTF 1 dient zur Bef\u00f6rderung von Mannschaft und kleiner Ger\u00e4tschaften zur Einsatzstelle. Ebenso wird es von der Wasserdienstgruppe als Taucherfahrzeug genutzt. Ausger\u00fcstet ist es mit einem Pulverl\u00f6scher, Erste Hilfe Tasche, 2 Taschenlampen, 2 Winkerkellen, Rettungsleine und Rettungsring.<\/p>\n","protected":false},"author":2,"featured_media":0,"parent":544,"menu_order":12,"comment_status":"closed","ping_status":"closed","template":"","meta":{"footnotes":""},"class_list":["post-1295","page","type-page","status-publish","czr-hentry"],"_links":{"self":[{"href":"https:\/\/feuerwehr-kufstein.at\/index.php?rest_route=\/wp\/v2\/pages\/1295","targetHints":{"allow":["GET"]}}],"collection":[{"href":"https:\/\/feuerwehr-kufstein.at\/index.php?rest_route=\/wp\/v2\/pages"}],"about":[{"href":"https:\/\/feuerwehr-kufstein.at\/index.php?rest_route=\/wp\/v2\/types\/page"}],"author":[{"embeddable":true,"href":"https:\/\/feuerwehr-kufstein.at\/index.php?rest_route=\/wp\/v2\/users\/2"}],"replies":[{"embeddable":true,"href":"https:\/\/feuerwehr-kufstein.at\/index.php?rest_route=%2Fwp%2Fv2%2Fcomments&post=1295"}],"version-history":[{"count":0,"href":"https:\/\/feuerwehr-kufstein.at\/index.php?rest_route=\/wp\/v2\/pages\/1295\/revisions"}],"up":[{"embeddable":true,"href":"https:\/\/feuerwehr-kufstein.at\/index.php?rest_route=\/wp\/v2\/pages\/544"}],"wp:attachment":[{"href":"https:\/\/feuerwehr-kufstein.at\/index.php?rest_route=%2Fwp%2Fv2%2Fmedia&parent=1295"}],"curies":[{"name":"wp","href":"https:\/\/api.w.org\/{rel}","templated":true}]}}

<p><img decoding="async" class="aligncenter wp-image-201 size-large lazyload" data-src="http://feuerwehr-kufstein.at/wp-content/uploads/2018/10/MTF-Full-HD-e1544651221790-1024x545.jpg" alt="" width="1024" height="545" src="data:image/svg+xml;base64,PHN2ZyB3aWR0aD0iMSIgaGVpZ2h0PSIxIiB4bWxucz0iaHR0cDovL3d3dy53My5vcmcvMjAwMC9zdmciPjwvc3ZnPg==" style="--smush-placeholder-width: 1024px; --smush-placeholder-aspect-ratio: 1024/545;" /></p>
<p style="text-align: center;"><strong><span style="color: #000000;">Mannschaftstransportfahrzeug</span></strong><br />
<strong><span style="color: #000000;">Baujahr 2010</span></strong><br />
<strong><span style="color: #000000;">Fiat Ducato 160 Multijet</span></strong><br />
<strong><span style="color: #000000;">Rammer111<br />
9 Personen</span></strong></p>
<p>&nbsp;</p>
<div class="zusatzseitetext_container">
<p style="text-align: center;"><span style="color: #000000;">Das MTF 1 dient zur Beförderung von Mannschaft und kleiner Gerätschaften zur Einsatzstelle. Ebenso wird es von der Wasserdienstgruppe als Taucherfahrzeug genutzt. Ausgerüstet ist es mit einem Pulverlöscher, Erste Hilfe Tasche, 2 Taschenlampen, 2 Winkerkellen, Rettungsleine und Rettungsring.</span></p>
<p><span style="color: #000000;"><img decoding="async" class="alignnone size-medium wp-image-440 aligncenter lazyload" data-src="http://feuerwehr-kufstein.at/wp-content/uploads/2018/10/DSC05269-300x200.jpg" alt="" width="300" height="200" data-srcset="https://feuerwehr-kufstein.at/wp-content/uploads/2018/10/DSC05269-300x200.jpg 300w, https://feuerwehr-kufstein.at/wp-content/uploads/2018/10/DSC05269-1536x1024.jpg 1536w, https://feuerwehr-kufstein.at/wp-content/uploads/2018/10/DSC05269-2048x1365.jpg 2048w, https://feuerwehr-kufstein.at/wp-content/uploads/2018/10/DSC05269-768x512.jpg 768w, https://feuerwehr-kufstein.at/wp-content/uploads/2018/10/DSC05269-1024x683.jpg 1024w" data-sizes="(max-width: 300px) 100vw, 300px" src="data:image/svg+xml;base64,PHN2ZyB3aWR0aD0iMSIgaGVpZ2h0PSIxIiB4bWxucz0iaHR0cDovL3d3dy53My5vcmcvMjAwMC9zdmciPjwvc3ZnPg==" style="--smush-placeholder-width: 300px; --smush-placeholder-aspect-ratio: 300/200;" /></span></p>
<p><span style="color: #000000;"><a href="http://feuerwehr-kufstein.at/wp-content/uploads/2018/10/DSC05272.jpg"><img decoding="async" class="aligncenter wp-image-441 size-medium lazyload" data-src="http://feuerwehr-kufstein.at/wp-content/uploads/2018/10/DSC05272-300x200.jpg" alt="" width="300" height="200" data-srcset="https://feuerwehr-kufstein.at/wp-content/uploads/2018/10/DSC05272-300x200.jpg 300w, https://feuerwehr-kufstein.at/wp-content/uploads/2018/10/DSC05272-1536x1024.jpg 1536w, https://feuerwehr-kufstein.at/wp-content/uploads/2018/10/DSC05272-2048x1365.jpg 2048w, https://feuerwehr-kufstein.at/wp-content/uploads/2018/10/DSC05272-768x512.jpg 768w, https://feuerwehr-kufstein.at/wp-content/uploads/2018/10/DSC05272-1024x683.jpg 1024w" data-sizes="(max-width: 300px) 100vw, 300px" src="data:image/svg+xml;base64,PHN2ZyB3aWR0aD0iMSIgaGVpZ2h0PSIxIiB4bWxucz0iaHR0cDovL3d3dy53My5vcmcvMjAwMC9zdmciPjwvc3ZnPg==" style="--smush-placeholder-width: 300px; --smush-placeholder-aspect-ratio: 300/200;" /></a></span></p>
<p class="align_center">
</div>

<p>Mannschaftstransportfahrzeug Baujahr 2010 Fiat Ducato 160 Multijet Rammer111 9 Personen &nbsp; Das MTF 1 dient zur Beförderung von Mannschaft und kleiner Gerätschaften zur Einsatzstelle. Ebenso wird es von der Wasserdienstgruppe als Taucherfahrzeug genutzt. Ausgerüstet ist es mit einem Pulverlöscher, Erste Hilfe Tasche, 2 Taschenlampen, 2 Winkerkellen, Rettungsleine und Rettungsring.</p>
