{"id":1298,"date":"2018-12-11T16:49:42","date_gmt":"2018-12-11T16:49:42","guid":{"rendered":"https:\/\/k100413-1.kufnet.at\/?page_id=1298"},"modified":"2020-01-22T13:23:58","modified_gmt":"2020-01-22T12:23:58","slug":"kdo","status":"publish","type":"page","link":"https:\/\/feuerwehr-kufstein.at\/?page_id=1298","title":{"rendered":"KDO"},"content":{"rendered":"<p><strong><br \/>\n<a href=\"https:\/\/feuerwehr-kufstein.at\/wp-content\/uploads\/2018\/10\/KDO-Full-HD.jpg\"><img decoding=\"async\" class=\"aligncenter wp-image-195 size-large lazyload\" data-src=\"https:\/\/feuerwehr-kufstein.at\/wp-content\/uploads\/2018\/10\/KDO-Full-HD-1024x683.jpg\" alt=\"\" width=\"1024\" height=\"683\" data-srcset=\"https:\/\/feuerwehr-kufstein.at\/wp-content\/uploads\/2018\/10\/KDO-Full-HD-1024x683.jpg 1024w, https:\/\/feuerwehr-kufstein.at\/wp-content\/uploads\/2018\/10\/KDO-Full-HD-1536x1024.jpg 1536w, https:\/\/feuerwehr-kufstein.at\/wp-content\/uploads\/2018\/10\/KDO-Full-HD-300x200.jpg 300w, https:\/\/feuerwehr-kufstein.at\/wp-content\/uploads\/2018\/10\/KDO-Full-HD-768x512.jpg 768w, https:\/\/feuerwehr-kufstein.at\/wp-content\/uploads\/2018\/10\/KDO-Full-HD.jpg 1620w\" data-sizes=\"(max-width: 1024px) 100vw, 1024px\" src=\"data:image\/svg+xml;base64,PHN2ZyB3aWR0aD0iMSIgaGVpZ2h0PSIxIiB4bWxucz0iaHR0cDovL3d3dy53My5vcmcvMjAwMC9zdmciPjwvc3ZnPg==\" style=\"--smush-placeholder-width: 1024px; --smush-placeholder-aspect-ratio: 1024\/683;\" \/><\/a><\/strong><\/p>\n<div class=\"zusatzseitetext_container\" style=\"text-align: center;\">\n<p><strong><span style=\"color: #000000;\">Kommando Fahrzeug<br \/>\n<\/span><span style=\"color: #000000;\"><span style=\"font-family: 'Times New Roman', Times, serif;\">Baujahr 2006<br \/>\n<\/span><\/span><span style=\"color: #000000;\">\u00a0Landrover <\/span><span style=\"color: #000000;\">Discovery 3<br \/>\nBesatzung 1:4<\/span><\/strong><\/p>\n<p>&nbsp;<\/p>\n<p><span style=\"color: #000000;\">Das Fahrzeug hat eine Leistung von 140 kW, besitzt ein Automatikgetriebe und permanenten Allradantrieb.\u00a0Es wird als Einsatzleiterfahrzeug genutzt.<\/span><\/p>\n<p>&nbsp;<\/p>\n<p><a href=\"https:\/\/feuerwehr-kufstein.at\/wp-content\/uploads\/2018\/12\/f9c16949-da82-44f9-873a-5359b05fe1ee.jpg\"><img decoding=\"async\" class=\"alignnone wp-image-1124 size-medium lazyload\" data-src=\"https:\/\/feuerwehr-kufstein.at\/wp-content\/uploads\/2018\/12\/f9c16949-da82-44f9-873a-5359b05fe1ee-300x225.jpg\" alt=\"\" width=\"300\" height=\"225\" data-srcset=\"https:\/\/feuerwehr-kufstein.at\/wp-content\/uploads\/2018\/12\/f9c16949-da82-44f9-873a-5359b05fe1ee-300x225.jpg 300w, https:\/\/feuerwehr-kufstein.at\/wp-content\/uploads\/2018\/12\/f9c16949-da82-44f9-873a-5359b05fe1ee-1536x1152.jpg 1536w, https:\/\/feuerwehr-kufstein.at\/wp-content\/uploads\/2018\/12\/f9c16949-da82-44f9-873a-5359b05fe1ee-768x576.jpg 768w, https:\/\/feuerwehr-kufstein.at\/wp-content\/uploads\/2018\/12\/f9c16949-da82-44f9-873a-5359b05fe1ee-1024x768.jpg 1024w, https:\/\/feuerwehr-kufstein.at\/wp-content\/uploads\/2018\/12\/f9c16949-da82-44f9-873a-5359b05fe1ee.jpg 1600w\" data-sizes=\"(max-width: 300px) 100vw, 300px\" src=\"data:image\/svg+xml;base64,PHN2ZyB3aWR0aD0iMSIgaGVpZ2h0PSIxIiB4bWxucz0iaHR0cDovL3d3dy53My5vcmcvMjAwMC9zdmciPjwvc3ZnPg==\" style=\"--smush-placeholder-width: 300px; --smush-placeholder-aspect-ratio: 300\/225;\" \/><\/a><br \/>\n<span style=\"color: #000000; font-family: 'Times New Roman', Times, serif;\">Am Beifahrersitz ist ein Tablet\u00a0<\/span><span style=\"color: #000000; font-family: 'Times New Roman', Times, serif;\">mit Internetzugang eingebaut<br \/>\n<\/span><span style=\"color: #000000; font-family: 'Times New Roman', Times, serif;\">um verschiedene Informationsdienste und Datenbanken nutzen zu k\u00f6nnen<\/span><\/p>\n<\/div>\n<p>&nbsp;<\/p>\n<div><\/div>\n<div><\/div>\n<div>\n<p style=\"text-align: center;\">\u00a0\u00a0<a href=\"https:\/\/feuerwehr-kufstein.at\/wp-content\/uploads\/2018\/10\/DSC05253-e1539266988374.jpg\"><img decoding=\"async\" class=\"alignnone wp-image-435 size-medium lazyload\" data-src=\"https:\/\/feuerwehr-kufstein.at\/wp-content\/uploads\/2018\/10\/DSC05253-e1539266988374-200x300.jpg\" alt=\"\" width=\"200\" height=\"300\" data-srcset=\"https:\/\/feuerwehr-kufstein.at\/wp-content\/uploads\/2018\/10\/DSC05253-e1539266988374-200x300.jpg 200w, https:\/\/feuerwehr-kufstein.at\/wp-content\/uploads\/2018\/10\/DSC05253-e1539266988374-1024x1536.jpg 1024w, https:\/\/feuerwehr-kufstein.at\/wp-content\/uploads\/2018\/10\/DSC05253-e1539266988374-1365x2048.jpg 1365w, https:\/\/feuerwehr-kufstein.at\/wp-content\/uploads\/2018\/10\/DSC05253-e1539266988374-768x1152.jpg 768w, https:\/\/feuerwehr-kufstein.at\/wp-content\/uploads\/2018\/10\/DSC05253-e1539266988374-683x1024.jpg 683w, https:\/\/feuerwehr-kufstein.at\/wp-content\/uploads\/2018\/10\/DSC05253-e1539266988374-scaled.jpg 1707w\" data-sizes=\"(max-width: 200px) 100vw, 200px\" src=\"data:image\/svg+xml;base64,PHN2ZyB3aWR0aD0iMSIgaGVpZ2h0PSIxIiB4bWxucz0iaHR0cDovL3d3dy53My5vcmcvMjAwMC9zdmciPjwvc3ZnPg==\" style=\"--smush-placeholder-width: 200px; --smush-placeholder-aspect-ratio: 200\/300;\" \/><\/a> \u00a0\u00a0<a href=\"https:\/\/feuerwehr-kufstein.at\/wp-content\/uploads\/2018\/10\/DSC00597.jpg\"><img decoding=\"async\" class=\"alignnone wp-image-409 size-medium lazyload\" data-src=\"https:\/\/feuerwehr-kufstein.at\/wp-content\/uploads\/2018\/10\/DSC00597-300x200.jpg\" alt=\"\" width=\"300\" height=\"200\" data-srcset=\"https:\/\/feuerwehr-kufstein.at\/wp-content\/uploads\/2018\/10\/DSC00597-300x200.jpg 300w, https:\/\/feuerwehr-kufstein.at\/wp-content\/uploads\/2018\/10\/DSC00597-1536x1024.jpg 1536w, https:\/\/feuerwehr-kufstein.at\/wp-content\/uploads\/2018\/10\/DSC00597-2048x1365.jpg 2048w, https:\/\/feuerwehr-kufstein.at\/wp-content\/uploads\/2018\/10\/DSC00597-768x512.jpg 768w, https:\/\/feuerwehr-kufstein.at\/wp-content\/uploads\/2018\/10\/DSC00597-1024x683.jpg 1024w\" data-sizes=\"(max-width: 300px) 100vw, 300px\" src=\"data:image\/svg+xml;base64,PHN2ZyB3aWR0aD0iMSIgaGVpZ2h0PSIxIiB4bWxucz0iaHR0cDovL3d3dy53My5vcmcvMjAwMC9zdmciPjwvc3ZnPg==\" style=\"--smush-placeholder-width: 300px; --smush-placeholder-aspect-ratio: 300\/200;\" \/><\/a>\u00a0\u00a0\u00a0<a href=\"https:\/\/feuerwehr-kufstein.at\/wp-content\/uploads\/2018\/10\/DSC00599-e1539247525206.jpg\"><img decoding=\"async\" class=\"alignnone wp-image-410 size-medium lazyload\" data-src=\"https:\/\/feuerwehr-kufstein.at\/wp-content\/uploads\/2018\/10\/DSC00599-e1539247525206-200x300.jpg\" alt=\"\" width=\"200\" height=\"300\" data-srcset=\"https:\/\/feuerwehr-kufstein.at\/wp-content\/uploads\/2018\/10\/DSC00599-e1539247525206-200x300.jpg 200w, https:\/\/feuerwehr-kufstein.at\/wp-content\/uploads\/2018\/10\/DSC00599-e1539247525206-1024x1536.jpg 1024w, https:\/\/feuerwehr-kufstein.at\/wp-content\/uploads\/2018\/10\/DSC00599-e1539247525206-1365x2048.jpg 1365w, https:\/\/feuerwehr-kufstein.at\/wp-content\/uploads\/2018\/10\/DSC00599-e1539247525206-768x1152.jpg 768w, https:\/\/feuerwehr-kufstein.at\/wp-content\/uploads\/2018\/10\/DSC00599-e1539247525206-683x1024.jpg 683w, https:\/\/feuerwehr-kufstein.at\/wp-content\/uploads\/2018\/10\/DSC00599-e1539247525206-scaled.jpg 1707w\" data-sizes=\"(max-width: 200px) 100vw, 200px\" src=\"data:image\/svg+xml;base64,PHN2ZyB3aWR0aD0iMSIgaGVpZ2h0PSIxIiB4bWxucz0iaHR0cDovL3d3dy53My5vcmcvMjAwMC9zdmciPjwvc3ZnPg==\" style=\"--smush-placeholder-width: 200px; --smush-placeholder-aspect-ratio: 200\/300;\" \/><\/a><br \/>\n<span style=\"color: #000000;\">Im Heck befinden sich neben einer \u00dcberwurfweste &#8222;Einsatzleiter&#8220; und einer W\u00e4rmebildkamera, ein 300 bar ATS Ger\u00e4t, ein Multigasmessger\u00e4t MSA Altair, mehrere Funkger\u00e4te, Taschen-, Handlampen und verschiedene Verkehrsleiteinrichtungen.<\/span><\/p>\n<\/div>\n","protected":false},"excerpt":{"rendered":"<p>Kommando Fahrzeug Baujahr 2006 \u00a0Landrover Discovery 3 Besatzung 1:4 &nbsp; Das Fahrzeug hat eine Leistung von 140 kW, besitzt ein Automatikgetriebe und permanenten Allradantrieb.\u00a0Es wird als Einsatzleiterfahrzeug genutzt. &nbsp; Am Beifahrersitz ist ein Tablet\u00a0mit Internetzugang eingebaut um verschiedene Informationsdienste und Datenbanken nutzen zu k\u00f6nnen &nbsp; \u00a0\u00a0 \u00a0\u00a0\u00a0\u00a0\u00a0 Im Heck befinden sich neben einer \u00dcberwurfweste &#8222;Einsatzleiter&#8220; [&hellip;]<\/p>\n","protected":false},"author":2,"featured_media":0,"parent":544,"menu_order":1,"comment_status":"closed","ping_status":"closed","template":"","meta":{"footnotes":""},"class_list":["post-1298","page","type-page","status-publish","czr-hentry"],"_links":{"self":[{"href":"https:\/\/feuerwehr-kufstein.at\/index.php?rest_route=\/wp\/v2\/pages\/1298","targetHints":{"allow":["GET"]}}],"collection":[{"href":"https:\/\/feuerwehr-kufstein.at\/index.php?rest_route=\/wp\/v2\/pages"}],"about":[{"href":"https:\/\/feuerwehr-kufstein.at\/index.php?rest_route=\/wp\/v2\/types\/page"}],"author":[{"embeddable":true,"href":"https:\/\/feuerwehr-kufstein.at\/index.php?rest_route=\/wp\/v2\/users\/2"}],"replies":[{"embeddable":true,"href":"https:\/\/feuerwehr-kufstein.at\/index.php?rest_route=%2Fwp%2Fv2%2Fcomments&post=1298"}],"version-history":[{"count":0,"href":"https:\/\/feuerwehr-kufstein.at\/index.php?rest_route=\/wp\/v2\/pages\/1298\/revisions"}],"up":[{"embeddable":true,"href":"https:\/\/feuerwehr-kufstein.at\/index.php?rest_route=\/wp\/v2\/pages\/544"}],"wp:attachment":[{"href":"https:\/\/feuerwehr-kufstein.at\/index.php?rest_route=%2Fwp%2Fv2%2Fmedia&parent=1298"}],"curies":[{"name":"wp","href":"https:\/\/api.w.org\/{rel}","templated":true}]}}

<p><strong><br />
<a href="https://feuerwehr-kufstein.at/wp-content/uploads/2018/10/KDO-Full-HD.jpg"><img decoding="async" class="aligncenter wp-image-195 size-large lazyload" data-src="https://feuerwehr-kufstein.at/wp-content/uploads/2018/10/KDO-Full-HD-1024x683.jpg" alt="" width="1024" height="683" data-srcset="https://feuerwehr-kufstein.at/wp-content/uploads/2018/10/KDO-Full-HD-1024x683.jpg 1024w, https://feuerwehr-kufstein.at/wp-content/uploads/2018/10/KDO-Full-HD-1536x1024.jpg 1536w, https://feuerwehr-kufstein.at/wp-content/uploads/2018/10/KDO-Full-HD-300x200.jpg 300w, https://feuerwehr-kufstein.at/wp-content/uploads/2018/10/KDO-Full-HD-768x512.jpg 768w, https://feuerwehr-kufstein.at/wp-content/uploads/2018/10/KDO-Full-HD.jpg 1620w" data-sizes="(max-width: 1024px) 100vw, 1024px" src="data:image/svg+xml;base64,PHN2ZyB3aWR0aD0iMSIgaGVpZ2h0PSIxIiB4bWxucz0iaHR0cDovL3d3dy53My5vcmcvMjAwMC9zdmciPjwvc3ZnPg==" style="--smush-placeholder-width: 1024px; --smush-placeholder-aspect-ratio: 1024/683;" /></a></strong></p>
<div class="zusatzseitetext_container" style="text-align: center;">
<p><strong><span style="color: #000000;">Kommando Fahrzeug<br />
</span><span style="color: #000000;"><span style="font-family: 'Times New Roman', Times, serif;">Baujahr 2006<br />
</span></span><span style="color: #000000;"> Landrover </span><span style="color: #000000;">Discovery 3<br />
Besatzung 1:4</span></strong></p>
<p>&nbsp;</p>
<p><span style="color: #000000;">Das Fahrzeug hat eine Leistung von 140 kW, besitzt ein Automatikgetriebe und permanenten Allradantrieb. Es wird als Einsatzleiterfahrzeug genutzt.</span></p>
<p>&nbsp;</p>
<p><a href="https://feuerwehr-kufstein.at/wp-content/uploads/2018/12/f9c16949-da82-44f9-873a-5359b05fe1ee.jpg"><img decoding="async" class="alignnone wp-image-1124 size-medium lazyload" data-src="https://feuerwehr-kufstein.at/wp-content/uploads/2018/12/f9c16949-da82-44f9-873a-5359b05fe1ee-300x225.jpg" alt="" width="300" height="225" data-srcset="https://feuerwehr-kufstein.at/wp-content/uploads/2018/12/f9c16949-da82-44f9-873a-5359b05fe1ee-300x225.jpg 300w, https://feuerwehr-kufstein.at/wp-content/uploads/2018/12/f9c16949-da82-44f9-873a-5359b05fe1ee-1536x1152.jpg 1536w, https://feuerwehr-kufstein.at/wp-content/uploads/2018/12/f9c16949-da82-44f9-873a-5359b05fe1ee-768x576.jpg 768w, https://feuerwehr-kufstein.at/wp-content/uploads/2018/12/f9c16949-da82-44f9-873a-5359b05fe1ee-1024x768.jpg 1024w, https://feuerwehr-kufstein.at/wp-content/uploads/2018/12/f9c16949-da82-44f9-873a-5359b05fe1ee.jpg 1600w" data-sizes="(max-width: 300px) 100vw, 300px" src="data:image/svg+xml;base64,PHN2ZyB3aWR0aD0iMSIgaGVpZ2h0PSIxIiB4bWxucz0iaHR0cDovL3d3dy53My5vcmcvMjAwMC9zdmciPjwvc3ZnPg==" style="--smush-placeholder-width: 300px; --smush-placeholder-aspect-ratio: 300/225;" /></a><br />
<span style="color: #000000; font-family: 'Times New Roman', Times, serif;">Am Beifahrersitz ist ein Tablet </span><span style="color: #000000; font-family: 'Times New Roman', Times, serif;">mit Internetzugang eingebaut<br />
</span><span style="color: #000000; font-family: 'Times New Roman', Times, serif;">um verschiedene Informationsdienste und Datenbanken nutzen zu können</span></p>
</div>
<p>&nbsp;</p>
<div></div>
<div></div>
<div>
<p style="text-align: center;">  <a href="https://feuerwehr-kufstein.at/wp-content/uploads/2018/10/DSC05253-e1539266988374.jpg"><img decoding="async" class="alignnone wp-image-435 size-medium lazyload" data-src="https://feuerwehr-kufstein.at/wp-content/uploads/2018/10/DSC05253-e1539266988374-200x300.jpg" alt="" width="200" height="300" data-srcset="https://feuerwehr-kufstein.at/wp-content/uploads/2018/10/DSC05253-e1539266988374-200x300.jpg 200w, https://feuerwehr-kufstein.at/wp-content/uploads/2018/10/DSC05253-e1539266988374-1024x1536.jpg 1024w, https://feuerwehr-kufstein.at/wp-content/uploads/2018/10/DSC05253-e1539266988374-1365x2048.jpg 1365w, https://feuerwehr-kufstein.at/wp-content/uploads/2018/10/DSC05253-e1539266988374-768x1152.jpg 768w, https://feuerwehr-kufstein.at/wp-content/uploads/2018/10/DSC05253-e1539266988374-683x1024.jpg 683w, https://feuerwehr-kufstein.at/wp-content/uploads/2018/10/DSC05253-e1539266988374-scaled.jpg 1707w" data-sizes="(max-width: 200px) 100vw, 200px" src="data:image/svg+xml;base64,PHN2ZyB3aWR0aD0iMSIgaGVpZ2h0PSIxIiB4bWxucz0iaHR0cDovL3d3dy53My5vcmcvMjAwMC9zdmciPjwvc3ZnPg==" style="--smush-placeholder-width: 200px; --smush-placeholder-aspect-ratio: 200/300;" /></a>   <a href="https://feuerwehr-kufstein.at/wp-content/uploads/2018/10/DSC00597.jpg"><img decoding="async" class="alignnone wp-image-409 size-medium lazyload" data-src="https://feuerwehr-kufstein.at/wp-content/uploads/2018/10/DSC00597-300x200.jpg" alt="" width="300" height="200" data-srcset="https://feuerwehr-kufstein.at/wp-content/uploads/2018/10/DSC00597-300x200.jpg 300w, https://feuerwehr-kufstein.at/wp-content/uploads/2018/10/DSC00597-1536x1024.jpg 1536w, https://feuerwehr-kufstein.at/wp-content/uploads/2018/10/DSC00597-2048x1365.jpg 2048w, https://feuerwehr-kufstein.at/wp-content/uploads/2018/10/DSC00597-768x512.jpg 768w, https://feuerwehr-kufstein.at/wp-content/uploads/2018/10/DSC00597-1024x683.jpg 1024w" data-sizes="(max-width: 300px) 100vw, 300px" src="data:image/svg+xml;base64,PHN2ZyB3aWR0aD0iMSIgaGVpZ2h0PSIxIiB4bWxucz0iaHR0cDovL3d3dy53My5vcmcvMjAwMC9zdmciPjwvc3ZnPg==" style="--smush-placeholder-width: 300px; --smush-placeholder-aspect-ratio: 300/200;" /></a>   <a href="https://feuerwehr-kufstein.at/wp-content/uploads/2018/10/DSC00599-e1539247525206.jpg"><img decoding="async" class="alignnone wp-image-410 size-medium lazyload" data-src="https://feuerwehr-kufstein.at/wp-content/uploads/2018/10/DSC00599-e1539247525206-200x300.jpg" alt="" width="200" height="300" data-srcset="https://feuerwehr-kufstein.at/wp-content/uploads/2018/10/DSC00599-e1539247525206-200x300.jpg 200w, https://feuerwehr-kufstein.at/wp-content/uploads/2018/10/DSC00599-e1539247525206-1024x1536.jpg 1024w, https://feuerwehr-kufstein.at/wp-content/uploads/2018/10/DSC00599-e1539247525206-1365x2048.jpg 1365w, https://feuerwehr-kufstein.at/wp-content/uploads/2018/10/DSC00599-e1539247525206-768x1152.jpg 768w, https://feuerwehr-kufstein.at/wp-content/uploads/2018/10/DSC00599-e1539247525206-683x1024.jpg 683w, https://feuerwehr-kufstein.at/wp-content/uploads/2018/10/DSC00599-e1539247525206-scaled.jpg 1707w" data-sizes="(max-width: 200px) 100vw, 200px" src="data:image/svg+xml;base64,PHN2ZyB3aWR0aD0iMSIgaGVpZ2h0PSIxIiB4bWxucz0iaHR0cDovL3d3dy53My5vcmcvMjAwMC9zdmciPjwvc3ZnPg==" style="--smush-placeholder-width: 200px; --smush-placeholder-aspect-ratio: 200/300;" /></a><br />
<span style="color: #000000;">Im Heck befinden sich neben einer Überwurfweste &#8222;Einsatzleiter&#8220; und einer Wärmebildkamera, ein 300 bar ATS Gerät, ein Multigasmessgerät MSA Altair, mehrere Funkgeräte, Taschen-, Handlampen und verschiedene Verkehrsleiteinrichtungen.</span></p>
</div>

<p>Kommando Fahrzeug Baujahr 2006  Landrover Discovery 3 Besatzung 1:4 &nbsp; Das Fahrzeug hat eine Leistung von 140 kW, besitzt ein Automatikgetriebe und permanenten Allradantrieb. Es wird als Einsatzleiterfahrzeug genutzt. &nbsp; Am Beifahrersitz ist ein Tablet mit Internetzugang eingebaut um verschiedene Informationsdienste und Datenbanken nutzen zu können &nbsp;          Im Heck befinden sich neben einer Überwurfweste &#8222;Einsatzleiter&#8220; [&hellip;]</p>
