{"id":1302,"date":"2018-12-11T16:52:48","date_gmt":"2018-12-11T16:52:48","guid":{"rendered":"https:\/\/k100413-1.kufnet.at\/?page_id=1302"},"modified":"2023-06-30T09:11:23","modified_gmt":"2023-06-30T08:11:23","slug":"impressum","status":"publish","type":"page","link":"https:\/\/feuerwehr-kufstein.at\/?page_id=1302","title":{"rendered":"Impressum"},"content":{"rendered":"<h1><span style=\"color: #000000;\">1. Impressum\/Offenlegung gem. \u00a7\u00a7 24f MedienG<\/span><\/h1>\n<div class=\"zusatzseitetext_container\">\n<h3><span style=\"color: #000000;\">Dienstanbieter, Autor und Gestalter:<\/span><\/h3>\n<p><span style=\"color: #000000;\">Freiwillige Feuerwehr Kufstein<\/span><\/p>\n<p><span style=\"color: #000000;\">Ansprechperson: Kdt. HBI Gregor Held<\/span><\/p>\n<p><span style=\"color: #000000;\">Telefon: +43 (0)5372 62115<\/span><\/p>\n<p><span style=\"color: #000000;\">E-Mail: <a href=\"mailto:kufstein@feuerwehr.tirol\">kufstein@feuerwehr.tirol\u00a0<\/a><\/span><\/p>\n<p><span style=\"color: #000000;\">Web:\u00a0<a style=\"color: #000000;\" href=\"https:\/\/feuerwehr-kufstein.at\/\">www.feuerwehr-kufstein.at<\/a><\/span><\/p>\n<p><span style=\"color: #000000;\"><strong>Medieninhaber<\/strong>:<\/span><\/p>\n<p><span style=\"color: #000000;\">Freiwillige Feuerwehr Kufstein<\/span><\/p>\n<p><span style=\"color: #000000;\">Wei\u00dfachstrasse 2, A-6330 Kufstein<\/span><\/p>\n<h3><span style=\"color: #000000;\">Medienlinie gem. \u00a7 25 Abs. 4 MedienG:<\/span><\/h3>\n<p><span style=\"color: #000000;\">Homepage der Freiwillige Feuerwehr Kufstein\u00a0bietet der \u00d6ffentlichkeit Informationen und E-Government Dienste der Freiwillige Feuerwehr Kufstein<\/span><\/p>\n<p><span style=\"color: #000000;\">2. Kundmachung gem. \u00a7 13 AVG<\/span><\/p>\n<p><span style=\"color: #000000;\">Schreiben an die\u00a0 Freiwillige Feuerwehr Kufstein richten Sie bitte an folgende Adresse:<\/span><\/p>\n<p><span class=\"street-address\" style=\"color: #000000;\">Freiwillige Feuerwehr Kufstein<\/span><\/p>\n<p><span class=\"street-address\" style=\"color: #000000;\">Wei\u00dfachstrasse 2<br \/>\n<\/span><\/p>\n<p><span style=\"color: #000000;\"><span class=\"postal-code\">A-6330<\/span>\u00a0<span class=\"locality\">Kufstein<\/span><\/span><\/p>\n<p><span style=\"color: #000000;\">Zur leichteren Bearbeitung Ihres Schreibens ersuchen wir Sie, falls bekannt, die Gesch\u00e4ftszahl anzuf\u00fchren.<\/span><\/p>\n<h3><span style=\"color: #000000;\">Telefon und Fax<\/span><\/h3>\n<p><span style=\"color: #000000;\">F\u00fcr telefonische Anfragen stehen wir unter der Telefonnummer +43 (0)5372 62115 w\u00e4hrend der Amtsstunden zur Verf\u00fcgung.<\/span><\/p>\n<h3><span style=\"color: #000000;\">E-Mail<\/span><\/h3>\n<p><span style=\"color: #000000;\">Wenn Sie mit uns elektronisch kommunizieren wollen, verwenden Sie bitte die offizielle E-Mail Postadresse <a href=\"mailto:kufstein@feuerwehr.tirol\">kufstein@feuerwehr.tirol<\/a> der\u00a0 Freiwilligen Feuerwehr Kufstein.<\/span><\/p>\n<p><span style=\"color: #000000;\">F\u00fcr die elektronische Kommunikation mit der\u00a0 Freiwillige Feuerwehr Kufstein k\u00f6nnen folgende Formate verwendet werden:<\/span><\/p>\n<table>\n<tbody>\n<tr>\n<th><span style=\"color: #000000;\">Text<\/span><\/th>\n<td><span style=\"color: #000000;\">ASCII<\/span><\/td>\n<td><span style=\"color: #000000;\">text\/plain<\/span><\/td>\n<td><span style=\"color: #000000;\">*.TXT<\/span><\/td>\n<\/tr>\n<tr>\n<th><span style=\"color: #000000;\">Dokument<\/span><\/th>\n<td><span style=\"color: #000000;\">PDF<\/span><\/td>\n<td><span style=\"color: #000000;\">application\/pdf<\/span><\/td>\n<td><span style=\"color: #000000;\">*.PDF<\/span><\/td>\n<\/tr>\n<tr>\n<th><span style=\"color: #000000;\">Dokument<\/span><\/th>\n<td><span style=\"color: #000000;\">RTF<\/span><\/td>\n<td><span style=\"color: #000000;\">application\/rtf<\/span><\/td>\n<td><span style=\"color: #000000;\">*.RTF<\/span><\/td>\n<\/tr>\n<tr>\n<th><span style=\"color: #000000;\">Dokument<\/span><\/th>\n<td><span style=\"color: #000000;\">MS Office Word<\/span><\/td>\n<td><span style=\"color: #000000;\">application\/msword<\/span><\/td>\n<td><span style=\"color: #000000;\">*.DOC<\/span><\/td>\n<\/tr>\n<tr>\n<th><span style=\"color: #000000;\">Dokument<\/span><\/th>\n<td><span style=\"color: #000000;\">MS Office Excel<\/span><\/td>\n<td><span style=\"color: #000000;\">application\/msexcel<\/span><\/td>\n<td><span style=\"color: #000000;\">*.XLS<\/span><\/td>\n<\/tr>\n<tr>\n<th><span style=\"color: #000000;\">Grafik<\/span><\/th>\n<td><span style=\"color: #000000;\">GIF<\/span><\/td>\n<td><span style=\"color: #000000;\">image\/gif<\/span><\/td>\n<td><span style=\"color: #000000;\">*.GIF<\/span><\/td>\n<\/tr>\n<tr>\n<th><span style=\"color: #000000;\">Grafik<\/span><\/th>\n<td><span style=\"color: #000000;\">JPEG<\/span><\/td>\n<td><span style=\"color: #000000;\">image\/jpeg<\/span><\/td>\n<td><span style=\"color: #000000;\">*.JPG *.JPEG<\/span><\/td>\n<\/tr>\n<tr>\n<th><span style=\"color: #000000;\">Grafik<\/span><\/th>\n<td><span style=\"color: #000000;\">BMP<\/span><\/td>\n<td><span style=\"color: #000000;\">image\/bmp<\/span><\/td>\n<td><span style=\"color: #000000;\">*.BMP<\/span><\/td>\n<\/tr>\n<tr>\n<th><span style=\"color: #000000;\">HTML<\/span><\/th>\n<td><span style=\"color: #000000;\">HTML<\/span><\/td>\n<td><span style=\"color: #000000;\">text\/html<\/span><\/td>\n<td><span style=\"color: #000000;\">*.HTM *.HTML<\/span><\/td>\n<\/tr>\n<tr>\n<th><span style=\"color: #000000;\">Komprimierung<\/span><\/th>\n<td><span style=\"color: #000000;\">ZIP<\/span><\/td>\n<td><span style=\"color: #000000;\">application\/zip<\/span><\/td>\n<td><span style=\"color: #000000;\">*.ZIP<\/span><\/td>\n<\/tr>\n<\/tbody>\n<\/table>\n<p><span style=\"color: #000000;\"><strong>Amtsstunden<\/strong><\/span><\/p>\n<p><span style=\"color: #000000;\"><strong>Mo-Fr\u00a0\u00a0 \u00a007:00 bis 12:00<\/strong><\/span><\/p>\n<p><span style=\"color: #000000;\"><strong>Mo-Do\u00a0\u00a0\u00a013:00 bis 17:00<\/strong><\/span><\/p>\n<h3><span style=\"color: #000000;\">Kontoverbindung<\/span><\/h3>\n<p>Volksbank Tirol:<\/p>\n<p><span style=\"color: #000000;\">IBAN: AT23 4239 0000 0002 1148<br \/>\n<\/span><span style=\"color: #000000;\">BIC: VBOEATWWINN<\/span><\/p>\n<\/div>\n<p>Sparkasse Kufstein:<\/p>\n<p>IBAN: AT58 2050 6000 0001 7806<br \/>\nBIC: SPKUAT22XXX<\/p>\n<div class=\"zusatzseitetext_container\">\n<h2><span style=\"color: #000000;\">3. Allgemeine Nutzungsbedingungen<\/span><\/h2>\n<p><span style=\"color: #000000;\">Der Nutzer anerkennt, dass die Nutzung der von der Freiwillige Feuerwehr Kufstein angebotenen Dienste im Internet ausschlie\u00dflich unter Anwendung dieser allgemeinen Nutzungsbedingungen erfolgt.<\/span><\/p>\n<p><span style=\"color: #000000;\">Der Nutzer nimmt zur Kenntnis, dass die Freiwillige Feuerwehr Kufstein keine Verpflichtung \u00fcbernimmt, die von ihr im Internet angebotenen Dienste unterbrechungsfrei und jederzeit abrufbar zu halten.<\/span><\/p>\n<p><span style=\"color: #000000;\">Sowohl die Zurverf\u00fcgungstellung als auch die Nutzung der Dienste und Inhalte unterliegen den einschl\u00e4gigen gesetzlichen Regelungen insbesondere des Datenschutzes, des Urheberrechts sowie des Marken- und Musterschutzes.<\/span><\/p>\n<p><span style=\"color: #000000;\">Die auf den Internetseiten der Freiwillige Feuerwehr Kufstein wiedergegebenen Inhalte dienen, trotz eingehender Recherche und Aufarbeitung, lediglich zur Information. F\u00fcr dennoch enthaltene Fehler kann keine wie immer geartete Haftung \u00fcbernommen werden. Weiters erkl\u00e4rt sich die\u00a0 Freiwillige Feuerwehr Kufstein als nicht verantwortlich f\u00fcr den Inhalt von Internetseiten, auf die mit einem Link verwiesen wird.<\/span><\/p>\n<\/div>\n<h2>4. Ver\u00f6ffentlichung von Einsatzfotos<\/h2>\n<p>Es sei der guten Ordnung halber angemerkt, dass rechtlich kein zwingender Grund besteht, eine Ver\u00f6ffentlichung von Einsatzfotos und Einsatzberichten zu unterlassen.<\/p>\n<p>Das MedienG erlaubt die Ver\u00f6ffentlichung von Bildern und die Berichterstattung zur Information der \u00d6ffentlichkeit &#8211; allerdings unter strikter Wahrung der Pers\u00f6nlichkeitsrechte der oder des Betroffenen (nach \u00a7 78 Abs.1 UrhG in Verbindung mit \u00a7 16 ABGB sowie \u00a7 43 ABGB in Verbindung mit \u00a7 16 ABGB) als auch unter der Beachtung des Schutzes des h\u00f6chstpers\u00f6nlichen Lebensbereiches nach Artikel 8 EMRK (Europ\u00e4ische Menschenrechtskonvention), kundgemacht in BGBl (Bundesgesetzblatt) 210\/1958.<\/p>\n<p>Soferne genau diese genannten gesetzlichen Bestimmungen durch gezeigte Einsatzbilder nicht verletzt werden, liegen keine Verletzungen der Pers\u00f6nlichkeitsrechte vor und analog dem MedienG kann \u2013 unter der eben strikten Einhaltung der genannten Paragraphen \u2013 eine \u201e\u00f6ffentliche Berichterstattung \u00fcber Geschehnisse des t\u00e4glichen Lebens\u201c vorgenommen werden.<\/p>\n","protected":false},"excerpt":{"rendered":"<p>1. Impressum\/Offenlegung gem. \u00a7\u00a7 24f MedienG Dienstanbieter, Autor und Gestalter: Freiwillige Feuerwehr Kufstein Ansprechperson: Kdt. HBI Gregor Held Telefon: +43 (0)5372 62115 E-Mail: kufstein@feuerwehr.tirol\u00a0 Web:\u00a0www.feuerwehr-kufstein.at Medieninhaber: Freiwillige Feuerwehr Kufstein Wei\u00dfachstrasse 2, A-6330 Kufstein Medienlinie gem. \u00a7 25 Abs. 4 MedienG: Homepage der Freiwillige Feuerwehr Kufstein\u00a0bietet der \u00d6ffentlichkeit Informationen und E-Government Dienste der Freiwillige Feuerwehr Kufstein [&hellip;]<\/p>\n","protected":false},"author":2,"featured_media":0,"parent":1849,"menu_order":2,"comment_status":"closed","ping_status":"closed","template":"","meta":{"footnotes":""},"class_list":["post-1302","page","type-page","status-publish","czr-hentry"],"_links":{"self":[{"href":"https:\/\/feuerwehr-kufstein.at\/index.php?rest_route=\/wp\/v2\/pages\/1302","targetHints":{"allow":["GET"]}}],"collection":[{"href":"https:\/\/feuerwehr-kufstein.at\/index.php?rest_route=\/wp\/v2\/pages"}],"about":[{"href":"https:\/\/feuerwehr-kufstein.at\/index.php?rest_route=\/wp\/v2\/types\/page"}],"author":[{"embeddable":true,"href":"https:\/\/feuerwehr-kufstein.at\/index.php?rest_route=\/wp\/v2\/users\/2"}],"replies":[{"embeddable":true,"href":"https:\/\/feuerwehr-kufstein.at\/index.php?rest_route=%2Fwp%2Fv2%2Fcomments&post=1302"}],"version-history":[{"count":13,"href":"https:\/\/feuerwehr-kufstein.at\/index.php?rest_route=\/wp\/v2\/pages\/1302\/revisions"}],"predecessor-version":[{"id":9823,"href":"https:\/\/feuerwehr-kufstein.at\/index.php?rest_route=\/wp\/v2\/pages\/1302\/revisions\/9823"}],"up":[{"embeddable":true,"href":"https:\/\/feuerwehr-kufstein.at\/index.php?rest_route=\/wp\/v2\/pages\/1849"}],"wp:attachment":[{"href":"https:\/\/feuerwehr-kufstein.at\/index.php?rest_route=%2Fwp%2Fv2%2Fmedia&parent=1302"}],"curies":[{"name":"wp","href":"https:\/\/api.w.org\/{rel}","templated":true}]}}