{"id":571,"date":"2018-11-01T10:05:41","date_gmt":"2018-11-01T10:05:41","guid":{"rendered":"https:\/\/k100413-1.kufnet.at\/?page_id=571"},"modified":"2021-04-15T13:49:45","modified_gmt":"2021-04-15T12:49:45","slug":"gefahrgut","status":"publish","type":"page","link":"https:\/\/feuerwehr-kufstein.at\/?page_id=571","title":{"rendered":"Gefahrgut"},"content":{"rendered":"<p style=\"text-align: center;\"><iframe title=\"YouTube video player\" data-src=\"https:\/\/www.youtube.com\/embed\/Z-0K1NIYlOw?controls=0\" width=\"560\" height=\"315\" frameborder=\"0\" allowfullscreen=\"allowfullscreen\" src=\"data:image\/svg+xml;base64,PHN2ZyB3aWR0aD0iMSIgaGVpZ2h0PSIxIiB4bWxucz0iaHR0cDovL3d3dy53My5vcmcvMjAwMC9zdmciPjwvc3ZnPg==\" data-load-mode=\"1\"><span data-mce-type=\"bookmark\" style=\"display: inline-block; width: 0px; overflow: hidden; line-height: 0;\" class=\"mce_SELRES_start lazyload\">\ufeff<\/span><\/iframe><\/p>\n<div class=\"zusatzseitetext_container\">\n<p><span style=\"color: #000000;\">Gef\u00e4hrliche Stoffe k\u00f6nnen beim Freiwerden in bestimmten Konzentrationen Menschen, Tiere und Umwelt gef\u00e4hrden. Gef\u00e4hrliche G\u00fcter kommen heutzutage fast \u00fcberall vor, im Haushalt, auf den Verkehrswegen, in verschiedenen Betrieben und Freizeitanlagen. Deshalb kann auch schon ein normaler Brandeinsatz oder Verkehrsunfall zu einem Gefahrguteinsatz werden. Von Gef\u00e4hrlichen Stoffen k\u00f6nnen verschiedenste Gefahren ausgehen:<\/span><\/p>\n<ul>\n<li><span style=\"color: #000000;\">Explosions- oder Brandgefahr<\/span><\/li>\n<li><span style=\"color: #000000;\">Erstickungs- oder Vergiftungsgefahr<\/span><\/li>\n<li><span style=\"color: #000000;\">Erfrierungs- oder Ver\u00e4tzungsgefahr<\/span><\/li>\n<li><span style=\"color: #000000;\">Ansteckungs- oder Strahlengefahr<\/span><\/li>\n<\/ul>\n<p><span style=\"color: #000000;\">Bei der Freiwilligen Feuerwehr Kufstein ist f\u00fcr diese Art von Eins\u00e4tzen ein Gefahrgutfahrzeug stationiert. Das vom Land Tirol finanzierte Fahrzeug\u00a0ist f\u00fcr Eins\u00e4tze im\u00a0gesamten Bezirk Kufstein zust\u00e4ndig. Aufgrund der\u00a0Komplexit\u00e4t von Gefahrguteins\u00e4tzen\u00a0wird\u00a0oft auch die Werksfeuerwehr der Fa. Sandoz (Kundl bzw.\u00a0Schaftenau) mit Spezialkr\u00e4ften im Rahmen des\u00a0<a href=\"http:\/\/www.tuis.at\/\" target=\"_blank\" rel=\"noopener\">TUIS<\/a> &#8211; Programm (Transport &amp; Unfall Informations System) angefordert.<\/span><\/p>\n<div id='gallery-1' class='czr-gallery row flex-row czr-gallery-style gallery galleryid-571 gallery-columns-4 gallery-size-thumbnail'><figure class='gallery-item col col-auto'>\r\n                        <div class='gallery-icon landscape czr-gallery-icon'>\r\n                              <a data-lb-type=\"grouped-gallery\" title=\"Unterst\u00fctzung durch BF Sandoz\" href=https:\/\/feuerwehr-kufstein.at\/wp-content\/uploads\/2019\/01\/IMG_20171019_204408-scaled.jpg class=\"bg-link\"><\/a><img decoding=\"async\" width=\"150\" height=\"150\" data-src=\"https:\/\/feuerwehr-kufstein.at\/wp-content\/uploads\/2019\/01\/IMG_20171019_204408-150x150.jpg\" class=\"attachment-thumbnail size-thumbnail no-lazy lazyload\" alt=\"\" data-sizes=\"(min-width: 1200px) 255px, (min-width: 992px) 210px, (min-width: 768px) 150px, (min-width: 576px) 105px, calc( 50vw - 30px )\" aria-describedby=\"gallery-1-2406\" data-srcset=\"https:\/\/feuerwehr-kufstein.at\/wp-content\/uploads\/2019\/01\/IMG_20171019_204408-150x150.jpg 150w, https:\/\/feuerwehr-kufstein.at\/wp-content\/uploads\/2019\/01\/IMG_20171019_204408-510x510.jpg 510w\" src=\"data:image\/svg+xml;base64,PHN2ZyB3aWR0aD0iMSIgaGVpZ2h0PSIxIiB4bWxucz0iaHR0cDovL3d3dy53My5vcmcvMjAwMC9zdmciPjwvc3ZnPg==\" style=\"--smush-placeholder-width: 150px; --smush-placeholder-aspect-ratio: 150\/150;\" \/>\r\n                        <\/div>\r\n                              <figcaption class='wp-caption-text gallery-caption' id='gallery-1-2406'>\r\n                              Unterst\u00fctzung durch BF Sandoz\r\n                              <\/figcaption><\/figure><figure class='gallery-item col col-auto'>\r\n                        <div class='gallery-icon landscape czr-gallery-icon'>\r\n                              <a data-lb-type=\"grouped-gallery\" title=\"Lageerkundung\" href=https:\/\/feuerwehr-kufstein.at\/wp-content\/uploads\/2018\/12\/57539_451779448424_7929749_o.jpg class=\"bg-link\"><\/a><img decoding=\"async\" width=\"150\" height=\"150\" data-src=\"https:\/\/feuerwehr-kufstein.at\/wp-content\/uploads\/2018\/12\/57539_451779448424_7929749_o-150x150.jpg\" class=\"attachment-thumbnail size-thumbnail no-lazy lazyload\" alt=\"\" data-sizes=\"(min-width: 1200px) 255px, (min-width: 992px) 210px, (min-width: 768px) 150px, (min-width: 576px) 105px, calc( 50vw - 30px )\" aria-describedby=\"gallery-1-1772\" data-srcset=\"https:\/\/feuerwehr-kufstein.at\/wp-content\/uploads\/2018\/12\/57539_451779448424_7929749_o-150x150.jpg 150w, https:\/\/feuerwehr-kufstein.at\/wp-content\/uploads\/2018\/12\/57539_451779448424_7929749_o-510x510.jpg 510w\" src=\"data:image\/svg+xml;base64,PHN2ZyB3aWR0aD0iMSIgaGVpZ2h0PSIxIiB4bWxucz0iaHR0cDovL3d3dy53My5vcmcvMjAwMC9zdmciPjwvc3ZnPg==\" style=\"--smush-placeholder-width: 150px; --smush-placeholder-aspect-ratio: 150\/150;\" \/>\r\n                        <\/div>\r\n                              <figcaption class='wp-caption-text gallery-caption' id='gallery-1-1772'>\r\n                              Lageerkundung\r\n                              <\/figcaption><\/figure><figure class='gallery-item col col-auto'>\r\n                        <div class='gallery-icon portrait czr-gallery-icon'>\r\n                              <a data-lb-type=\"grouped-gallery\" title=\"Ma\u00dfnahmen setzten\" href=https:\/\/feuerwehr-kufstein.at\/wp-content\/uploads\/2018\/12\/GGF.jpg class=\"bg-link\"><\/a><img decoding=\"async\" width=\"150\" height=\"150\" data-src=\"https:\/\/feuerwehr-kufstein.at\/wp-content\/uploads\/2018\/12\/GGF-150x150.jpg\" class=\"attachment-thumbnail size-thumbnail no-lazy lazyload\" alt=\"\" data-sizes=\"(min-width: 1200px) 255px, (min-width: 992px) 210px, (min-width: 768px) 150px, (min-width: 576px) 105px, calc( 50vw - 30px )\" aria-describedby=\"gallery-1-1771\" src=\"data:image\/svg+xml;base64,PHN2ZyB3aWR0aD0iMSIgaGVpZ2h0PSIxIiB4bWxucz0iaHR0cDovL3d3dy53My5vcmcvMjAwMC9zdmciPjwvc3ZnPg==\" style=\"--smush-placeholder-width: 150px; --smush-placeholder-aspect-ratio: 150\/150;\" \/>\r\n                        <\/div>\r\n                              <figcaption class='wp-caption-text gallery-caption' id='gallery-1-1771'>\r\n                              Ma\u00dfnahmen setzten\r\n                              <\/figcaption><\/figure><figure class='gallery-item col col-auto'>\r\n                        <div class='gallery-icon landscape czr-gallery-icon'>\r\n                              <a data-lb-type=\"grouped-gallery\" title=\"Sichern des Gefahrgutes\" href=https:\/\/feuerwehr-kufstein.at\/wp-content\/uploads\/2018\/12\/19642445_1401170213264834_5207711831647069178_n.jpg class=\"bg-link\"><\/a><img decoding=\"async\" width=\"150\" height=\"150\" data-src=\"https:\/\/feuerwehr-kufstein.at\/wp-content\/uploads\/2018\/12\/19642445_1401170213264834_5207711831647069178_n-150x150.jpg\" class=\"attachment-thumbnail size-thumbnail no-lazy lazyload\" alt=\"\" data-sizes=\"(min-width: 1200px) 255px, (min-width: 992px) 210px, (min-width: 768px) 150px, (min-width: 576px) 105px, calc( 50vw - 30px )\" aria-describedby=\"gallery-1-1774\" src=\"data:image\/svg+xml;base64,PHN2ZyB3aWR0aD0iMSIgaGVpZ2h0PSIxIiB4bWxucz0iaHR0cDovL3d3dy53My5vcmcvMjAwMC9zdmciPjwvc3ZnPg==\" style=\"--smush-placeholder-width: 150px; --smush-placeholder-aspect-ratio: 150\/150;\" \/>\r\n                        <\/div>\r\n                              <figcaption class='wp-caption-text gallery-caption' id='gallery-1-1774'>\r\n                              Sichern des Gefahrgutes\r\n                              <\/figcaption><\/figure>\r\n                  <\/div>\n\n<p><span style=\"color: #000000;\">Um den richtigen Umgang mit den verschiedensten Stoffen und Gefahren zu\u00a0beherrschen ist eine Ausbildung als Chemiker\u00a0von Vorteil. F\u00fcr alle Nichtchemiker bei der Feuerwehr muss der Umgang mit gef\u00e4hrlichen Stoffen\u00a0bei zahlreichen Schulungen an der Landesfeuerwehrschule, beziehungsweise in der eigenen Feuerwehr\u00a0erlernt werden. Die Freiwillige Feuerwehr Kufstein nutzt in dieser Hinsicht auch das Angebot, sich bei der Werksfeuerwehr der Wacker Chemie in Burghausen im Rahmen der <span style=\"color: #0000ff;\"><a style=\"color: #0000ff;\" href=\"https:\/\/www.lfv-bayern.de\/media\/filer_public\/b8\/67\/b867d56a-1d94-4b82-82d7-cdaa0da0459e\/tuis-flyer2018.pdf\" target=\"_blank\" rel=\"noopener\">TUIS Tage<\/a><\/span> weiterzubilden.<\/span><\/p>\n<p>&nbsp;<\/p>\n<\/div>\n","protected":false},"excerpt":{"rendered":"<p>\ufeff Gef\u00e4hrliche Stoffe k\u00f6nnen beim Freiwerden in bestimmten Konzentrationen Menschen, Tiere und Umwelt gef\u00e4hrden. Gef\u00e4hrliche G\u00fcter kommen heutzutage fast \u00fcberall vor, im Haushalt, auf den Verkehrswegen, in verschiedenen Betrieben und Freizeitanlagen. Deshalb kann auch schon ein normaler Brandeinsatz oder Verkehrsunfall zu einem Gefahrguteinsatz werden. Von Gef\u00e4hrlichen Stoffen k\u00f6nnen verschiedenste Gefahren ausgehen: Explosions- oder Brandgefahr Erstickungs- [&hellip;]<\/p>\n","protected":false},"author":2,"featured_media":0,"parent":499,"menu_order":3,"comment_status":"closed","ping_status":"closed","template":"","meta":{"footnotes":""},"class_list":["post-571","page","type-page","status-publish","czr-hentry"],"_links":{"self":[{"href":"https:\/\/feuerwehr-kufstein.at\/index.php?rest_route=\/wp\/v2\/pages\/571","targetHints":{"allow":["GET"]}}],"collection":[{"href":"https:\/\/feuerwehr-kufstein.at\/index.php?rest_route=\/wp\/v2\/pages"}],"about":[{"href":"https:\/\/feuerwehr-kufstein.at\/index.php?rest_route=\/wp\/v2\/types\/page"}],"author":[{"embeddable":true,"href":"https:\/\/feuerwehr-kufstein.at\/index.php?rest_route=\/wp\/v2\/users\/2"}],"replies":[{"embeddable":true,"href":"https:\/\/feuerwehr-kufstein.at\/index.php?rest_route=%2Fwp%2Fv2%2Fcomments&post=571"}],"version-history":[{"count":0,"href":"https:\/\/feuerwehr-kufstein.at\/index.php?rest_route=\/wp\/v2\/pages\/571\/revisions"}],"up":[{"embeddable":true,"href":"https:\/\/feuerwehr-kufstein.at\/index.php?rest_route=\/wp\/v2\/pages\/499"}],"wp:attachment":[{"href":"https:\/\/feuerwehr-kufstein.at\/index.php?rest_route=%2Fwp%2Fv2%2Fmedia&parent=571"}],"curies":[{"name":"wp","href":"https:\/\/api.w.org\/{rel}","templated":true}]}}

<p style="text-align: center;"><iframe title="YouTube video player" data-src="https://www.youtube.com/embed/Z-0K1NIYlOw?controls=0" width="560" height="315" frameborder="0" allowfullscreen="allowfullscreen" src="data:image/svg+xml;base64,PHN2ZyB3aWR0aD0iMSIgaGVpZ2h0PSIxIiB4bWxucz0iaHR0cDovL3d3dy53My5vcmcvMjAwMC9zdmciPjwvc3ZnPg==" data-load-mode="1"><span data-mce-type="bookmark" style="display: inline-block; width: 0px; overflow: hidden; line-height: 0;" class="mce_SELRES_start lazyload">﻿</span></iframe></p>
<div class="zusatzseitetext_container">
<p><span style="color: #000000;">Gefährliche Stoffe können beim Freiwerden in bestimmten Konzentrationen Menschen, Tiere und Umwelt gefährden. Gefährliche Güter kommen heutzutage fast überall vor, im Haushalt, auf den Verkehrswegen, in verschiedenen Betrieben und Freizeitanlagen. Deshalb kann auch schon ein normaler Brandeinsatz oder Verkehrsunfall zu einem Gefahrguteinsatz werden. Von Gefährlichen Stoffen können verschiedenste Gefahren ausgehen:</span></p>
<ul>
<li><span style="color: #000000;">Explosions- oder Brandgefahr</span></li>
<li><span style="color: #000000;">Erstickungs- oder Vergiftungsgefahr</span></li>
<li><span style="color: #000000;">Erfrierungs- oder Verätzungsgefahr</span></li>
<li><span style="color: #000000;">Ansteckungs- oder Strahlengefahr</span></li>
</ul>
<p><span style="color: #000000;">Bei der Freiwilligen Feuerwehr Kufstein ist für diese Art von Einsätzen ein Gefahrgutfahrzeug stationiert. Das vom Land Tirol finanzierte Fahrzeug ist für Einsätze im gesamten Bezirk Kufstein zuständig. Aufgrund der Komplexität von Gefahrguteinsätzen wird oft auch die Werksfeuerwehr der Fa. Sandoz (Kundl bzw. Schaftenau) mit Spezialkräften im Rahmen des <a href="http://www.tuis.at/" target="_blank" rel="noopener">TUIS</a> &#8211; Programm (Transport &amp; Unfall Informations System) angefordert.</span></p>
<div id='gallery-1' class='czr-gallery row flex-row czr-gallery-style gallery galleryid-571 gallery-columns-4 gallery-size-thumbnail'><figure class='gallery-item col col-auto'>
                        <div class='gallery-icon landscape czr-gallery-icon'>
                              <a data-lb-type="grouped-gallery" title="Unterstützung durch BF Sandoz" href=https://feuerwehr-kufstein.at/wp-content/uploads/2019/01/IMG_20171019_204408-scaled.jpg class="bg-link"></a><img decoding="async" width="150" height="150" data-src="https://feuerwehr-kufstein.at/wp-content/uploads/2019/01/IMG_20171019_204408-150x150.jpg" class="attachment-thumbnail size-thumbnail no-lazy lazyload" alt="" data-sizes="(min-width: 1200px) 255px, (min-width: 992px) 210px, (min-width: 768px) 150px, (min-width: 576px) 105px, calc( 50vw - 30px )" aria-describedby="gallery-1-2406" data-srcset="https://feuerwehr-kufstein.at/wp-content/uploads/2019/01/IMG_20171019_204408-150x150.jpg 150w, https://feuerwehr-kufstein.at/wp-content/uploads/2019/01/IMG_20171019_204408-510x510.jpg 510w" src="data:image/svg+xml;base64,PHN2ZyB3aWR0aD0iMSIgaGVpZ2h0PSIxIiB4bWxucz0iaHR0cDovL3d3dy53My5vcmcvMjAwMC9zdmciPjwvc3ZnPg==" style="--smush-placeholder-width: 150px; --smush-placeholder-aspect-ratio: 150/150;" />
                        </div>
                              <figcaption class='wp-caption-text gallery-caption' id='gallery-1-2406'>
                              Unterstützung durch BF Sandoz
                              </figcaption></figure><figure class='gallery-item col col-auto'>
                        <div class='gallery-icon landscape czr-gallery-icon'>
                              <a data-lb-type="grouped-gallery" title="Lageerkundung" href=https://feuerwehr-kufstein.at/wp-content/uploads/2018/12/57539_451779448424_7929749_o.jpg class="bg-link"></a><img decoding="async" width="150" height="150" data-src="https://feuerwehr-kufstein.at/wp-content/uploads/2018/12/57539_451779448424_7929749_o-150x150.jpg" class="attachment-thumbnail size-thumbnail no-lazy lazyload" alt="" data-sizes="(min-width: 1200px) 255px, (min-width: 992px) 210px, (min-width: 768px) 150px, (min-width: 576px) 105px, calc( 50vw - 30px )" aria-describedby="gallery-1-1772" data-srcset="https://feuerwehr-kufstein.at/wp-content/uploads/2018/12/57539_451779448424_7929749_o-150x150.jpg 150w, https://feuerwehr-kufstein.at/wp-content/uploads/2018/12/57539_451779448424_7929749_o-510x510.jpg 510w" src="data:image/svg+xml;base64,PHN2ZyB3aWR0aD0iMSIgaGVpZ2h0PSIxIiB4bWxucz0iaHR0cDovL3d3dy53My5vcmcvMjAwMC9zdmciPjwvc3ZnPg==" style="--smush-placeholder-width: 150px; --smush-placeholder-aspect-ratio: 150/150;" />
                        </div>
                              <figcaption class='wp-caption-text gallery-caption' id='gallery-1-1772'>
                              Lageerkundung
                              </figcaption></figure><figure class='gallery-item col col-auto'>
                        <div class='gallery-icon portrait czr-gallery-icon'>
                              <a data-lb-type="grouped-gallery" title="Maßnahmen setzten" href=https://feuerwehr-kufstein.at/wp-content/uploads/2018/12/GGF.jpg class="bg-link"></a><img decoding="async" width="150" height="150" data-src="https://feuerwehr-kufstein.at/wp-content/uploads/2018/12/GGF-150x150.jpg" class="attachment-thumbnail size-thumbnail no-lazy lazyload" alt="" data-sizes="(min-width: 1200px) 255px, (min-width: 992px) 210px, (min-width: 768px) 150px, (min-width: 576px) 105px, calc( 50vw - 30px )" aria-describedby="gallery-1-1771" src="data:image/svg+xml;base64,PHN2ZyB3aWR0aD0iMSIgaGVpZ2h0PSIxIiB4bWxucz0iaHR0cDovL3d3dy53My5vcmcvMjAwMC9zdmciPjwvc3ZnPg==" style="--smush-placeholder-width: 150px; --smush-placeholder-aspect-ratio: 150/150;" />
                        </div>
                              <figcaption class='wp-caption-text gallery-caption' id='gallery-1-1771'>
                              Maßnahmen setzten
                              </figcaption></figure><figure class='gallery-item col col-auto'>
                        <div class='gallery-icon landscape czr-gallery-icon'>
                              <a data-lb-type="grouped-gallery" title="Sichern des Gefahrgutes" href=https://feuerwehr-kufstein.at/wp-content/uploads/2018/12/19642445_1401170213264834_5207711831647069178_n.jpg class="bg-link"></a><img decoding="async" width="150" height="150" data-src="https://feuerwehr-kufstein.at/wp-content/uploads/2018/12/19642445_1401170213264834_5207711831647069178_n-150x150.jpg" class="attachment-thumbnail size-thumbnail no-lazy lazyload" alt="" data-sizes="(min-width: 1200px) 255px, (min-width: 992px) 210px, (min-width: 768px) 150px, (min-width: 576px) 105px, calc( 50vw - 30px )" aria-describedby="gallery-1-1774" src="data:image/svg+xml;base64,PHN2ZyB3aWR0aD0iMSIgaGVpZ2h0PSIxIiB4bWxucz0iaHR0cDovL3d3dy53My5vcmcvMjAwMC9zdmciPjwvc3ZnPg==" style="--smush-placeholder-width: 150px; --smush-placeholder-aspect-ratio: 150/150;" />
                        </div>
                              <figcaption class='wp-caption-text gallery-caption' id='gallery-1-1774'>
                              Sichern des Gefahrgutes
                              </figcaption></figure>
                  </div>

<p><span style="color: #000000;">Um den richtigen Umgang mit den verschiedensten Stoffen und Gefahren zu beherrschen ist eine Ausbildung als Chemiker von Vorteil. Für alle Nichtchemiker bei der Feuerwehr muss der Umgang mit gefährlichen Stoffen bei zahlreichen Schulungen an der Landesfeuerwehrschule, beziehungsweise in der eigenen Feuerwehr erlernt werden. Die Freiwillige Feuerwehr Kufstein nutzt in dieser Hinsicht auch das Angebot, sich bei der Werksfeuerwehr der Wacker Chemie in Burghausen im Rahmen der <span style="color: #0000ff;"><a style="color: #0000ff;" href="https://www.lfv-bayern.de/media/filer_public/b8/67/b867d56a-1d94-4b82-82d7-cdaa0da0459e/tuis-flyer2018.pdf" target="_blank" rel="noopener">TUIS Tage</a></span> weiterzubilden.</span></p>
<p>&nbsp;</p>
</div>

<p>﻿ Gefährliche Stoffe können beim Freiwerden in bestimmten Konzentrationen Menschen, Tiere und Umwelt gefährden. Gefährliche Güter kommen heutzutage fast überall vor, im Haushalt, auf den Verkehrswegen, in verschiedenen Betrieben und Freizeitanlagen. Deshalb kann auch schon ein normaler Brandeinsatz oder Verkehrsunfall zu einem Gefahrguteinsatz werden. Von Gefährlichen Stoffen können verschiedenste Gefahren ausgehen: Explosions- oder Brandgefahr Erstickungs- [&hellip;]</p>
